{"id":70829,"date":"2026-02-03T15:56:00","date_gmt":"2026-02-03T14:56:00","guid":{"rendered":"https:\/\/c-profil.se\/?post_type=product&#038;p=70829"},"modified":"2026-03-19T08:40:32","modified_gmt":"2026-03-19T07:40:32","slug":"timing-relays-rectifier-cta4100a-cta4100d","status":"publish","type":"product","link":"https:\/\/c-profil.se\/english\/produkt\/tidrelaer-raknare-cta4100a-cta4100d\/","title":{"rendered":"Timers &amp; Counters | CTA4100A \/ CTA4100D"},"content":{"rendered":"<p><strong>CTA4100A and CTA4100D are compact multifunction devices that combine a timer, counter and tachometer in one solution.<\/strong><br \/>\nThey are used for time control, pulse counting and speed measurement in industrial machines, conveyor belts and automation systems where flexible signal handling and clear display are required.<\/p>","protected":false},"excerpt":{"rendered":"<p>The CTA4100A and CTA4100D are <strong>compact multifunction devices<\/strong> which combine a time relay, counter and tachometer in one product. They are used for time control, pulse counting and speed measurement in industrial applications such as conveyor belts, machines, automation systems and production lines.<\/p>\n<p>Both models have <strong>6-digit LCD display<\/strong>, support for multiple counting and timing functions and selectable input type (dry contact or NPN\/PNP). They handle pulse frequencies up to <strong>10 kHz<\/strong> and is well suited for both slow and fast processes.<\/p>\n<p>The difference between the models lies in <strong>supply voltage and output configuration<\/strong>.<br \/>\nCTA4100A is powered by <strong>100-240V AC<\/strong>, while the CTA4100D is intended for <strong>24 V DC system<\/strong>, which makes it particularly suitable for control cabinets and control systems with low voltage supply.<\/p>","protected":false},"featured_media":70830,"template":"","meta":{"_acf_changed":false},"product_brand":[736],"product_cat":[765],"product_tag":[985,980,981],"class_list":{"0":"post-70829","1":"product","2":"type-product","3":"status-publish","4":"has-post-thumbnail","6":"product_brand-delta-electronics","7":"product_cat-tidrelaer-raknare","8":"product_tag-drifttid","9":"product_tag-overvakning","10":"product_tag-styrning","12":"first","13":"instock","14":"shipping-taxable","15":"product-type-simple"},"acf":[],"yoast_head":"<!-- This site is optimized with the Yoast SEO Premium plugin v27.4 (Yoast SEO v27.4) - https:\/\/yoast.com\/product\/yoast-seo-premium-wordpress\/ -->\n<title>Tidrel\u00e4 &amp; r\u00e4knare CTA4100A \/ CTA4100D | Industri - C-Pro<\/title>\n<meta name=\"description\" content=\"Multifunktionella tidrel\u00e4er, r\u00e4knare och tachometrar f\u00f6r industriella applikationer. CTA4100A f\u00f6r AC och CTA4100D f\u00f6r 24 V DC\" \/>\n<meta name=\"robots\" content=\"index, follow, max-snippet:-1, max-image-preview:large, max-video-preview:-1\" \/>\n<link rel=\"canonical\" href=\"https:\/\/c-profil.se\/english\/product\/timing-relays-rectifier-cta4100a-cta4100d\/\" \/>\n<meta property=\"og:locale\" content=\"en_US\" \/>\n<meta property=\"og:type\" content=\"article\" \/>\n<meta property=\"og:title\" content=\"Tidrel\u00e4 &amp; r\u00e4knare CTA4100A \/ CTA4100D | Industri - C-Pro\" \/>\n<meta property=\"og:description\" content=\"Multifunktionella tidrel\u00e4er, r\u00e4knare och tachometrar f\u00f6r industriella applikationer. CTA4100A f\u00f6r AC och CTA4100D f\u00f6r 24 V DC\" \/>\n<meta property=\"og:url\" content=\"https:\/\/c-profil.se\/english\/product\/timing-relays-rectifier-cta4100a-cta4100d\/\" \/>\n<meta property=\"og:site_name\" content=\"C-Pro\" \/>\n<meta property=\"article:publisher\" content=\"https:\/\/www.facebook.com\/people\/C-Pro\/61561767306874\/\" \/>\n<meta property=\"article:modified_time\" content=\"2026-03-19T07:40:32+00:00\" \/>\n<meta property=\"og:image\" content=\"https:\/\/c-profil.se\/wp-content\/uploads\/2026\/02\/Tidrelaer_Raknare-CTA4100A-_-CTA4100D.jpg\" \/>\n\t<meta property=\"og:image:width\" content=\"1000\" \/>\n\t<meta property=\"og:image:height\" content=\"1000\" \/>\n\t<meta property=\"og:image:type\" content=\"image\/jpeg\" \/>\n<meta name=\"twitter:card\" content=\"summary_large_image\" \/>\n<meta name=\"twitter:title\" content=\"Tidrel\u00e4er &amp; R\u00e4knare | CTA4100A \/ CTA4100D - C-Pro\" \/>\n<meta name=\"twitter:description\" content=\"CTA4100A och CTA4100D \u00e4r kompakta multifunktionsenheter som kombinerar tidrel\u00e4, r\u00e4knare och tachometer i en och samma produkt. De anv\u00e4nds f\u00f6r tidsstyrning, pulsr\u00e4kning och varvtalsm\u00e4tning i industriella applikationer s\u00e5som transportband, maskiner, automationssystem och produktionslinjer. B\u00e5da modellerna har 6-siffrig LCD-display, st\u00f6d f\u00f6r flera r\u00e4kne- och tidsfunktioner samt valbar ing\u00e5ngstyp (torrkontakt eller NPN\/PNP). De klarar pulsfrekvenser upp till 10 kHz och l\u00e4mpar sig v\u00e4l f\u00f6r b\u00e5de l\u00e5ngsamma och snabba processer. Skillnaden mellan modellerna ligger i matningssp\u00e4nning och utg\u00e5ngskonfiguration. CTA4100A matas med 100\u2013240 V AC, medan CTA4100D \u00e4r avsedd f\u00f6r 24 V DC-system, vilket g\u00f6r den s\u00e4rskilt l\u00e4mpad f\u00f6r apparatsk\u00e5p och styrsystem med l\u00e5gsp\u00e4nningsmatning.\" \/>\n<meta name=\"twitter:label1\" content=\"Price\" \/>\n\t<meta name=\"twitter:data1\" content=\"\" \/>\n\t<meta name=\"twitter:label2\" content=\"Availability\" \/>\n\t<meta name=\"twitter:data2\" content=\"In stock\" \/>\n<script type=\"application\/ld+json\" class=\"yoast-schema-graph\">{\"@context\":\"https:\\\/\\\/schema.org\",\"@graph\":[{\"@type\":\"WebPage\",\"@id\":\"https:\\\/\\\/c-profil.se\\\/produkt\\\/tidrelaer-raknare-cta4100a-cta4100d\\\/\",\"url\":\"https:\\\/\\\/c-profil.se\\\/produkt\\\/tidrelaer-raknare-cta4100a-cta4100d\\\/\",\"name\":\"Tidrel\u00e4 & r\u00e4knare CTA4100A \\\/ CTA4100D | Industri - C-Pro\",\"isPartOf\":{\"@id\":\"https:\\\/\\\/c-profil.se\\\/#website\"},\"primaryImageOfPage\":{\"@id\":\"https:\\\/\\\/c-profil.se\\\/produkt\\\/tidrelaer-raknare-cta4100a-cta4100d\\\/#primaryimage\"},\"image\":{\"@id\":\"https:\\\/\\\/c-profil.se\\\/produkt\\\/tidrelaer-raknare-cta4100a-cta4100d\\\/#primaryimage\"},\"thumbnailUrl\":\"https:\\\/\\\/c-profil.se\\\/wp-content\\\/uploads\\\/2026\\\/02\\\/Tidrelaer_Raknare-CTA4100A-_-CTA4100D.jpg\",\"datePublished\":\"2026-02-03T14:56:00+00:00\",\"dateModified\":\"2026-03-19T07:40:32+00:00\",\"description\":\"Multifunktionella tidrel\u00e4er, r\u00e4knare och tachometrar f\u00f6r industriella applikationer. CTA4100A f\u00f6r AC och CTA4100D f\u00f6r 24 V DC\",\"breadcrumb\":{\"@id\":\"https:\\\/\\\/c-profil.se\\\/produkt\\\/tidrelaer-raknare-cta4100a-cta4100d\\\/#breadcrumb\"},\"inLanguage\":\"en\",\"potentialAction\":[{\"@type\":\"ReadAction\",\"target\":[\"https:\\\/\\\/c-profil.se\\\/produkt\\\/tidrelaer-raknare-cta4100a-cta4100d\\\/\"]}]},{\"@type\":\"ImageObject\",\"inLanguage\":\"en\",\"@id\":\"https:\\\/\\\/c-profil.se\\\/produkt\\\/tidrelaer-raknare-cta4100a-cta4100d\\\/#primaryimage\",\"url\":\"https:\\\/\\\/c-profil.se\\\/wp-content\\\/uploads\\\/2026\\\/02\\\/Tidrelaer_Raknare-CTA4100A-_-CTA4100D.jpg\",\"contentUrl\":\"https:\\\/\\\/c-profil.se\\\/wp-content\\\/uploads\\\/2026\\\/02\\\/Tidrelaer_Raknare-CTA4100A-_-CTA4100D.jpg\",\"width\":1000,\"height\":1000,\"caption\":\"Tidrel\u00e4er & R\u00e4knare CTA4100A | CTA4100D\"},{\"@type\":\"BreadcrumbList\",\"@id\":\"https:\\\/\\\/c-profil.se\\\/produkt\\\/tidrelaer-raknare-cta4100a-cta4100d\\\/#breadcrumb\",\"itemListElement\":[{\"@type\":\"ListItem\",\"position\":1,\"name\":\"Hem\",\"item\":\"https:\\\/\\\/c-profil.se\\\/\"},{\"@type\":\"ListItem\",\"position\":2,\"name\":\"Produkter\",\"item\":\"https:\\\/\\\/c-profil.se\\\/produkter\\\/\"},{\"@type\":\"ListItem\",\"position\":3,\"name\":\"Tidrel\u00e4er &amp; R\u00e4knare\",\"item\":\"https:\\\/\\\/c-profil.se\\\/produkt-kategori\\\/tidrelaer-raknare\\\/\"},{\"@type\":\"ListItem\",\"position\":4,\"name\":\"Tidrel\u00e4er &amp; R\u00e4knare | CTA4100A \\\/ CTA4100D\"}]},{\"@type\":\"WebSite\",\"@id\":\"https:\\\/\\\/c-profil.se\\\/#website\",\"url\":\"https:\\\/\\\/c-profil.se\\\/\",\"name\":\"C-Pro\",\"description\":\"Produkter f\u00f6r El och Automation\",\"publisher\":{\"@id\":\"https:\\\/\\\/c-profil.se\\\/#organization\"},\"potentialAction\":[{\"@type\":\"SearchAction\",\"target\":{\"@type\":\"EntryPoint\",\"urlTemplate\":\"https:\\\/\\\/c-profil.se\\\/?s={search_term_string}\"},\"query-input\":{\"@type\":\"PropertyValueSpecification\",\"valueRequired\":true,\"valueName\":\"search_term_string\"}}],\"inLanguage\":\"en\"},{\"@type\":\"Organization\",\"@id\":\"https:\\\/\\\/c-profil.se\\\/#organization\",\"name\":\"C-Pro\",\"alternateName\":\"C-PRO\",\"url\":\"https:\\\/\\\/c-profil.se\\\/\",\"logo\":{\"@type\":\"ImageObject\",\"inLanguage\":\"en\",\"@id\":\"https:\\\/\\\/c-profil.se\\\/#\\\/schema\\\/logo\\\/image\\\/\",\"url\":\"https:\\\/\\\/c-profil.se\\\/wp-content\\\/uploads\\\/2022\\\/03\\\/c-pro-logga-liggande-500x500-1.png\",\"contentUrl\":\"https:\\\/\\\/c-profil.se\\\/wp-content\\\/uploads\\\/2022\\\/03\\\/c-pro-logga-liggande-500x500-1.png\",\"width\":500,\"height\":500,\"caption\":\"C-Pro\"},\"image\":{\"@id\":\"https:\\\/\\\/c-profil.se\\\/#\\\/schema\\\/logo\\\/image\\\/\"},\"sameAs\":[\"https:\\\/\\\/www.facebook.com\\\/people\\\/C-Pro\\\/61561767306874\\\/\",\"https:\\\/\\\/www.linkedin.com\\\/company\\\/c-pro-ab\",\"https:\\\/\\\/www.instagram.com\\\/cpro.ab\\\/\"],\"description\":\"C-PRO AB \u00e4r en helt\u00e4ckande leverant\u00f6r av material f\u00f6r applikationer inom el och automation. \u00c4nda sedan starten 1987 har vi f\u00f6rsett den svenska tillverkande industrin med elmaterial. Trots v\u00e5r storlek och ledande position har vi aldrig \u00f6vergett v\u00e5r grundfilosofi, att vara en personlig leverant\u00f6r. Vi p\u00e5 C-PRO \u00e4r l\u00e4tta att komma i kontakt med, \u00e4rliga och brinner f\u00f6r att l\u00f6sa v\u00e5ra kunders problem.\",\"email\":\"info@c-profil.se\",\"telephone\":\"031575785\",\"legalName\":\"C-Profil F\u00f6rl\u00e4ggningsmaterial AB\",\"foundingDate\":\"1987-01-01\"}]}<\/script>\n<meta property=\"product:brand\" content=\"drifttid\" \/>\n<meta property=\"product:price:currency\" content=\"SEK\" \/>\n<meta property=\"og:availability\" content=\"instock\" \/>\n<meta property=\"product:availability\" content=\"instock\" \/>\n<meta property=\"product:retailer_item_id\" content=\"CTA4100A \/ CTA4100D\" \/>\n<meta property=\"product:condition\" content=\"new\" \/>\n<!-- \/ Yoast SEO Premium plugin. -->","yoast_head_json":{"title":"Timer &amp; Counter CTA4100A \/ CTA4100D | Industry - C-Pro","description":"Multifunctional timers, counters and tachometers for industrial applications. CTA4100A for AC and CTA4100D for 24 V DC","robots":{"index":"index","follow":"follow","max-snippet":"max-snippet:-1","max-image-preview":"max-image-preview:large","max-video-preview":"max-video-preview:-1"},"canonical":"https:\/\/c-profil.se\/english\/product\/timing-relays-rectifier-cta4100a-cta4100d\/","og_locale":"en_US","og_type":"article","og_title":"Tidrel\u00e4 & r\u00e4knare CTA4100A \/ CTA4100D | Industri - C-Pro","og_description":"Multifunktionella tidrel\u00e4er, r\u00e4knare och tachometrar f\u00f6r industriella applikationer. CTA4100A f\u00f6r AC och CTA4100D f\u00f6r 24 V DC","og_url":"https:\/\/c-profil.se\/english\/product\/timing-relays-rectifier-cta4100a-cta4100d\/","og_site_name":"C-Pro","article_publisher":"https:\/\/www.facebook.com\/people\/C-Pro\/61561767306874\/","article_modified_time":"2026-03-19T07:40:32+00:00","og_image":[{"width":1000,"height":1000,"url":"https:\/\/c-profil.se\/wp-content\/uploads\/2026\/02\/Tidrelaer_Raknare-CTA4100A-_-CTA4100D.jpg","type":"image\/jpeg"}],"twitter_card":"summary_large_image","twitter_title":"Tidrel\u00e4er &amp; R\u00e4knare | CTA4100A \/ CTA4100D - C-Pro","twitter_description":"CTA4100A och CTA4100D \u00e4r kompakta multifunktionsenheter som kombinerar tidrel\u00e4, r\u00e4knare och tachometer i en och samma produkt. De anv\u00e4nds f\u00f6r tidsstyrning, pulsr\u00e4kning och varvtalsm\u00e4tning i industriella applikationer s\u00e5som transportband, maskiner, automationssystem och produktionslinjer. B\u00e5da modellerna har 6-siffrig LCD-display, st\u00f6d f\u00f6r flera r\u00e4kne- och tidsfunktioner samt valbar ing\u00e5ngstyp (torrkontakt eller NPN\/PNP). De klarar pulsfrekvenser upp till 10 kHz och l\u00e4mpar sig v\u00e4l f\u00f6r b\u00e5de l\u00e5ngsamma och snabba processer. Skillnaden mellan modellerna ligger i matningssp\u00e4nning och utg\u00e5ngskonfiguration. CTA4100A matas med 100\u2013240 V AC, medan CTA4100D \u00e4r avsedd f\u00f6r 24 V DC-system, vilket g\u00f6r den s\u00e4rskilt l\u00e4mpad f\u00f6r apparatsk\u00e5p och styrsystem med l\u00e5gsp\u00e4nningsmatning.","twitter_misc":{"Price":"","Availability":"In stock"},"schema":{"@context":"https:\/\/schema.org","@graph":[{"@type":"WebPage","@id":"https:\/\/c-profil.se\/produkt\/tidrelaer-raknare-cta4100a-cta4100d\/","url":"https:\/\/c-profil.se\/produkt\/tidrelaer-raknare-cta4100a-cta4100d\/","name":"Timer &amp; Counter CTA4100A \/ CTA4100D | Industry - C-Pro","isPartOf":{"@id":"https:\/\/c-profil.se\/#website"},"primaryImageOfPage":{"@id":"https:\/\/c-profil.se\/produkt\/tidrelaer-raknare-cta4100a-cta4100d\/#primaryimage"},"image":{"@id":"https:\/\/c-profil.se\/produkt\/tidrelaer-raknare-cta4100a-cta4100d\/#primaryimage"},"thumbnailUrl":"https:\/\/c-profil.se\/wp-content\/uploads\/2026\/02\/Tidrelaer_Raknare-CTA4100A-_-CTA4100D.jpg","datePublished":"2026-02-03T14:56:00+00:00","dateModified":"2026-03-19T07:40:32+00:00","description":"Multifunctional timers, counters and tachometers for industrial applications. CTA4100A for AC and CTA4100D for 24 V DC","breadcrumb":{"@id":"https:\/\/c-profil.se\/produkt\/tidrelaer-raknare-cta4100a-cta4100d\/#breadcrumb"},"inLanguage":"en","potentialAction":[{"@type":"ReadAction","target":["https:\/\/c-profil.se\/produkt\/tidrelaer-raknare-cta4100a-cta4100d\/"]}]},{"@type":"ImageObject","inLanguage":"en","@id":"https:\/\/c-profil.se\/produkt\/tidrelaer-raknare-cta4100a-cta4100d\/#primaryimage","url":"https:\/\/c-profil.se\/wp-content\/uploads\/2026\/02\/Tidrelaer_Raknare-CTA4100A-_-CTA4100D.jpg","contentUrl":"https:\/\/c-profil.se\/wp-content\/uploads\/2026\/02\/Tidrelaer_Raknare-CTA4100A-_-CTA4100D.jpg","width":1000,"height":1000,"caption":"Tidrel\u00e4er & R\u00e4knare CTA4100A | CTA4100D"},{"@type":"BreadcrumbList","@id":"https:\/\/c-profil.se\/produkt\/tidrelaer-raknare-cta4100a-cta4100d\/#breadcrumb","itemListElement":[{"@type":"ListItem","position":1,"name":"Hem","item":"https:\/\/c-profil.se\/"},{"@type":"ListItem","position":2,"name":"Produkter","item":"https:\/\/c-profil.se\/produkter\/"},{"@type":"ListItem","position":3,"name":"Tidrel\u00e4er &amp; R\u00e4knare","item":"https:\/\/c-profil.se\/produkt-kategori\/tidrelaer-raknare\/"},{"@type":"ListItem","position":4,"name":"Tidrel\u00e4er &amp; R\u00e4knare | CTA4100A \/ CTA4100D"}]},{"@type":"WebSite","@id":"https:\/\/c-profil.se\/#website","url":"https:\/\/c-profil.se\/","name":"C-Pro","description":"Products for Electricity and Automation","publisher":{"@id":"https:\/\/c-profil.se\/#organization"},"potentialAction":[{"@type":"SearchAction","target":{"@type":"EntryPoint","urlTemplate":"https:\/\/c-profil.se\/?s={search_term_string}"},"query-input":{"@type":"PropertyValueSpecification","valueRequired":true,"valueName":"search_term_string"}}],"inLanguage":"en"},{"@type":"Organization","@id":"https:\/\/c-profil.se\/#organization","name":"C-Pro","alternateName":"C-PRO","url":"https:\/\/c-profil.se\/","logo":{"@type":"ImageObject","inLanguage":"en","@id":"https:\/\/c-profil.se\/#\/schema\/logo\/image\/","url":"https:\/\/c-profil.se\/wp-content\/uploads\/2022\/03\/c-pro-logga-liggande-500x500-1.png","contentUrl":"https:\/\/c-profil.se\/wp-content\/uploads\/2022\/03\/c-pro-logga-liggande-500x500-1.png","width":500,"height":500,"caption":"C-Pro"},"image":{"@id":"https:\/\/c-profil.se\/#\/schema\/logo\/image\/"},"sameAs":["https:\/\/www.facebook.com\/people\/C-Pro\/61561767306874\/","https:\/\/www.linkedin.com\/company\/c-pro-ab","https:\/\/www.instagram.com\/cpro.ab\/"],"description":"C-PRO AB is a comprehensive supplier of materials for applications in electricity and automation. Ever since the start in 1987, we have supplied the Swedish manufacturing industry with electrical materials. Despite our size and leading position, we have never abandoned our basic philosophy, to be a personal supplier. We at C-PRO are easy to get in touch with, honest and passionate about solving our customers&#039; problems.","email":"info@c-profil.se","telephone":"031575785","legalName":"C-Profil F\u00f6rl\u00e4ggningsmaterial AB","foundingDate":"1987-01-01"}]},"product_brand":"drifttid","product_price_currency":"SEK","og_availability":"instock","product_availability":"instock","product_retailer_item_id":"CTA4100A \/ CTA4100D","product_condition":"new"},"_links":{"self":[{"href":"https:\/\/c-profil.se\/english\/wp-json\/wp\/v2\/product\/70829","targetHints":{"allow":["GET"]}}],"collection":[{"href":"https:\/\/c-profil.se\/english\/wp-json\/wp\/v2\/product"}],"about":[{"href":"https:\/\/c-profil.se\/english\/wp-json\/wp\/v2\/types\/product"}],"version-history":[{"count":3,"href":"https:\/\/c-profil.se\/english\/wp-json\/wp\/v2\/product\/70829\/revisions"}],"predecessor-version":[{"id":73995,"href":"https:\/\/c-profil.se\/english\/wp-json\/wp\/v2\/product\/70829\/revisions\/73995"}],"wp:featuredmedia":[{"embeddable":true,"href":"https:\/\/c-profil.se\/english\/wp-json\/wp\/v2\/media\/70830"}],"wp:attachment":[{"href":"https:\/\/c-profil.se\/english\/wp-json\/wp\/v2\/media?parent=70829"}],"wp:term":[{"taxonomy":"product_brand","embeddable":true,"href":"https:\/\/c-profil.se\/english\/wp-json\/wp\/v2\/product_brand?post=70829"},{"taxonomy":"product_cat","embeddable":true,"href":"https:\/\/c-profil.se\/english\/wp-json\/wp\/v2\/product_cat?post=70829"},{"taxonomy":"product_tag","embeddable":true,"href":"https:\/\/c-profil.se\/english\/wp-json\/wp\/v2\/product_tag?post=70829"}],"curies":[{"name":"wp","href":"https:\/\/api.w.org\/{rel}","templated":true}]}}