{"id":70812,"date":"2026-02-03T14:18:00","date_gmt":"2026-02-03T13:18:00","guid":{"rendered":"https:\/\/c-profil.se\/?post_type=product&#038;p=70812"},"modified":"2026-03-18T15:04:22","modified_gmt":"2026-03-18T14:04:22","slug":"energy-feeder-dpm-d532i-dpm-d533i","status":"publish","type":"product","link":"https:\/\/c-profil.se\/english\/produkt\/energimatare-dpm-d532i-dpm-d533i\/","title":{"rendered":"Energy meter | DPM-D532I \/ DPM-D533I"},"content":{"rendered":"<p><strong>DPM-D532I and DPM-D533I are compact DIN-mounted energy meters with built-in current transformer for quick and space-saving installation in control cabinets.<\/strong><br \/>\nThey enable accurate energy monitoring with Modbus communication and are suitable for integration into PLC, SCADA and IIoT systems without the need for external CTs.<\/p>","protected":false},"excerpt":{"rendered":"<p>The DPM-D532I and DPM-D533I are<strong> compact DIN-mounted energy meters with built-in current transformer<\/strong>, developed for quick and space-saving installation in control cabinets. Thanks to the integrated CT solution, no external current transformers are needed, which simplifies assembly and reduces installation time.<\/p>\n<p>The energy meters measure voltage, current, power, energy and power factor with high accuracy according to IEC 62053-22. They support data logging, alarm functions and communication via <strong>RS-485 (Modbus)<\/strong>, making them suitable for energy monitoring, tracking and integration into PLC, SCADA and IIoT systems.<\/p>\n<p>The DPM-D533I offers a wider input voltage range and external DC power supply compared to the DPM-D532I, providing increased flexibility in more demanding installations.<\/p>","protected":false},"featured_media":68083,"template":"","meta":{"_acf_changed":false},"product_brand":[736],"product_cat":[763],"product_tag":[983,979,961,980],"class_list":{"0":"post-70812","1":"product","2":"type-product","3":"status-publish","4":"has-post-thumbnail","6":"product_brand-delta-electronics","7":"product_cat-energimatare","8":"product_tag-energibesparing","9":"product_tag-energimatning","10":"product_tag-kraftdistribution-i-skap","11":"product_tag-overvakning","13":"first","14":"instock","15":"shipping-taxable","16":"product-type-simple"},"acf":[],"yoast_head":"<!-- This site is optimized with the Yoast SEO Premium plugin v27.4 (Yoast SEO v27.4) - https:\/\/yoast.com\/product\/yoast-seo-premium-wordpress\/ -->\n<title>DIN-monterad energim\u00e4tare DPM-D532I \/ D533I - C-Pro<\/title>\n<meta name=\"description\" content=\"DIN-monterade energim\u00e4tare med inbyggd str\u00f6mtransformator. DPM-D532I och DPM-D533I f\u00f6r energie\u00f6vervakning och industriella system.\" \/>\n<meta name=\"robots\" content=\"index, follow, max-snippet:-1, max-image-preview:large, max-video-preview:-1\" \/>\n<link rel=\"canonical\" href=\"https:\/\/c-profil.se\/english\/product\/energy-feeder-dpm-d532i-dpm-d533i\/\" \/>\n<meta property=\"og:locale\" content=\"en_US\" \/>\n<meta property=\"og:type\" content=\"article\" \/>\n<meta property=\"og:title\" content=\"DIN-monterad energim\u00e4tare DPM-D532I \/ D533I - C-Pro\" \/>\n<meta property=\"og:description\" content=\"DIN-monterade energim\u00e4tare med inbyggd str\u00f6mtransformator. DPM-D532I och DPM-D533I f\u00f6r energie\u00f6vervakning och industriella system.\" \/>\n<meta property=\"og:url\" content=\"https:\/\/c-profil.se\/english\/product\/energy-feeder-dpm-d532i-dpm-d533i\/\" \/>\n<meta property=\"og:site_name\" content=\"C-Pro\" \/>\n<meta property=\"article:publisher\" content=\"https:\/\/www.facebook.com\/people\/C-Pro\/61561767306874\/\" \/>\n<meta property=\"article:modified_time\" content=\"2026-03-18T14:04:22+00:00\" \/>\n<meta property=\"og:image\" content=\"https:\/\/c-profil.se\/wp-content\/uploads\/2025\/11\/DPM\u2011D532I-_-DPM\u2011D533I-ny.jpg\" \/>\n\t<meta property=\"og:image:width\" content=\"1000\" \/>\n\t<meta property=\"og:image:height\" content=\"1000\" \/>\n\t<meta property=\"og:image:type\" content=\"image\/jpeg\" \/>\n<meta name=\"twitter:card\" content=\"summary_large_image\" \/>\n<meta name=\"twitter:title\" content=\"Energim\u00e4tare | DPM-D532I \/ DPM-D533I - C-Pro\" \/>\n<meta name=\"twitter:description\" content=\"DPM-D532I och DPM-D533I \u00e4r kompakta DIN-monterade energim\u00e4tare med inbyggd str\u00f6mtransformator, utvecklade f\u00f6r snabb och platsbesparande installation i apparatsk\u00e5p. Tack vare den integrerade CT-l\u00f6sningen beh\u00f6vs inga externa str\u00f6mtransformatorer, vilket f\u00f6renklar montage och minskar installationstid.  Energim\u00e4tarna m\u00e4ter sp\u00e4nning, str\u00f6m, effekt, energi och effektfaktor med h\u00f6g noggrannhet enligt IEC 62053-22. De har st\u00f6d f\u00f6r datalogging, larmfunktioner och kommunikation via RS-485 (Modbus), vilket g\u00f6r dem l\u00e4mpliga f\u00f6r energi\u00f6vervakning, uppf\u00f6ljning och integration i PLC-, SCADA- och IIoT-system.  DPM-D533I erbjuder ett bredare insp\u00e4nningsomr\u00e5de och extern DC-matning j\u00e4mf\u00f6rt med DPM-D532I, vilket ger \u00f6kad flexibilitet i mer kr\u00e4vande installationer.\" \/>\n<meta name=\"twitter:label1\" content=\"Price\" \/>\n\t<meta name=\"twitter:data1\" content=\"\" \/>\n\t<meta name=\"twitter:label2\" content=\"Availability\" \/>\n\t<meta name=\"twitter:data2\" content=\"In stock\" \/>\n<script type=\"application\/ld+json\" class=\"yoast-schema-graph\">{\"@context\":\"https:\\\/\\\/schema.org\",\"@graph\":[{\"@type\":\"WebPage\",\"@id\":\"https:\\\/\\\/c-profil.se\\\/produkt\\\/energimatare-dpm-d532i-dpm-d533i\\\/\",\"url\":\"https:\\\/\\\/c-profil.se\\\/produkt\\\/energimatare-dpm-d532i-dpm-d533i\\\/\",\"name\":\"DIN-monterad energim\u00e4tare DPM-D532I \\\/ D533I - C-Pro\",\"isPartOf\":{\"@id\":\"https:\\\/\\\/c-profil.se\\\/#website\"},\"primaryImageOfPage\":{\"@id\":\"https:\\\/\\\/c-profil.se\\\/produkt\\\/energimatare-dpm-d532i-dpm-d533i\\\/#primaryimage\"},\"image\":{\"@id\":\"https:\\\/\\\/c-profil.se\\\/produkt\\\/energimatare-dpm-d532i-dpm-d533i\\\/#primaryimage\"},\"thumbnailUrl\":\"https:\\\/\\\/c-profil.se\\\/wp-content\\\/uploads\\\/2025\\\/11\\\/DPM\u2011D532I-_-DPM\u2011D533I-ny.jpg\",\"datePublished\":\"2026-02-03T13:18:00+00:00\",\"dateModified\":\"2026-03-18T14:04:22+00:00\",\"description\":\"DIN-monterade energim\u00e4tare med inbyggd str\u00f6mtransformator. DPM-D532I och DPM-D533I f\u00f6r energie\u00f6vervakning och industriella system.\",\"breadcrumb\":{\"@id\":\"https:\\\/\\\/c-profil.se\\\/produkt\\\/energimatare-dpm-d532i-dpm-d533i\\\/#breadcrumb\"},\"inLanguage\":\"en\",\"potentialAction\":[{\"@type\":\"ReadAction\",\"target\":[\"https:\\\/\\\/c-profil.se\\\/produkt\\\/energimatare-dpm-d532i-dpm-d533i\\\/\"]}]},{\"@type\":\"ImageObject\",\"inLanguage\":\"en\",\"@id\":\"https:\\\/\\\/c-profil.se\\\/produkt\\\/energimatare-dpm-d532i-dpm-d533i\\\/#primaryimage\",\"url\":\"https:\\\/\\\/c-profil.se\\\/wp-content\\\/uploads\\\/2025\\\/11\\\/DPM\u2011D532I-_-DPM\u2011D533I-ny.jpg\",\"contentUrl\":\"https:\\\/\\\/c-profil.se\\\/wp-content\\\/uploads\\\/2025\\\/11\\\/DPM\u2011D532I-_-DPM\u2011D533I-ny.jpg\",\"width\":1000,\"height\":1000,\"caption\":\"Energim\u00e4tare DPM\u2011D532I | DPM\u2011D533I\"},{\"@type\":\"BreadcrumbList\",\"@id\":\"https:\\\/\\\/c-profil.se\\\/produkt\\\/energimatare-dpm-d532i-dpm-d533i\\\/#breadcrumb\",\"itemListElement\":[{\"@type\":\"ListItem\",\"position\":1,\"name\":\"Hem\",\"item\":\"https:\\\/\\\/c-profil.se\\\/\"},{\"@type\":\"ListItem\",\"position\":2,\"name\":\"Produkter\",\"item\":\"https:\\\/\\\/c-profil.se\\\/produkter\\\/\"},{\"@type\":\"ListItem\",\"position\":3,\"name\":\"Energim\u00e4tare\",\"item\":\"https:\\\/\\\/c-profil.se\\\/produkt-kategori\\\/energimatare\\\/\"},{\"@type\":\"ListItem\",\"position\":4,\"name\":\"Energim\u00e4tare | DPM-D532I \\\/ DPM-D533I\"}]},{\"@type\":\"WebSite\",\"@id\":\"https:\\\/\\\/c-profil.se\\\/#website\",\"url\":\"https:\\\/\\\/c-profil.se\\\/\",\"name\":\"C-Pro\",\"description\":\"Produkter f\u00f6r El och Automation\",\"publisher\":{\"@id\":\"https:\\\/\\\/c-profil.se\\\/#organization\"},\"potentialAction\":[{\"@type\":\"SearchAction\",\"target\":{\"@type\":\"EntryPoint\",\"urlTemplate\":\"https:\\\/\\\/c-profil.se\\\/?s={search_term_string}\"},\"query-input\":{\"@type\":\"PropertyValueSpecification\",\"valueRequired\":true,\"valueName\":\"search_term_string\"}}],\"inLanguage\":\"en\"},{\"@type\":\"Organization\",\"@id\":\"https:\\\/\\\/c-profil.se\\\/#organization\",\"name\":\"C-Pro\",\"alternateName\":\"C-PRO\",\"url\":\"https:\\\/\\\/c-profil.se\\\/\",\"logo\":{\"@type\":\"ImageObject\",\"inLanguage\":\"en\",\"@id\":\"https:\\\/\\\/c-profil.se\\\/#\\\/schema\\\/logo\\\/image\\\/\",\"url\":\"https:\\\/\\\/c-profil.se\\\/wp-content\\\/uploads\\\/2022\\\/03\\\/c-pro-logga-liggande-500x500-1.png\",\"contentUrl\":\"https:\\\/\\\/c-profil.se\\\/wp-content\\\/uploads\\\/2022\\\/03\\\/c-pro-logga-liggande-500x500-1.png\",\"width\":500,\"height\":500,\"caption\":\"C-Pro\"},\"image\":{\"@id\":\"https:\\\/\\\/c-profil.se\\\/#\\\/schema\\\/logo\\\/image\\\/\"},\"sameAs\":[\"https:\\\/\\\/www.facebook.com\\\/people\\\/C-Pro\\\/61561767306874\\\/\",\"https:\\\/\\\/www.linkedin.com\\\/company\\\/c-pro-ab\",\"https:\\\/\\\/www.instagram.com\\\/cpro.ab\\\/\"],\"description\":\"C-PRO AB \u00e4r en helt\u00e4ckande leverant\u00f6r av material f\u00f6r applikationer inom el och automation. \u00c4nda sedan starten 1987 har vi f\u00f6rsett den svenska tillverkande industrin med elmaterial. Trots v\u00e5r storlek och ledande position har vi aldrig \u00f6vergett v\u00e5r grundfilosofi, att vara en personlig leverant\u00f6r. Vi p\u00e5 C-PRO \u00e4r l\u00e4tta att komma i kontakt med, \u00e4rliga och brinner f\u00f6r att l\u00f6sa v\u00e5ra kunders problem.\",\"email\":\"info@c-profil.se\",\"telephone\":\"031575785\",\"legalName\":\"C-Profil F\u00f6rl\u00e4ggningsmaterial AB\",\"foundingDate\":\"1987-01-01\"}]}<\/script>\n<meta property=\"product:brand\" content=\"energibesparing\" \/>\n<meta property=\"product:price:currency\" content=\"SEK\" \/>\n<meta property=\"og:availability\" content=\"instock\" \/>\n<meta property=\"product:availability\" content=\"instock\" \/>\n<meta property=\"product:retailer_item_id\" content=\"DPM-D532I \/ DPM-D533I\" \/>\n<meta property=\"product:condition\" content=\"new\" \/>\n<!-- \/ Yoast SEO Premium plugin. -->","yoast_head_json":{"title":"DIN-mounted energy meter DPM-D532I \/ D533I - C-Pro","description":"DIN-mounted energy meters with built-in current transformer. DPM-D532I and DPM-D533I for energy monitoring and industrial systems.","robots":{"index":"index","follow":"follow","max-snippet":"max-snippet:-1","max-image-preview":"max-image-preview:large","max-video-preview":"max-video-preview:-1"},"canonical":"https:\/\/c-profil.se\/english\/product\/energy-feeder-dpm-d532i-dpm-d533i\/","og_locale":"en_US","og_type":"article","og_title":"DIN-monterad energim\u00e4tare DPM-D532I \/ D533I - C-Pro","og_description":"DIN-monterade energim\u00e4tare med inbyggd str\u00f6mtransformator. DPM-D532I och DPM-D533I f\u00f6r energie\u00f6vervakning och industriella system.","og_url":"https:\/\/c-profil.se\/english\/product\/energy-feeder-dpm-d532i-dpm-d533i\/","og_site_name":"C-Pro","article_publisher":"https:\/\/www.facebook.com\/people\/C-Pro\/61561767306874\/","article_modified_time":"2026-03-18T14:04:22+00:00","og_image":[{"width":1000,"height":1000,"url":"https:\/\/c-profil.se\/wp-content\/uploads\/2025\/11\/DPM\u2011D532I-_-DPM\u2011D533I-ny.jpg","type":"image\/jpeg"}],"twitter_card":"summary_large_image","twitter_title":"Energim\u00e4tare | DPM-D532I \/ DPM-D533I - C-Pro","twitter_description":"DPM-D532I och DPM-D533I \u00e4r kompakta DIN-monterade energim\u00e4tare med inbyggd str\u00f6mtransformator, utvecklade f\u00f6r snabb och platsbesparande installation i apparatsk\u00e5p. Tack vare den integrerade CT-l\u00f6sningen beh\u00f6vs inga externa str\u00f6mtransformatorer, vilket f\u00f6renklar montage och minskar installationstid.  Energim\u00e4tarna m\u00e4ter sp\u00e4nning, str\u00f6m, effekt, energi och effektfaktor med h\u00f6g noggrannhet enligt IEC 62053-22. De har st\u00f6d f\u00f6r datalogging, larmfunktioner och kommunikation via RS-485 (Modbus), vilket g\u00f6r dem l\u00e4mpliga f\u00f6r energi\u00f6vervakning, uppf\u00f6ljning och integration i PLC-, SCADA- och IIoT-system.  DPM-D533I erbjuder ett bredare insp\u00e4nningsomr\u00e5de och extern DC-matning j\u00e4mf\u00f6rt med DPM-D532I, vilket ger \u00f6kad flexibilitet i mer kr\u00e4vande installationer.","twitter_misc":{"Price":"","Availability":"In stock"},"schema":{"@context":"https:\/\/schema.org","@graph":[{"@type":"WebPage","@id":"https:\/\/c-profil.se\/produkt\/energimatare-dpm-d532i-dpm-d533i\/","url":"https:\/\/c-profil.se\/produkt\/energimatare-dpm-d532i-dpm-d533i\/","name":"DIN-mounted energy meter DPM-D532I \/ D533I - C-Pro","isPartOf":{"@id":"https:\/\/c-profil.se\/#website"},"primaryImageOfPage":{"@id":"https:\/\/c-profil.se\/produkt\/energimatare-dpm-d532i-dpm-d533i\/#primaryimage"},"image":{"@id":"https:\/\/c-profil.se\/produkt\/energimatare-dpm-d532i-dpm-d533i\/#primaryimage"},"thumbnailUrl":"https:\/\/c-profil.se\/wp-content\/uploads\/2025\/11\/DPM\u2011D532I-_-DPM\u2011D533I-ny.jpg","datePublished":"2026-02-03T13:18:00+00:00","dateModified":"2026-03-18T14:04:22+00:00","description":"DIN-mounted energy meters with built-in current transformer. DPM-D532I and DPM-D533I for energy monitoring and industrial systems.","breadcrumb":{"@id":"https:\/\/c-profil.se\/produkt\/energimatare-dpm-d532i-dpm-d533i\/#breadcrumb"},"inLanguage":"en","potentialAction":[{"@type":"ReadAction","target":["https:\/\/c-profil.se\/produkt\/energimatare-dpm-d532i-dpm-d533i\/"]}]},{"@type":"ImageObject","inLanguage":"en","@id":"https:\/\/c-profil.se\/produkt\/energimatare-dpm-d532i-dpm-d533i\/#primaryimage","url":"https:\/\/c-profil.se\/wp-content\/uploads\/2025\/11\/DPM\u2011D532I-_-DPM\u2011D533I-ny.jpg","contentUrl":"https:\/\/c-profil.se\/wp-content\/uploads\/2025\/11\/DPM\u2011D532I-_-DPM\u2011D533I-ny.jpg","width":1000,"height":1000,"caption":"Energim\u00e4tare DPM\u2011D532I | DPM\u2011D533I"},{"@type":"BreadcrumbList","@id":"https:\/\/c-profil.se\/produkt\/energimatare-dpm-d532i-dpm-d533i\/#breadcrumb","itemListElement":[{"@type":"ListItem","position":1,"name":"Hem","item":"https:\/\/c-profil.se\/"},{"@type":"ListItem","position":2,"name":"Produkter","item":"https:\/\/c-profil.se\/produkter\/"},{"@type":"ListItem","position":3,"name":"Energim\u00e4tare","item":"https:\/\/c-profil.se\/produkt-kategori\/energimatare\/"},{"@type":"ListItem","position":4,"name":"Energim\u00e4tare | DPM-D532I \/ DPM-D533I"}]},{"@type":"WebSite","@id":"https:\/\/c-profil.se\/#website","url":"https:\/\/c-profil.se\/","name":"C-Pro","description":"Products for Electricity and Automation","publisher":{"@id":"https:\/\/c-profil.se\/#organization"},"potentialAction":[{"@type":"SearchAction","target":{"@type":"EntryPoint","urlTemplate":"https:\/\/c-profil.se\/?s={search_term_string}"},"query-input":{"@type":"PropertyValueSpecification","valueRequired":true,"valueName":"search_term_string"}}],"inLanguage":"en"},{"@type":"Organization","@id":"https:\/\/c-profil.se\/#organization","name":"C-Pro","alternateName":"C-PRO","url":"https:\/\/c-profil.se\/","logo":{"@type":"ImageObject","inLanguage":"en","@id":"https:\/\/c-profil.se\/#\/schema\/logo\/image\/","url":"https:\/\/c-profil.se\/wp-content\/uploads\/2022\/03\/c-pro-logga-liggande-500x500-1.png","contentUrl":"https:\/\/c-profil.se\/wp-content\/uploads\/2022\/03\/c-pro-logga-liggande-500x500-1.png","width":500,"height":500,"caption":"C-Pro"},"image":{"@id":"https:\/\/c-profil.se\/#\/schema\/logo\/image\/"},"sameAs":["https:\/\/www.facebook.com\/people\/C-Pro\/61561767306874\/","https:\/\/www.linkedin.com\/company\/c-pro-ab","https:\/\/www.instagram.com\/cpro.ab\/"],"description":"C-PRO AB is a comprehensive supplier of materials for applications in electricity and automation. Ever since the start in 1987, we have supplied the Swedish manufacturing industry with electrical materials. Despite our size and leading position, we have never abandoned our basic philosophy, to be a personal supplier. We at C-PRO are easy to get in touch with, honest and passionate about solving our customers&#039; problems.","email":"info@c-profil.se","telephone":"031575785","legalName":"C-Profil F\u00f6rl\u00e4ggningsmaterial AB","foundingDate":"1987-01-01"}]},"product_brand":"energibesparing","product_price_currency":"SEK","og_availability":"instock","product_availability":"instock","product_retailer_item_id":"DPM-D532I \/ DPM-D533I","product_condition":"new"},"_links":{"self":[{"href":"https:\/\/c-profil.se\/english\/wp-json\/wp\/v2\/product\/70812","targetHints":{"allow":["GET"]}}],"collection":[{"href":"https:\/\/c-profil.se\/english\/wp-json\/wp\/v2\/product"}],"about":[{"href":"https:\/\/c-profil.se\/english\/wp-json\/wp\/v2\/types\/product"}],"version-history":[{"count":3,"href":"https:\/\/c-profil.se\/english\/wp-json\/wp\/v2\/product\/70812\/revisions"}],"predecessor-version":[{"id":73998,"href":"https:\/\/c-profil.se\/english\/wp-json\/wp\/v2\/product\/70812\/revisions\/73998"}],"wp:featuredmedia":[{"embeddable":true,"href":"https:\/\/c-profil.se\/english\/wp-json\/wp\/v2\/media\/68083"}],"wp:attachment":[{"href":"https:\/\/c-profil.se\/english\/wp-json\/wp\/v2\/media?parent=70812"}],"wp:term":[{"taxonomy":"product_brand","embeddable":true,"href":"https:\/\/c-profil.se\/english\/wp-json\/wp\/v2\/product_brand?post=70812"},{"taxonomy":"product_cat","embeddable":true,"href":"https:\/\/c-profil.se\/english\/wp-json\/wp\/v2\/product_cat?post=70812"},{"taxonomy":"product_tag","embeddable":true,"href":"https:\/\/c-profil.se\/english\/wp-json\/wp\/v2\/product_tag?post=70812"}],"curies":[{"name":"wp","href":"https:\/\/api.w.org\/{rel}","templated":true}]}}