{"id":70648,"date":"2026-02-02T09:27:00","date_gmt":"2026-02-02T08:27:00","guid":{"rendered":"https:\/\/c-profil.se\/?post_type=product&#038;p=70648"},"modified":"2026-03-19T15:08:54","modified_gmt":"2026-03-19T14:08:54","slug":"adapter-insert-to-have","status":"publish","type":"product","link":"https:\/\/c-profil.se\/english\/produkt\/adapterinsats-at-ha\/","title":{"rendered":"Adapter insert | AT-HA"},"content":{"rendered":"<p><strong>AT-HA is an adapter insert in the modular IMAS-CONNECT\u2122 system for industrial installations<\/strong>, developed for direct integration of 3A or 4A inserts into an adapter feed-through without additional drilling.<br \/>\nThe adapter insert is based on a KT cable gland and is compatible with icotek&#039;s KT system as well as a wide selection of standardized contact housings.<\/p>","protected":false},"excerpt":{"rendered":"<p>Adapter insert \/ AT-HA is part of the IMAS-CONNECT\u2122 modular adapter system and for the first time enables direct integration of 3A or 4A inserts into an adapter bushing \u2013 without the need for additional cutouts. The AT-HA bushing is based on a large KT cable bushing.<\/p>\n<p>A robust polyamide body is integrated into the bushing. It is fully compatible with all icotek cable entry frames in the KT system and is delivered ready to use with a pre-mounted locking element. In combination with <a href=\"https:\/\/www.icotek.com\/sv\/produkter\/imas-connect\/ha\">3A or 4A insert sets and matching contact housings with M20 or M25 cable glands<\/a> (see table) the AT-HA bushing offers a compact, efficient and flexible solution for use in industrial applications.<\/p>\n<p>Adapter insert \/ AT-HA is also compatible with several insert manufacturers (Harting, Ilme, Phoenix Contact, TE Connectivity, Weidm\u00fcller, Lapp, Amphenol, Molex, RS Pro, \u2026).<\/p>\n<p class=\"ai-optimize-37\"><strong>Advantages:<\/strong><\/p>\n<ul>\n<li class=\"ai-optimize-38\">Space-saving thanks to integration of the connector into the cable entry frame<\/li>\n<li class=\"ai-optimize-38\">Can be combined with existing KEL frame solutions<\/li>\n<li class=\"ai-optimize-38\">No additional drilling required<\/li>\n<li class=\"ai-optimize-38\">Very easy to assemble<\/li>\n<li class=\"ai-optimize-38\">Compatible with several manufacturers (e.g. Harting Han A)<\/li>\n<li class=\"ai-optimize-38\">High protection class IP65 when connected<\/li>\n<\/ul>","protected":false},"featured_media":70649,"template":"","meta":{"_acf_changed":false},"product_brand":[740],"product_cat":[304,305],"product_tag":[953,992,938,1005,939],"class_list":{"0":"post-70648","1":"product","2":"type-product","3":"status-publish","4":"has-post-thumbnail","6":"product_brand-icotek","7":"product_cat-kabelforskruvningar-for-kablar-med-kontakt","8":"product_cat-kabelgenomforingssystem-for-kablar-med-kontakt","9":"product_tag-eftermontering","10":"product_tag-kabelgenomforing","11":"product_tag-kabelinforing","12":"product_tag-platbearbetning","13":"product_tag-tatning","15":"first","16":"instock","17":"shipping-taxable","18":"product-type-simple"},"acf":[],"yoast_head":"<!-- This site is optimized with the Yoast SEO Premium plugin v27.4 (Yoast SEO v27.4) - https:\/\/yoast.com\/product\/yoast-seo-premium-wordpress\/ -->\n<title>Adapterinsats | AT-HA - C-Pro<\/title>\n<meta name=\"description\" content=\"Adapterinsats \/ AT-HA \u00e4r h\u00e4r f\u00f6r att f\u00f6renkla dina anslutningar. N\u00e4r du beh\u00f6ver p\u00e5litlighet och prestanda, v\u00e4lj denna viktiga komponent!\" \/>\n<meta name=\"robots\" content=\"index, follow, max-snippet:-1, max-image-preview:large, max-video-preview:-1\" \/>\n<link rel=\"canonical\" href=\"https:\/\/c-profil.se\/english\/product\/adapter-insert-to-have\/\" \/>\n<meta property=\"og:locale\" content=\"en_US\" \/>\n<meta property=\"og:type\" content=\"article\" \/>\n<meta property=\"og:title\" content=\"Adapterinsats | AT-HA - C-Pro\" \/>\n<meta property=\"og:description\" content=\"Adapterinsats \/ AT-HA \u00e4r en del av det modul\u00e4ra adaptersystemet IMAS-CONNECT\u2122 och m\u00f6jligg\u00f6r f\u00f6r f\u00f6rsta g\u00e5ngen direkt integration av 3A- eller 4A-insatser i en adaptergenomf\u00f6ring \u2013 utan behov av ytterligare urtag. AT-HA-genomf\u00f6ringen \u00e4r baserad p\u00e5 en stor KT-kabelgenomf\u00f6ring.  En robust polyamidkropp \u00e4r integrerad i genomf\u00f6ringen. Den \u00e4r helt kompatibel med alla icotek-kabelinf\u00f6ringsramar i KT-systemet och levereras klar att anv\u00e4nda med ett f\u00f6rmonterat l\u00e5selement. I kombination med 3A- eller 4A-insatssatser och matchande kontakthus med M20- eller M25-kabelf\u00f6rskruvningar (se tabell) erbjuder AT-HA-genomf\u00f6ringen en kompakt, effektiv och flexibel l\u00f6sning f\u00f6r anv\u00e4ndning i industriella applikationer.  Adapterinsats \/ AT-HA \u00e4r ocks\u00e5 kompatibel med ett flertal insatstillverkare (Harting, Ilme, Phoenix Contact, TE Connectivity, Weidm\u00fcller, Lapp, Amphenol, Molex, RS Pro, ...). F\u00f6rdelar:    Platsbesparande tack vare integration av kontakten i kabelgenomf\u00f6ringsramen  Kan kombineras med befintliga KEL-raml\u00f6sningar  Ingen ytterligare h\u00e5ltagning kr\u00e4vs  Mycket l\u00e4tt att montera  Kompatibel med ett flertal tillverkare (t.ex. Harting Han A)  H\u00f6g kapslingsklass IP65 vid inkoppling\" \/>\n<meta property=\"og:url\" content=\"https:\/\/c-profil.se\/english\/product\/adapter-insert-to-have\/\" \/>\n<meta property=\"og:site_name\" content=\"C-Pro\" \/>\n<meta property=\"article:publisher\" content=\"https:\/\/www.facebook.com\/people\/C-Pro\/61561767306874\/\" \/>\n<meta property=\"article:modified_time\" content=\"2026-03-19T14:08:54+00:00\" \/>\n<meta property=\"og:image\" content=\"https:\/\/c-profil.se\/wp-content\/uploads\/2026\/02\/Adapterinsats-AT-HA.jpg\" \/>\n\t<meta property=\"og:image:width\" content=\"1000\" \/>\n\t<meta property=\"og:image:height\" content=\"1000\" \/>\n\t<meta property=\"og:image:type\" content=\"image\/jpeg\" \/>\n<meta name=\"twitter:card\" content=\"summary_large_image\" \/>\n<meta name=\"twitter:label1\" content=\"Price\" \/>\n\t<meta name=\"twitter:data1\" content=\"\" \/>\n\t<meta name=\"twitter:label2\" content=\"Availability\" \/>\n\t<meta name=\"twitter:data2\" content=\"In stock\" \/>\n<script type=\"application\/ld+json\" class=\"yoast-schema-graph\">{\"@context\":\"https:\\\/\\\/schema.org\",\"@graph\":[{\"@type\":\"WebPage\",\"@id\":\"https:\\\/\\\/c-profil.se\\\/produkt\\\/adapterinsats-at-ha\\\/\",\"url\":\"https:\\\/\\\/c-profil.se\\\/produkt\\\/adapterinsats-at-ha\\\/\",\"name\":\"Adapterinsats | AT-HA - C-Pro\",\"isPartOf\":{\"@id\":\"https:\\\/\\\/c-profil.se\\\/#website\"},\"primaryImageOfPage\":{\"@id\":\"https:\\\/\\\/c-profil.se\\\/produkt\\\/adapterinsats-at-ha\\\/#primaryimage\"},\"image\":{\"@id\":\"https:\\\/\\\/c-profil.se\\\/produkt\\\/adapterinsats-at-ha\\\/#primaryimage\"},\"thumbnailUrl\":\"https:\\\/\\\/c-profil.se\\\/wp-content\\\/uploads\\\/2026\\\/02\\\/Adapterinsats-AT-HA.jpg\",\"datePublished\":\"2026-02-02T08:27:00+00:00\",\"dateModified\":\"2026-03-19T14:08:54+00:00\",\"description\":\"Adapterinsats \\\/ AT-HA \u00e4r h\u00e4r f\u00f6r att f\u00f6renkla dina anslutningar. N\u00e4r du beh\u00f6ver p\u00e5litlighet och prestanda, v\u00e4lj denna viktiga komponent!\",\"breadcrumb\":{\"@id\":\"https:\\\/\\\/c-profil.se\\\/produkt\\\/adapterinsats-at-ha\\\/#breadcrumb\"},\"inLanguage\":\"en\",\"potentialAction\":[{\"@type\":\"ReadAction\",\"target\":[\"https:\\\/\\\/c-profil.se\\\/produkt\\\/adapterinsats-at-ha\\\/\"]}]},{\"@type\":\"ImageObject\",\"inLanguage\":\"en\",\"@id\":\"https:\\\/\\\/c-profil.se\\\/produkt\\\/adapterinsats-at-ha\\\/#primaryimage\",\"url\":\"https:\\\/\\\/c-profil.se\\\/wp-content\\\/uploads\\\/2026\\\/02\\\/Adapterinsats-AT-HA.jpg\",\"contentUrl\":\"https:\\\/\\\/c-profil.se\\\/wp-content\\\/uploads\\\/2026\\\/02\\\/Adapterinsats-AT-HA.jpg\",\"width\":1000,\"height\":1000,\"caption\":\"Adapterinsats AT-HA\"},{\"@type\":\"BreadcrumbList\",\"@id\":\"https:\\\/\\\/c-profil.se\\\/produkt\\\/adapterinsats-at-ha\\\/#breadcrumb\",\"itemListElement\":[{\"@type\":\"ListItem\",\"position\":1,\"name\":\"Hem\",\"item\":\"https:\\\/\\\/c-profil.se\\\/\"},{\"@type\":\"ListItem\",\"position\":2,\"name\":\"Produkter\",\"item\":\"https:\\\/\\\/c-profil.se\\\/produkter\\\/\"},{\"@type\":\"ListItem\",\"position\":3,\"name\":\"Kabelf\u00f6rskruvningar f\u00f6r kablar med kontakt\",\"item\":\"https:\\\/\\\/c-profil.se\\\/produkt-kategori\\\/kabelforskruvningar-for-kablar-med-kontakt\\\/\"},{\"@type\":\"ListItem\",\"position\":4,\"name\":\"Adapterinsats | AT-HA\"}]},{\"@type\":\"WebSite\",\"@id\":\"https:\\\/\\\/c-profil.se\\\/#website\",\"url\":\"https:\\\/\\\/c-profil.se\\\/\",\"name\":\"C-Pro\",\"description\":\"Produkter f\u00f6r El och Automation\",\"publisher\":{\"@id\":\"https:\\\/\\\/c-profil.se\\\/#organization\"},\"potentialAction\":[{\"@type\":\"SearchAction\",\"target\":{\"@type\":\"EntryPoint\",\"urlTemplate\":\"https:\\\/\\\/c-profil.se\\\/?s={search_term_string}\"},\"query-input\":{\"@type\":\"PropertyValueSpecification\",\"valueRequired\":true,\"valueName\":\"search_term_string\"}}],\"inLanguage\":\"en\"},{\"@type\":\"Organization\",\"@id\":\"https:\\\/\\\/c-profil.se\\\/#organization\",\"name\":\"C-Pro\",\"alternateName\":\"C-PRO\",\"url\":\"https:\\\/\\\/c-profil.se\\\/\",\"logo\":{\"@type\":\"ImageObject\",\"inLanguage\":\"en\",\"@id\":\"https:\\\/\\\/c-profil.se\\\/#\\\/schema\\\/logo\\\/image\\\/\",\"url\":\"https:\\\/\\\/c-profil.se\\\/wp-content\\\/uploads\\\/2022\\\/03\\\/c-pro-logga-liggande-500x500-1.png\",\"contentUrl\":\"https:\\\/\\\/c-profil.se\\\/wp-content\\\/uploads\\\/2022\\\/03\\\/c-pro-logga-liggande-500x500-1.png\",\"width\":500,\"height\":500,\"caption\":\"C-Pro\"},\"image\":{\"@id\":\"https:\\\/\\\/c-profil.se\\\/#\\\/schema\\\/logo\\\/image\\\/\"},\"sameAs\":[\"https:\\\/\\\/www.facebook.com\\\/people\\\/C-Pro\\\/61561767306874\\\/\",\"https:\\\/\\\/www.linkedin.com\\\/company\\\/c-pro-ab\",\"https:\\\/\\\/www.instagram.com\\\/cpro.ab\\\/\"],\"description\":\"C-PRO AB \u00e4r en helt\u00e4ckande leverant\u00f6r av material f\u00f6r applikationer inom el och automation. \u00c4nda sedan starten 1987 har vi f\u00f6rsett den svenska tillverkande industrin med elmaterial. Trots v\u00e5r storlek och ledande position har vi aldrig \u00f6vergett v\u00e5r grundfilosofi, att vara en personlig leverant\u00f6r. Vi p\u00e5 C-PRO \u00e4r l\u00e4tta att komma i kontakt med, \u00e4rliga och brinner f\u00f6r att l\u00f6sa v\u00e5ra kunders problem.\",\"email\":\"info@c-profil.se\",\"telephone\":\"031575785\",\"legalName\":\"C-Profil F\u00f6rl\u00e4ggningsmaterial AB\",\"foundingDate\":\"1987-01-01\"}]}<\/script>\n<meta property=\"product:brand\" content=\"eftermontering\" \/>\n<meta property=\"product:price:currency\" content=\"SEK\" \/>\n<meta property=\"og:availability\" content=\"instock\" \/>\n<meta property=\"product:availability\" content=\"instock\" \/>\n<meta property=\"product:retailer_item_id\" content=\"AT-HA\" \/>\n<meta property=\"product:condition\" content=\"new\" \/>\n<!-- \/ Yoast SEO Premium plugin. -->","yoast_head_json":{"title":"Adapter insert | AT-HA - C-Pro","description":"Adapter Insert \/ AT-HA is here to simplify your connections. When you need reliability and performance, choose this essential component!","robots":{"index":"index","follow":"follow","max-snippet":"max-snippet:-1","max-image-preview":"max-image-preview:large","max-video-preview":"max-video-preview:-1"},"canonical":"https:\/\/c-profil.se\/english\/product\/adapter-insert-to-have\/","og_locale":"en_US","og_type":"article","og_title":"Adapterinsats | AT-HA - C-Pro","og_description":"Adapterinsats \/ AT-HA \u00e4r en del av det modul\u00e4ra adaptersystemet IMAS-CONNECT\u2122 och m\u00f6jligg\u00f6r f\u00f6r f\u00f6rsta g\u00e5ngen direkt integration av 3A- eller 4A-insatser i en adaptergenomf\u00f6ring \u2013 utan behov av ytterligare urtag. AT-HA-genomf\u00f6ringen \u00e4r baserad p\u00e5 en stor KT-kabelgenomf\u00f6ring.  En robust polyamidkropp \u00e4r integrerad i genomf\u00f6ringen. Den \u00e4r helt kompatibel med alla icotek-kabelinf\u00f6ringsramar i KT-systemet och levereras klar att anv\u00e4nda med ett f\u00f6rmonterat l\u00e5selement. I kombination med 3A- eller 4A-insatssatser och matchande kontakthus med M20- eller M25-kabelf\u00f6rskruvningar (se tabell) erbjuder AT-HA-genomf\u00f6ringen en kompakt, effektiv och flexibel l\u00f6sning f\u00f6r anv\u00e4ndning i industriella applikationer.  Adapterinsats \/ AT-HA \u00e4r ocks\u00e5 kompatibel med ett flertal insatstillverkare (Harting, Ilme, Phoenix Contact, TE Connectivity, Weidm\u00fcller, Lapp, Amphenol, Molex, RS Pro, ...). F\u00f6rdelar:    Platsbesparande tack vare integration av kontakten i kabelgenomf\u00f6ringsramen  Kan kombineras med befintliga KEL-raml\u00f6sningar  Ingen ytterligare h\u00e5ltagning kr\u00e4vs  Mycket l\u00e4tt att montera  Kompatibel med ett flertal tillverkare (t.ex. Harting Han A)  H\u00f6g kapslingsklass IP65 vid inkoppling","og_url":"https:\/\/c-profil.se\/english\/product\/adapter-insert-to-have\/","og_site_name":"C-Pro","article_publisher":"https:\/\/www.facebook.com\/people\/C-Pro\/61561767306874\/","article_modified_time":"2026-03-19T14:08:54+00:00","og_image":[{"width":1000,"height":1000,"url":"https:\/\/c-profil.se\/wp-content\/uploads\/2026\/02\/Adapterinsats-AT-HA.jpg","type":"image\/jpeg"}],"twitter_card":"summary_large_image","twitter_misc":{"Price":"","Availability":"In stock"},"schema":{"@context":"https:\/\/schema.org","@graph":[{"@type":"WebPage","@id":"https:\/\/c-profil.se\/produkt\/adapterinsats-at-ha\/","url":"https:\/\/c-profil.se\/produkt\/adapterinsats-at-ha\/","name":"Adapter insert | AT-HA - C-Pro","isPartOf":{"@id":"https:\/\/c-profil.se\/#website"},"primaryImageOfPage":{"@id":"https:\/\/c-profil.se\/produkt\/adapterinsats-at-ha\/#primaryimage"},"image":{"@id":"https:\/\/c-profil.se\/produkt\/adapterinsats-at-ha\/#primaryimage"},"thumbnailUrl":"https:\/\/c-profil.se\/wp-content\/uploads\/2026\/02\/Adapterinsats-AT-HA.jpg","datePublished":"2026-02-02T08:27:00+00:00","dateModified":"2026-03-19T14:08:54+00:00","description":"Adapter Insert \/ AT-HA is here to simplify your connections. When you need reliability and performance, choose this essential component!","breadcrumb":{"@id":"https:\/\/c-profil.se\/produkt\/adapterinsats-at-ha\/#breadcrumb"},"inLanguage":"en","potentialAction":[{"@type":"ReadAction","target":["https:\/\/c-profil.se\/produkt\/adapterinsats-at-ha\/"]}]},{"@type":"ImageObject","inLanguage":"en","@id":"https:\/\/c-profil.se\/produkt\/adapterinsats-at-ha\/#primaryimage","url":"https:\/\/c-profil.se\/wp-content\/uploads\/2026\/02\/Adapterinsats-AT-HA.jpg","contentUrl":"https:\/\/c-profil.se\/wp-content\/uploads\/2026\/02\/Adapterinsats-AT-HA.jpg","width":1000,"height":1000,"caption":"Adapterinsats AT-HA"},{"@type":"BreadcrumbList","@id":"https:\/\/c-profil.se\/produkt\/adapterinsats-at-ha\/#breadcrumb","itemListElement":[{"@type":"ListItem","position":1,"name":"Hem","item":"https:\/\/c-profil.se\/"},{"@type":"ListItem","position":2,"name":"Produkter","item":"https:\/\/c-profil.se\/produkter\/"},{"@type":"ListItem","position":3,"name":"Kabelf\u00f6rskruvningar f\u00f6r kablar med kontakt","item":"https:\/\/c-profil.se\/produkt-kategori\/kabelforskruvningar-for-kablar-med-kontakt\/"},{"@type":"ListItem","position":4,"name":"Adapterinsats | AT-HA"}]},{"@type":"WebSite","@id":"https:\/\/c-profil.se\/#website","url":"https:\/\/c-profil.se\/","name":"C-Pro","description":"Products for Electricity and Automation","publisher":{"@id":"https:\/\/c-profil.se\/#organization"},"potentialAction":[{"@type":"SearchAction","target":{"@type":"EntryPoint","urlTemplate":"https:\/\/c-profil.se\/?s={search_term_string}"},"query-input":{"@type":"PropertyValueSpecification","valueRequired":true,"valueName":"search_term_string"}}],"inLanguage":"en"},{"@type":"Organization","@id":"https:\/\/c-profil.se\/#organization","name":"C-Pro","alternateName":"C-PRO","url":"https:\/\/c-profil.se\/","logo":{"@type":"ImageObject","inLanguage":"en","@id":"https:\/\/c-profil.se\/#\/schema\/logo\/image\/","url":"https:\/\/c-profil.se\/wp-content\/uploads\/2022\/03\/c-pro-logga-liggande-500x500-1.png","contentUrl":"https:\/\/c-profil.se\/wp-content\/uploads\/2022\/03\/c-pro-logga-liggande-500x500-1.png","width":500,"height":500,"caption":"C-Pro"},"image":{"@id":"https:\/\/c-profil.se\/#\/schema\/logo\/image\/"},"sameAs":["https:\/\/www.facebook.com\/people\/C-Pro\/61561767306874\/","https:\/\/www.linkedin.com\/company\/c-pro-ab","https:\/\/www.instagram.com\/cpro.ab\/"],"description":"C-PRO AB is a comprehensive supplier of materials for applications in electricity and automation. Ever since the start in 1987, we have supplied the Swedish manufacturing industry with electrical materials. Despite our size and leading position, we have never abandoned our basic philosophy, to be a personal supplier. We at C-PRO are easy to get in touch with, honest and passionate about solving our customers&#039; problems.","email":"info@c-profil.se","telephone":"031575785","legalName":"C-Profil F\u00f6rl\u00e4ggningsmaterial AB","foundingDate":"1987-01-01"}]},"product_brand":"eftermontering","product_price_currency":"SEK","og_availability":"instock","product_availability":"instock","product_retailer_item_id":"AT-HA","product_condition":"new"},"_links":{"self":[{"href":"https:\/\/c-profil.se\/english\/wp-json\/wp\/v2\/product\/70648","targetHints":{"allow":["GET"]}}],"collection":[{"href":"https:\/\/c-profil.se\/english\/wp-json\/wp\/v2\/product"}],"about":[{"href":"https:\/\/c-profil.se\/english\/wp-json\/wp\/v2\/types\/product"}],"version-history":[{"count":6,"href":"https:\/\/c-profil.se\/english\/wp-json\/wp\/v2\/product\/70648\/revisions"}],"predecessor-version":[{"id":74001,"href":"https:\/\/c-profil.se\/english\/wp-json\/wp\/v2\/product\/70648\/revisions\/74001"}],"wp:featuredmedia":[{"embeddable":true,"href":"https:\/\/c-profil.se\/english\/wp-json\/wp\/v2\/media\/70649"}],"wp:attachment":[{"href":"https:\/\/c-profil.se\/english\/wp-json\/wp\/v2\/media?parent=70648"}],"wp:term":[{"taxonomy":"product_brand","embeddable":true,"href":"https:\/\/c-profil.se\/english\/wp-json\/wp\/v2\/product_brand?post=70648"},{"taxonomy":"product_cat","embeddable":true,"href":"https:\/\/c-profil.se\/english\/wp-json\/wp\/v2\/product_cat?post=70648"},{"taxonomy":"product_tag","embeddable":true,"href":"https:\/\/c-profil.se\/english\/wp-json\/wp\/v2\/product_tag?post=70648"}],"curies":[{"name":"wp","href":"https:\/\/api.w.org\/{rel}","templated":true}]}}