{"id":67644,"date":"2025-11-20T11:53:00","date_gmt":"2025-11-20T10:53:00","guid":{"rendered":"https:\/\/c-profil.se\/?post_type=product&#038;p=67644"},"modified":"2026-03-19T15:15:07","modified_gmt":"2026-03-19T14:15:07","slug":"cable-entry-plate-multi-membrane-kel-dpz-fl21","status":"publish","type":"product","link":"https:\/\/c-profil.se\/english\/produkt\/kabelgenomforingsplatta-multi-membran-kel-dpz-fl21\/","title":{"rendered":"Cable entry plate | KEL-DPZ-FL21"},"content":{"rendered":"<p><strong>KEL-DPZ-FL21 is a cable entry plate for industrial installations<\/strong>, specially developed for the standard cutout FL21.<br \/>\nThe plate enables high cable density, automatic sealing and strain relief in a space-saving and hygienic design.<\/p>","protected":false},"excerpt":{"rendered":"<p>The new <strong>Cable entry plate \/ KEL-DPZ-FL21 <\/strong>(IP65) has been specially developed for the standard FL21 cut-out. It can be mounted with screws or rivets as required. Screws are not included in the scope of delivery, rivets (IP54) can be ordered as an option.<\/p>\n<ul>\n<li><a href=\"https:\/\/www.icotek.com\/sv\/produkter\/kabelgenomfoeringsplatta\/st-b\" target=\"_blank\" rel=\"noopener\">ST-B plugs<\/a>\u00a0can be used to seal pierced diaphragms if cables have been removed.<\/li>\n<\/ul>\n<p class=\"g-color-black g-font-size-26--md g-font-weight-600 g-mb-15\"><strong>Advantages<\/strong><\/p>\n<ul class=\"list-unstyled list-ico\">\n<li>Quick assembly<\/li>\n<li>High cable density<\/li>\n<li>Certified protection types up to IP66 (according to EN 60529)<\/li>\n<li>Automatic sealing and strain relief for the cable<\/li>\n<li>Hygienic design \u2013 free from dirt-collecting depressions<\/li>\n<li>Space-saving design<\/li>\n<\/ul>","protected":false},"featured_media":67647,"template":"","meta":{"_acf_changed":false},"product_brand":[740],"product_cat":[307],"product_tag":[940,992,938,990,1005,939],"class_list":{"0":"post-67644","1":"product","2":"type-product","3":"status-publish","4":"has-post-thumbnail","6":"product_brand-icotek","7":"product_cat-kabelgenomforingsplattor-multiflansar","8":"product_tag-apparatskap","9":"product_tag-kabelgenomforing","10":"product_tag-kabelinforing","11":"product_tag-kapsling","12":"product_tag-platbearbetning","13":"product_tag-tatning","15":"first","16":"instock","17":"shipping-taxable","18":"product-type-simple"},"acf":[],"yoast_head":"<!-- This site is optimized with the Yoast SEO Premium plugin v27.5 (Yoast SEO v27.5) - https:\/\/yoast.com\/product\/yoast-seo-premium-wordpress\/ -->\n<title>Kabelgenomf\u00f6ringsplatta | KEL-DPZ-FL21 - C-Pro<\/title>\n<meta name=\"description\" content=\"Den\u00a0nya Kabelgenomf\u00f6ringsplatta \/ KEL-DPZ-FL21 (IP65) har specialutvecklats f\u00f6r standardutsk\u00e4rningen FL21. Den kan monteras med skruvar eller nitar efter behov. Skruvar ing\u00e5r inte i leveransen, nitar (IP54) kan best\u00e4llas som tillval.   ST-B-pluggar\u00a0kan anv\u00e4ndas f\u00f6r att f\u00f6rsegla genomborrade membran om kablar har tagits bort.  F\u00f6rdelar    Snabbt montage  H\u00f6g kabelt\u00e4thet  Certifierade skydd typer\u00a0upp till IP66 (efter EN 60529)  Automatisk t\u00e4tning och dragavlastning f\u00f6r kabeln  Hygienisk design \u2013 fria fr\u00e5n smutssamlande f\u00f6rdjupningar  Platsbesparande design\" \/>\n<meta name=\"robots\" content=\"index, follow, max-snippet:-1, max-image-preview:large, max-video-preview:-1\" \/>\n<link rel=\"canonical\" href=\"https:\/\/c-profil.se\/english\/product\/cable-entry-plate-multi-membrane-kel-dpz-fl21\/\" \/>\n<meta property=\"og:locale\" content=\"en_US\" \/>\n<meta property=\"og:type\" content=\"article\" \/>\n<meta property=\"og:title\" content=\"Kabelgenomf\u00f6ringsplatta | KEL-DPZ-FL21 - C-Pro\" \/>\n<meta property=\"og:description\" content=\"Den\u00a0nya Kabelgenomf\u00f6ringsplatta \/ KEL-DPZ-FL21 (IP65) har specialutvecklats f\u00f6r standardutsk\u00e4rningen FL21. Den kan monteras med skruvar eller nitar efter behov. Skruvar ing\u00e5r inte i leveransen, nitar (IP54) kan best\u00e4llas som tillval.   ST-B-pluggar\u00a0kan anv\u00e4ndas f\u00f6r att f\u00f6rsegla genomborrade membran om kablar har tagits bort.  F\u00f6rdelar    Snabbt montage  H\u00f6g kabelt\u00e4thet  Certifierade skydd typer\u00a0upp till IP66 (efter EN 60529)  Automatisk t\u00e4tning och dragavlastning f\u00f6r kabeln  Hygienisk design \u2013 fria fr\u00e5n smutssamlande f\u00f6rdjupningar  Platsbesparande design\" \/>\n<meta property=\"og:url\" content=\"https:\/\/c-profil.se\/english\/product\/cable-entry-plate-multi-membrane-kel-dpz-fl21\/\" \/>\n<meta property=\"og:site_name\" content=\"C-Pro\" \/>\n<meta property=\"article:publisher\" content=\"https:\/\/www.facebook.com\/people\/C-Pro\/61561767306874\/\" \/>\n<meta property=\"article:modified_time\" content=\"2026-03-19T14:15:07+00:00\" \/>\n<meta property=\"og:image\" content=\"https:\/\/c-profil.se\/wp-content\/uploads\/2025\/11\/Kabelgenomforingsplatta-KEL-DPZ-FL21.jpg\" \/>\n\t<meta property=\"og:image:width\" content=\"1000\" \/>\n\t<meta property=\"og:image:height\" content=\"1000\" \/>\n\t<meta property=\"og:image:type\" content=\"image\/jpeg\" \/>\n<meta name=\"twitter:card\" content=\"summary_large_image\" \/>\n<meta name=\"twitter:label1\" content=\"Price\" \/>\n\t<meta name=\"twitter:data1\" content=\"\" \/>\n\t<meta name=\"twitter:label2\" content=\"Availability\" \/>\n\t<meta name=\"twitter:data2\" content=\"In stock\" \/>\n<script type=\"application\/ld+json\" class=\"yoast-schema-graph\">{\"@context\":\"https:\\\/\\\/schema.org\",\"@graph\":[{\"@type\":\"WebPage\",\"@id\":\"https:\\\/\\\/c-profil.se\\\/produkt\\\/kabelgenomforingsplatta-multi-membran-kel-dpz-fl21\\\/\",\"url\":\"https:\\\/\\\/c-profil.se\\\/produkt\\\/kabelgenomforingsplatta-multi-membran-kel-dpz-fl21\\\/\",\"name\":\"Kabelgenomf\u00f6ringsplatta | KEL-DPZ-FL21 - C-Pro\",\"isPartOf\":{\"@id\":\"https:\\\/\\\/c-profil.se\\\/#website\"},\"primaryImageOfPage\":{\"@id\":\"https:\\\/\\\/c-profil.se\\\/produkt\\\/kabelgenomforingsplatta-multi-membran-kel-dpz-fl21\\\/#primaryimage\"},\"image\":{\"@id\":\"https:\\\/\\\/c-profil.se\\\/produkt\\\/kabelgenomforingsplatta-multi-membran-kel-dpz-fl21\\\/#primaryimage\"},\"thumbnailUrl\":\"https:\\\/\\\/c-profil.se\\\/wp-content\\\/uploads\\\/2025\\\/11\\\/Kabelgenomforingsplatta-KEL-DPZ-FL21.jpg\",\"datePublished\":\"2025-11-20T10:53:00+00:00\",\"dateModified\":\"2026-03-19T14:15:07+00:00\",\"description\":\"Den\u00a0nya Kabelgenomf\u00f6ringsplatta \\\/ KEL-DPZ-FL21 (IP65) har specialutvecklats f\u00f6r standardutsk\u00e4rningen FL21. Den kan monteras med skruvar eller nitar efter behov. Skruvar ing\u00e5r inte i leveransen, nitar (IP54) kan best\u00e4llas som tillval. ST-B-pluggar\u00a0kan anv\u00e4ndas f\u00f6r att f\u00f6rsegla genomborrade membran om kablar har tagits bort. F\u00f6rdelar Snabbt montage H\u00f6g kabelt\u00e4thet Certifierade skydd typer\u00a0upp till IP66 (efter EN 60529) Automatisk t\u00e4tning och dragavlastning f\u00f6r kabeln Hygienisk design \u2013 fria fr\u00e5n smutssamlande f\u00f6rdjupningar Platsbesparande design\",\"breadcrumb\":{\"@id\":\"https:\\\/\\\/c-profil.se\\\/produkt\\\/kabelgenomforingsplatta-multi-membran-kel-dpz-fl21\\\/#breadcrumb\"},\"inLanguage\":\"en\",\"potentialAction\":[{\"@type\":\"ReadAction\",\"target\":[\"https:\\\/\\\/c-profil.se\\\/produkt\\\/kabelgenomforingsplatta-multi-membran-kel-dpz-fl21\\\/\"]}]},{\"@type\":\"ImageObject\",\"inLanguage\":\"en\",\"@id\":\"https:\\\/\\\/c-profil.se\\\/produkt\\\/kabelgenomforingsplatta-multi-membran-kel-dpz-fl21\\\/#primaryimage\",\"url\":\"https:\\\/\\\/c-profil.se\\\/wp-content\\\/uploads\\\/2025\\\/11\\\/Kabelgenomforingsplatta-KEL-DPZ-FL21.jpg\",\"contentUrl\":\"https:\\\/\\\/c-profil.se\\\/wp-content\\\/uploads\\\/2025\\\/11\\\/Kabelgenomforingsplatta-KEL-DPZ-FL21.jpg\",\"width\":1000,\"height\":1000,\"caption\":\"Kabelgenomf\u00f6ringsplatta KEL-DPZ -FL21\"},{\"@type\":\"BreadcrumbList\",\"@id\":\"https:\\\/\\\/c-profil.se\\\/produkt\\\/kabelgenomforingsplatta-multi-membran-kel-dpz-fl21\\\/#breadcrumb\",\"itemListElement\":[{\"@type\":\"ListItem\",\"position\":1,\"name\":\"Hem\",\"item\":\"https:\\\/\\\/c-profil.se\\\/\"},{\"@type\":\"ListItem\",\"position\":2,\"name\":\"Produkter\",\"item\":\"https:\\\/\\\/c-profil.se\\\/produkter\\\/\"},{\"@type\":\"ListItem\",\"position\":3,\"name\":\"Kabelgenomf\u00f6ringsplattor &amp; multifl\u00e4nsar\",\"item\":\"https:\\\/\\\/c-profil.se\\\/produkt-kategori\\\/kabelgenomforingsplattor-multiflansar\\\/\"},{\"@type\":\"ListItem\",\"position\":4,\"name\":\"Kabelgenomf\u00f6ringsplatta | KEL-DPZ-FL21\"}]},{\"@type\":\"WebSite\",\"@id\":\"https:\\\/\\\/c-profil.se\\\/#website\",\"url\":\"https:\\\/\\\/c-profil.se\\\/\",\"name\":\"C-Pro\",\"description\":\"Produkter f\u00f6r El och Automation\",\"publisher\":{\"@id\":\"https:\\\/\\\/c-profil.se\\\/#organization\"},\"potentialAction\":[{\"@type\":\"SearchAction\",\"target\":{\"@type\":\"EntryPoint\",\"urlTemplate\":\"https:\\\/\\\/c-profil.se\\\/?s={search_term_string}\"},\"query-input\":{\"@type\":\"PropertyValueSpecification\",\"valueRequired\":true,\"valueName\":\"search_term_string\"}}],\"inLanguage\":\"en\"},{\"@type\":\"Organization\",\"@id\":\"https:\\\/\\\/c-profil.se\\\/#organization\",\"name\":\"C-Pro\",\"alternateName\":\"C-PRO\",\"url\":\"https:\\\/\\\/c-profil.se\\\/\",\"logo\":{\"@type\":\"ImageObject\",\"inLanguage\":\"en\",\"@id\":\"https:\\\/\\\/c-profil.se\\\/#\\\/schema\\\/logo\\\/image\\\/\",\"url\":\"https:\\\/\\\/c-profil.se\\\/wp-content\\\/uploads\\\/2022\\\/03\\\/c-pro-logga-liggande-500x500-1.png\",\"contentUrl\":\"https:\\\/\\\/c-profil.se\\\/wp-content\\\/uploads\\\/2022\\\/03\\\/c-pro-logga-liggande-500x500-1.png\",\"width\":500,\"height\":500,\"caption\":\"C-Pro\"},\"image\":{\"@id\":\"https:\\\/\\\/c-profil.se\\\/#\\\/schema\\\/logo\\\/image\\\/\"},\"sameAs\":[\"https:\\\/\\\/www.facebook.com\\\/people\\\/C-Pro\\\/61561767306874\\\/\",\"https:\\\/\\\/www.linkedin.com\\\/company\\\/c-pro-ab\",\"https:\\\/\\\/www.instagram.com\\\/cpro.ab\\\/\"],\"description\":\"C-PRO AB \u00e4r en helt\u00e4ckande leverant\u00f6r av material f\u00f6r applikationer inom el och automation. \u00c4nda sedan starten 1987 har vi f\u00f6rsett den svenska tillverkande industrin med elmaterial. Trots v\u00e5r storlek och ledande position har vi aldrig \u00f6vergett v\u00e5r grundfilosofi, att vara en personlig leverant\u00f6r. Vi p\u00e5 C-PRO \u00e4r l\u00e4tta att komma i kontakt med, \u00e4rliga och brinner f\u00f6r att l\u00f6sa v\u00e5ra kunders problem.\",\"email\":\"info@c-profil.se\",\"telephone\":\"031575785\",\"legalName\":\"C-Profil F\u00f6rl\u00e4ggningsmaterial AB\",\"foundingDate\":\"1987-01-01\"}]}<\/script>\n<meta property=\"product:brand\" content=\"apparatsk\u00e5p\" \/>\n<meta property=\"product:price:currency\" content=\"SEK\" \/>\n<meta property=\"og:availability\" content=\"instock\" \/>\n<meta property=\"product:availability\" content=\"instock\" \/>\n<meta property=\"product:retailer_item_id\" content=\"KEL-DPZ-FL21\" \/>\n<meta property=\"product:condition\" content=\"new\" \/>\n<!-- \/ Yoast SEO Premium plugin. -->","yoast_head_json":{"title":"Cable entry plate | KEL-DPZ-FL21 - C-Pro","description":"The new Cable Entry Plate \/ KEL-DPZ-FL21 (IP65) has been specially developed for the standard cut-out FL21. It can be mounted with screws or rivets as required. Screws are not included in the delivery, rivets (IP54) can be ordered as an option. ST-B plugs can be used to seal pierced membranes if cables have been removed. Advantages Quick installation High cable density Certified protection types up to IP66 (according to EN 60529) Automatic sealing and strain relief for the cable Hygienic design \u2013 free from dirt-collecting recesses Space-saving design","robots":{"index":"index","follow":"follow","max-snippet":"max-snippet:-1","max-image-preview":"max-image-preview:large","max-video-preview":"max-video-preview:-1"},"canonical":"https:\/\/c-profil.se\/english\/product\/cable-entry-plate-multi-membrane-kel-dpz-fl21\/","og_locale":"en_US","og_type":"article","og_title":"Kabelgenomf\u00f6ringsplatta | KEL-DPZ-FL21 - C-Pro","og_description":"Den\u00a0nya Kabelgenomf\u00f6ringsplatta \/ KEL-DPZ-FL21 (IP65) har specialutvecklats f\u00f6r standardutsk\u00e4rningen FL21. Den kan monteras med skruvar eller nitar efter behov. Skruvar ing\u00e5r inte i leveransen, nitar (IP54) kan best\u00e4llas som tillval.   ST-B-pluggar\u00a0kan anv\u00e4ndas f\u00f6r att f\u00f6rsegla genomborrade membran om kablar har tagits bort.  F\u00f6rdelar    Snabbt montage  H\u00f6g kabelt\u00e4thet  Certifierade skydd typer\u00a0upp till IP66 (efter EN 60529)  Automatisk t\u00e4tning och dragavlastning f\u00f6r kabeln  Hygienisk design \u2013 fria fr\u00e5n smutssamlande f\u00f6rdjupningar  Platsbesparande design","og_url":"https:\/\/c-profil.se\/english\/product\/cable-entry-plate-multi-membrane-kel-dpz-fl21\/","og_site_name":"C-Pro","article_publisher":"https:\/\/www.facebook.com\/people\/C-Pro\/61561767306874\/","article_modified_time":"2026-03-19T14:15:07+00:00","og_image":[{"width":1000,"height":1000,"url":"https:\/\/c-profil.se\/wp-content\/uploads\/2025\/11\/Kabelgenomforingsplatta-KEL-DPZ-FL21.jpg","type":"image\/jpeg"}],"twitter_card":"summary_large_image","twitter_misc":{"Price":"","Availability":"In stock"},"schema":{"@context":"https:\/\/schema.org","@graph":[{"@type":"WebPage","@id":"https:\/\/c-profil.se\/produkt\/kabelgenomforingsplatta-multi-membran-kel-dpz-fl21\/","url":"https:\/\/c-profil.se\/produkt\/kabelgenomforingsplatta-multi-membran-kel-dpz-fl21\/","name":"Cable entry plate | KEL-DPZ-FL21 - C-Pro","isPartOf":{"@id":"https:\/\/c-profil.se\/#website"},"primaryImageOfPage":{"@id":"https:\/\/c-profil.se\/produkt\/kabelgenomforingsplatta-multi-membran-kel-dpz-fl21\/#primaryimage"},"image":{"@id":"https:\/\/c-profil.se\/produkt\/kabelgenomforingsplatta-multi-membran-kel-dpz-fl21\/#primaryimage"},"thumbnailUrl":"https:\/\/c-profil.se\/wp-content\/uploads\/2025\/11\/Kabelgenomforingsplatta-KEL-DPZ-FL21.jpg","datePublished":"2025-11-20T10:53:00+00:00","dateModified":"2026-03-19T14:15:07+00:00","description":"The new Cable Entry Plate \/ KEL-DPZ-FL21 (IP65) has been specially developed for the standard cut-out FL21. It can be mounted with screws or rivets as required. Screws are not included in the delivery, rivets (IP54) can be ordered as an option. ST-B plugs can be used to seal pierced membranes if cables have been removed. Advantages Quick installation High cable density Certified protection types up to IP66 (according to EN 60529) Automatic sealing and strain relief for the cable Hygienic design \u2013 free from dirt-collecting recesses Space-saving design","breadcrumb":{"@id":"https:\/\/c-profil.se\/produkt\/kabelgenomforingsplatta-multi-membran-kel-dpz-fl21\/#breadcrumb"},"inLanguage":"en","potentialAction":[{"@type":"ReadAction","target":["https:\/\/c-profil.se\/produkt\/kabelgenomforingsplatta-multi-membran-kel-dpz-fl21\/"]}]},{"@type":"ImageObject","inLanguage":"en","@id":"https:\/\/c-profil.se\/produkt\/kabelgenomforingsplatta-multi-membran-kel-dpz-fl21\/#primaryimage","url":"https:\/\/c-profil.se\/wp-content\/uploads\/2025\/11\/Kabelgenomforingsplatta-KEL-DPZ-FL21.jpg","contentUrl":"https:\/\/c-profil.se\/wp-content\/uploads\/2025\/11\/Kabelgenomforingsplatta-KEL-DPZ-FL21.jpg","width":1000,"height":1000,"caption":"Kabelgenomf\u00f6ringsplatta KEL-DPZ -FL21"},{"@type":"BreadcrumbList","@id":"https:\/\/c-profil.se\/produkt\/kabelgenomforingsplatta-multi-membran-kel-dpz-fl21\/#breadcrumb","itemListElement":[{"@type":"ListItem","position":1,"name":"Hem","item":"https:\/\/c-profil.se\/"},{"@type":"ListItem","position":2,"name":"Produkter","item":"https:\/\/c-profil.se\/produkter\/"},{"@type":"ListItem","position":3,"name":"Kabelgenomf\u00f6ringsplattor &amp; multifl\u00e4nsar","item":"https:\/\/c-profil.se\/produkt-kategori\/kabelgenomforingsplattor-multiflansar\/"},{"@type":"ListItem","position":4,"name":"Kabelgenomf\u00f6ringsplatta | KEL-DPZ-FL21"}]},{"@type":"WebSite","@id":"https:\/\/c-profil.se\/#website","url":"https:\/\/c-profil.se\/","name":"C-Pro","description":"Products for Electricity and Automation","publisher":{"@id":"https:\/\/c-profil.se\/#organization"},"potentialAction":[{"@type":"SearchAction","target":{"@type":"EntryPoint","urlTemplate":"https:\/\/c-profil.se\/?s={search_term_string}"},"query-input":{"@type":"PropertyValueSpecification","valueRequired":true,"valueName":"search_term_string"}}],"inLanguage":"en"},{"@type":"Organization","@id":"https:\/\/c-profil.se\/#organization","name":"C-Pro","alternateName":"C-PRO","url":"https:\/\/c-profil.se\/","logo":{"@type":"ImageObject","inLanguage":"en","@id":"https:\/\/c-profil.se\/#\/schema\/logo\/image\/","url":"https:\/\/c-profil.se\/wp-content\/uploads\/2022\/03\/c-pro-logga-liggande-500x500-1.png","contentUrl":"https:\/\/c-profil.se\/wp-content\/uploads\/2022\/03\/c-pro-logga-liggande-500x500-1.png","width":500,"height":500,"caption":"C-Pro"},"image":{"@id":"https:\/\/c-profil.se\/#\/schema\/logo\/image\/"},"sameAs":["https:\/\/www.facebook.com\/people\/C-Pro\/61561767306874\/","https:\/\/www.linkedin.com\/company\/c-pro-ab","https:\/\/www.instagram.com\/cpro.ab\/"],"description":"C-PRO AB is a comprehensive supplier of materials for applications in electricity and automation. Ever since the start in 1987, we have supplied the Swedish manufacturing industry with electrical materials. Despite our size and leading position, we have never abandoned our basic philosophy, to be a personal supplier. We at C-PRO are easy to get in touch with, honest and passionate about solving our customers&#039; problems.","email":"info@c-profil.se","telephone":"031575785","legalName":"C-Profil F\u00f6rl\u00e4ggningsmaterial AB","foundingDate":"1987-01-01"}]},"product_brand":"apparatsk\u00e5p","product_price_currency":"SEK","og_availability":"instock","product_availability":"instock","product_retailer_item_id":"KEL-DPZ-FL21","product_condition":"new"},"_links":{"self":[{"href":"https:\/\/c-profil.se\/english\/wp-json\/wp\/v2\/product\/67644","targetHints":{"allow":["GET"]}}],"collection":[{"href":"https:\/\/c-profil.se\/english\/wp-json\/wp\/v2\/product"}],"about":[{"href":"https:\/\/c-profil.se\/english\/wp-json\/wp\/v2\/types\/product"}],"version-history":[{"count":6,"href":"https:\/\/c-profil.se\/english\/wp-json\/wp\/v2\/product\/67644\/revisions"}],"predecessor-version":[{"id":74002,"href":"https:\/\/c-profil.se\/english\/wp-json\/wp\/v2\/product\/67644\/revisions\/74002"}],"wp:featuredmedia":[{"embeddable":true,"href":"https:\/\/c-profil.se\/english\/wp-json\/wp\/v2\/media\/67647"}],"wp:attachment":[{"href":"https:\/\/c-profil.se\/english\/wp-json\/wp\/v2\/media?parent=67644"}],"wp:term":[{"taxonomy":"product_brand","embeddable":true,"href":"https:\/\/c-profil.se\/english\/wp-json\/wp\/v2\/product_brand?post=67644"},{"taxonomy":"product_cat","embeddable":true,"href":"https:\/\/c-profil.se\/english\/wp-json\/wp\/v2\/product_cat?post=67644"},{"taxonomy":"product_tag","embeddable":true,"href":"https:\/\/c-profil.se\/english\/wp-json\/wp\/v2\/product_tag?post=67644"}],"curies":[{"name":"wp","href":"https:\/\/api.w.org\/{rel}","templated":true}]}}