{"id":51407,"date":"2024-11-22T13:07:00","date_gmt":"2024-11-22T12:07:00","guid":{"rendered":"https:\/\/c-profil.se\/?post_type=product&#038;p=51407"},"modified":"2026-03-17T14:44:23","modified_gmt":"2026-03-17T13:44:23","slug":"chiller-wla-precision-erp","status":"publish","type":"product","link":"https:\/\/c-profil.se\/english\/produkt\/chiller-wla-precision-erp\/","title":{"rendered":"Chiller | WLA Precision ErP"},"content":{"rendered":"<p><strong>Chiller \/ WLA Precision ErP is an industrial liquid chiller developed for continuous 24\/7 operation in applications with very high demands on quality, stability and reliability.<\/strong><br \/>\nWith advanced technical solutions such as large heat exchange surfaces, electronic expansion valve and high-efficiency fans, the WLA Precision ErP exceeds the requirements of the ErP Ecodesign Directive and delivers high energy efficiency in all operating conditions.<\/p>","protected":false},"excerpt":{"rendered":"<p><strong>Chiller \/ WLA Precision ErP \u2013 <\/strong>The new WLA Precision range of industrial liquid chillers has been designed to guarantee the high standards of reliability required by production processes running 24\/7 and perfectly meets the needs of applications that demand high standards of quality and reliability.<\/p>\n<p>Thanks to the careful design and dedicated technological solutions such as evaporators and condensers with high exchange surface area, the electronic expansion valve as standard and the new high-efficiency axial fans, the WLA Precision ErP range is characterised by its high thermodynamic performance, which exceeds the minimum energy efficiency requirements imposed by the European ErP Ecodesign directive.<\/p>\n<p><strong>Advantages:<\/strong><\/p>\n<ul>\n<li><strong>Energy Efficiency<\/strong>\u00a0: thermodynamic optimisation and increased exchange surfaces allow WLA precision ErP units to comply with the limits required by ErP2021 \u2013 SEPR HT (EU) 2016\/2281 \u2013 SEPR MT (EU) 2015\/1095.<\/li>\n<li><strong>Extended operating limits<\/strong>\u00a0: max outdoor air temperature +45\u00b0C; min -10\u00b0C (-20\u00b0C in LT version); max evaporator water outlet temperature up to +25\u00b0C; min 0\u00b0C (-10\u00b0C in BRINE version);<\/li>\n<li><b>Outdoor installations<\/b>\u00a0: the electrical panel made in accordance with EN 60204 and with IP44 protection rating (IP54 optional) allows outdoor installation;<\/li>\n<li><strong>STANDARD version \u2013 Non ferrous<\/strong>\u00a0: includes an AISI316 brazed plate evaporator protected from freezing by a differential pressure switch and an anti-freeze probe. The hydronic module is suitable for atmospheric hydraulic circuits and includes an AISI304 tank equipped with a level sensor and the circuitry composed of non-ferrous materials;<\/li>\n<li><strong>Electronic Expansion Valve (EEV)<\/strong>\u00a0: optimises the operation of the refrigerant circuit under all thermal load conditions;<\/li>\n<li><strong>Automatic hydraulic bypass valve<\/strong>\u00a0: protects the pump and hydraulic circuit as a pressure limiting device;<\/li>\n<li><strong>Phase monitor<\/strong>\u00a0: provides protection against loss and electrical phase reversal;<\/li>\n<li><strong>High efficiency brushless EC axial fans<\/strong>\u00a0: standard for LASER and low ambient temperature LT versions.<\/li>\n<\/ul>","protected":false},"featured_media":51408,"template":"","meta":{"_acf_changed":false},"product_brand":[735],"product_cat":[266],"product_tag":[952,962,972,971],"class_list":{"0":"post-51407","1":"product","2":"type-product","3":"status-publish","4":"has-post-thumbnail","6":"product_brand-cosmotec","7":"product_cat-chillers","8":"product_tag-kravande-miljo","9":"product_tag-kylning","10":"product_tag-maskinkylning","11":"product_tag-processindustri","13":"first","14":"instock","15":"shipping-taxable","16":"product-type-simple"},"acf":[],"yoast_head":"<!-- This site is optimized with the Yoast SEO Premium plugin v27.6 (Yoast SEO v27.6) - https:\/\/yoast.com\/product\/yoast-seo-premium-wordpress\/ -->\n<title>Chiller | WLA Precision ErP - C-Pro<\/title>\n<meta name=\"description\" content=\"Maximera tillf\u00f6rlitligheten och kvaliteten i din produktionsprocess med WLA Precision ErP-serien av industriella v\u00e4tskekylare. Best\u00e4ll din enhet idag!\" \/>\n<meta name=\"robots\" content=\"index, follow, max-snippet:-1, max-image-preview:large, max-video-preview:-1\" \/>\n<link rel=\"canonical\" href=\"https:\/\/c-profil.se\/english\/product\/chiller-wla-precision-erp\/\" \/>\n<meta property=\"og:locale\" content=\"en_US\" \/>\n<meta property=\"og:type\" content=\"article\" \/>\n<meta property=\"og:title\" content=\"Chiller | WLA Precision ErP - C-Pro\" \/>\n<meta property=\"og:description\" content=\"Chiller \/ WLA Precision ErP - Den nya WLA Precision-serien\u00a0av industriella v\u00e4tskekylare har utformats f\u00f6r att\u00a0garantera de h\u00f6ga krav p\u00e5 tillf\u00f6rlitlighet\u00a0som kr\u00e4vs av produktionsprocesser som k\u00f6rs 24\/7\u00a0och uppfyller perfekt behoven hos applikationer som kr\u00e4ver h\u00f6ga krav p\u00e5 kvalitet och tillf\u00f6rlitlighet.  Tack vare den noggranna designen och dedikerade tekniska l\u00f6sningarna som f\u00f6r\u00e5ngare och kondensorer med stor utbytesyta, den elektroniska expansionsventilen som standard och de nya h\u00f6geffektiva axialfl\u00e4ktarna, k\u00e4nnetecknas WLA Precision ErP-serien av sin\u00a0h\u00f6ga termodynamiska prestanda, som \u00f6vertr\u00e4ffar minimikraven f\u00f6r energieffektivitet som st\u00e4lls i det europeiska ErP Ecodesign-direktivet.  F\u00f6rdelar:   Energieffektivitet\u00a0: termodynamisk optimering och \u00f6kade utbytesytor till\u00e5ter WLA-precisions ErP-enheter att uppfylla gr\u00e4nserna som kr\u00e4vs enligt ErP2021 \u2013 SEPR HT (EU) 2016\/2281 \u2013 SEPR MT (EU) 2015\/1095.  Ut\u00f6kade driftgr\u00e4nser\u00a0: max uteluftstemperatur +45\u00b0C; min -10\u00b0C (-20\u00b0C i LT-version); max utloppstemperatur f\u00f6r f\u00f6r\u00e5ngarens vatten upp till +25\u00b0C; min 0\u00b0C (-10\u00b0C i BRINE-version);  Utomhusinstallationer\u00a0: den elektriska panelen tillverkad i enlighet med EN 60204 och med IP44-klassificering (IP54 tillval) till\u00e5ter utomhusinstallation;  STANDARD version \u2013 Icke j\u00e4rnhaltig\u00a0: inkluderar en AISI316 l\u00f6dd pl\u00e5tf\u00f6r\u00e5ngare skyddad fr\u00e5n frysning av en differentialtrycksbrytare och en frysskyddssond. Den hydroniska modulen \u00e4r l\u00e4mplig f\u00f6r atmosf\u00e4riska hydrauliska kretsar och inkluderar en AISI304-tank utrustad med en niv\u00e5sensor och kretsen som best\u00e5r av icke-j\u00e4rnhaltiga material;  Elektronisk expansionsventil (EEV)\u00a0: optimerar driften av k\u00f6ldmediekretsen under alla termiska belastningsf\u00f6rh\u00e5llanden;  Automatisk hydraulisk bypass-ventil\u00a0: skyddar pumpen och hydraulkretsen som en tryckbegr\u00e4nsande anordning;  Fas\u00f6vervakning\u00a0: ger skydd mot f\u00f6rlust och elektrisk fasomkastning;  H\u00f6geffektiva borstl\u00f6sa EC-axialfl\u00e4ktar\u00a0: standard f\u00f6r LASER- och LT-versioner med l\u00e5g omgivningstemperatur.\" \/>\n<meta property=\"og:url\" content=\"https:\/\/c-profil.se\/english\/product\/chiller-wla-precision-erp\/\" \/>\n<meta property=\"og:site_name\" content=\"C-Pro\" \/>\n<meta property=\"article:publisher\" content=\"https:\/\/www.facebook.com\/people\/C-Pro\/61561767306874\/\" \/>\n<meta property=\"article:modified_time\" content=\"2026-03-17T13:44:23+00:00\" \/>\n<meta property=\"og:image\" content=\"https:\/\/c-profil.se\/wp-content\/uploads\/2024\/11\/Chiller-WLA-Precision-ErP.jpg\" \/>\n\t<meta property=\"og:image:width\" content=\"1000\" \/>\n\t<meta property=\"og:image:height\" content=\"1000\" \/>\n\t<meta property=\"og:image:type\" content=\"image\/jpeg\" \/>\n<meta name=\"twitter:card\" content=\"summary_large_image\" \/>\n<meta name=\"twitter:label1\" content=\"Price\" \/>\n\t<meta name=\"twitter:data1\" content=\"\" \/>\n\t<meta name=\"twitter:label2\" content=\"Availability\" \/>\n\t<meta name=\"twitter:data2\" content=\"In stock\" \/>\n<script type=\"application\/ld+json\" class=\"yoast-schema-graph\">{\"@context\":\"https:\\\/\\\/schema.org\",\"@graph\":[{\"@type\":\"WebPage\",\"@id\":\"https:\\\/\\\/c-profil.se\\\/produkt\\\/chiller-wla-precision-erp\\\/\",\"url\":\"https:\\\/\\\/c-profil.se\\\/produkt\\\/chiller-wla-precision-erp\\\/\",\"name\":\"Chiller | WLA Precision ErP - C-Pro\",\"isPartOf\":{\"@id\":\"https:\\\/\\\/c-profil.se\\\/#website\"},\"primaryImageOfPage\":{\"@id\":\"https:\\\/\\\/c-profil.se\\\/produkt\\\/chiller-wla-precision-erp\\\/#primaryimage\"},\"image\":{\"@id\":\"https:\\\/\\\/c-profil.se\\\/produkt\\\/chiller-wla-precision-erp\\\/#primaryimage\"},\"thumbnailUrl\":\"https:\\\/\\\/c-profil.se\\\/wp-content\\\/uploads\\\/2024\\\/11\\\/Chiller-WLA-Precision-ErP.jpg\",\"datePublished\":\"2024-11-22T12:07:00+00:00\",\"dateModified\":\"2026-03-17T13:44:23+00:00\",\"description\":\"Maximera tillf\u00f6rlitligheten och kvaliteten i din produktionsprocess med WLA Precision ErP-serien av industriella v\u00e4tskekylare. Best\u00e4ll din enhet idag!\",\"breadcrumb\":{\"@id\":\"https:\\\/\\\/c-profil.se\\\/produkt\\\/chiller-wla-precision-erp\\\/#breadcrumb\"},\"inLanguage\":\"en\",\"potentialAction\":[{\"@type\":\"ReadAction\",\"target\":[\"https:\\\/\\\/c-profil.se\\\/produkt\\\/chiller-wla-precision-erp\\\/\"]}]},{\"@type\":\"ImageObject\",\"inLanguage\":\"en\",\"@id\":\"https:\\\/\\\/c-profil.se\\\/produkt\\\/chiller-wla-precision-erp\\\/#primaryimage\",\"url\":\"https:\\\/\\\/c-profil.se\\\/wp-content\\\/uploads\\\/2024\\\/11\\\/Chiller-WLA-Precision-ErP.jpg\",\"contentUrl\":\"https:\\\/\\\/c-profil.se\\\/wp-content\\\/uploads\\\/2024\\\/11\\\/Chiller-WLA-Precision-ErP.jpg\",\"width\":1000,\"height\":1000,\"caption\":\"Chiller WLA Precision ErP\"},{\"@type\":\"BreadcrumbList\",\"@id\":\"https:\\\/\\\/c-profil.se\\\/produkt\\\/chiller-wla-precision-erp\\\/#breadcrumb\",\"itemListElement\":[{\"@type\":\"ListItem\",\"position\":1,\"name\":\"Hem\",\"item\":\"https:\\\/\\\/c-profil.se\\\/\"},{\"@type\":\"ListItem\",\"position\":2,\"name\":\"Produkter\",\"item\":\"https:\\\/\\\/c-profil.se\\\/produkter\\\/\"},{\"@type\":\"ListItem\",\"position\":3,\"name\":\"Chillers - industrikylare\",\"item\":\"https:\\\/\\\/c-profil.se\\\/produkt-kategori\\\/chillers\\\/\"},{\"@type\":\"ListItem\",\"position\":4,\"name\":\"Chiller | WLA Precision ErP\"}]},{\"@type\":\"WebSite\",\"@id\":\"https:\\\/\\\/c-profil.se\\\/#website\",\"url\":\"https:\\\/\\\/c-profil.se\\\/\",\"name\":\"C-Pro\",\"description\":\"Produkter f\u00f6r El och Automation\",\"publisher\":{\"@id\":\"https:\\\/\\\/c-profil.se\\\/#organization\"},\"potentialAction\":[{\"@type\":\"SearchAction\",\"target\":{\"@type\":\"EntryPoint\",\"urlTemplate\":\"https:\\\/\\\/c-profil.se\\\/?s={search_term_string}\"},\"query-input\":{\"@type\":\"PropertyValueSpecification\",\"valueRequired\":true,\"valueName\":\"search_term_string\"}}],\"inLanguage\":\"en\"},{\"@type\":\"Organization\",\"@id\":\"https:\\\/\\\/c-profil.se\\\/#organization\",\"name\":\"C-Pro\",\"alternateName\":\"C-PRO\",\"url\":\"https:\\\/\\\/c-profil.se\\\/\",\"logo\":{\"@type\":\"ImageObject\",\"inLanguage\":\"en\",\"@id\":\"https:\\\/\\\/c-profil.se\\\/#\\\/schema\\\/logo\\\/image\\\/\",\"url\":\"https:\\\/\\\/c-profil.se\\\/wp-content\\\/uploads\\\/2022\\\/03\\\/c-pro-logga-liggande-500x500-1.png\",\"contentUrl\":\"https:\\\/\\\/c-profil.se\\\/wp-content\\\/uploads\\\/2022\\\/03\\\/c-pro-logga-liggande-500x500-1.png\",\"width\":500,\"height\":500,\"caption\":\"C-Pro\"},\"image\":{\"@id\":\"https:\\\/\\\/c-profil.se\\\/#\\\/schema\\\/logo\\\/image\\\/\"},\"sameAs\":[\"https:\\\/\\\/www.facebook.com\\\/people\\\/C-Pro\\\/61561767306874\\\/\",\"https:\\\/\\\/www.linkedin.com\\\/company\\\/c-pro-ab\",\"https:\\\/\\\/www.instagram.com\\\/cpro.ab\\\/\"],\"description\":\"C-PRO AB \u00e4r en helt\u00e4ckande leverant\u00f6r av material f\u00f6r applikationer inom el och automation. \u00c4nda sedan starten 1987 har vi f\u00f6rsett den svenska tillverkande industrin med elmaterial. Trots v\u00e5r storlek och ledande position har vi aldrig \u00f6vergett v\u00e5r grundfilosofi, att vara en personlig leverant\u00f6r. Vi p\u00e5 C-PRO \u00e4r l\u00e4tta att komma i kontakt med, \u00e4rliga och brinner f\u00f6r att l\u00f6sa v\u00e5ra kunders problem.\",\"email\":\"info@c-profil.se\",\"telephone\":\"031575785\",\"legalName\":\"C-Profil F\u00f6rl\u00e4ggningsmaterial AB\",\"foundingDate\":\"1987-01-01\"}]}<\/script>\n<meta property=\"product:brand\" content=\"kr\u00e4vande milj\u00f6\" \/>\n<meta property=\"product:price:currency\" content=\"SEK\" \/>\n<meta property=\"og:availability\" content=\"instock\" \/>\n<meta property=\"product:availability\" content=\"instock\" \/>\n<meta property=\"product:retailer_item_id\" content=\"WLA Precision ErP\" \/>\n<meta property=\"product:condition\" content=\"new\" \/>\n<!-- \/ Yoast SEO Premium plugin. -->","yoast_head_json":{"title":"Chiller | WLA Precision ErP - C-Pro","description":"Maximize the reliability and quality of your production process with the WLA Precision ErP series of industrial liquid chillers. Order your device today!","robots":{"index":"index","follow":"follow","max-snippet":"max-snippet:-1","max-image-preview":"max-image-preview:large","max-video-preview":"max-video-preview:-1"},"canonical":"https:\/\/c-profil.se\/english\/product\/chiller-wla-precision-erp\/","og_locale":"en_US","og_type":"article","og_title":"Chiller | WLA Precision ErP - C-Pro","og_description":"Chiller \/ WLA Precision ErP - Den nya WLA Precision-serien\u00a0av industriella v\u00e4tskekylare har utformats f\u00f6r att\u00a0garantera de h\u00f6ga krav p\u00e5 tillf\u00f6rlitlighet\u00a0som kr\u00e4vs av produktionsprocesser som k\u00f6rs 24\/7\u00a0och uppfyller perfekt behoven hos applikationer som kr\u00e4ver h\u00f6ga krav p\u00e5 kvalitet och tillf\u00f6rlitlighet.  Tack vare den noggranna designen och dedikerade tekniska l\u00f6sningarna som f\u00f6r\u00e5ngare och kondensorer med stor utbytesyta, den elektroniska expansionsventilen som standard och de nya h\u00f6geffektiva axialfl\u00e4ktarna, k\u00e4nnetecknas WLA Precision ErP-serien av sin\u00a0h\u00f6ga termodynamiska prestanda, som \u00f6vertr\u00e4ffar minimikraven f\u00f6r energieffektivitet som st\u00e4lls i det europeiska ErP Ecodesign-direktivet.  F\u00f6rdelar:   Energieffektivitet\u00a0: termodynamisk optimering och \u00f6kade utbytesytor till\u00e5ter WLA-precisions ErP-enheter att uppfylla gr\u00e4nserna som kr\u00e4vs enligt ErP2021 \u2013 SEPR HT (EU) 2016\/2281 \u2013 SEPR MT (EU) 2015\/1095.  Ut\u00f6kade driftgr\u00e4nser\u00a0: max uteluftstemperatur +45\u00b0C; min -10\u00b0C (-20\u00b0C i LT-version); max utloppstemperatur f\u00f6r f\u00f6r\u00e5ngarens vatten upp till +25\u00b0C; min 0\u00b0C (-10\u00b0C i BRINE-version);  Utomhusinstallationer\u00a0: den elektriska panelen tillverkad i enlighet med EN 60204 och med IP44-klassificering (IP54 tillval) till\u00e5ter utomhusinstallation;  STANDARD version \u2013 Icke j\u00e4rnhaltig\u00a0: inkluderar en AISI316 l\u00f6dd pl\u00e5tf\u00f6r\u00e5ngare skyddad fr\u00e5n frysning av en differentialtrycksbrytare och en frysskyddssond. Den hydroniska modulen \u00e4r l\u00e4mplig f\u00f6r atmosf\u00e4riska hydrauliska kretsar och inkluderar en AISI304-tank utrustad med en niv\u00e5sensor och kretsen som best\u00e5r av icke-j\u00e4rnhaltiga material;  Elektronisk expansionsventil (EEV)\u00a0: optimerar driften av k\u00f6ldmediekretsen under alla termiska belastningsf\u00f6rh\u00e5llanden;  Automatisk hydraulisk bypass-ventil\u00a0: skyddar pumpen och hydraulkretsen som en tryckbegr\u00e4nsande anordning;  Fas\u00f6vervakning\u00a0: ger skydd mot f\u00f6rlust och elektrisk fasomkastning;  H\u00f6geffektiva borstl\u00f6sa EC-axialfl\u00e4ktar\u00a0: standard f\u00f6r LASER- och LT-versioner med l\u00e5g omgivningstemperatur.","og_url":"https:\/\/c-profil.se\/english\/product\/chiller-wla-precision-erp\/","og_site_name":"C-Pro","article_publisher":"https:\/\/www.facebook.com\/people\/C-Pro\/61561767306874\/","article_modified_time":"2026-03-17T13:44:23+00:00","og_image":[{"width":1000,"height":1000,"url":"https:\/\/c-profil.se\/wp-content\/uploads\/2024\/11\/Chiller-WLA-Precision-ErP.jpg","type":"image\/jpeg"}],"twitter_card":"summary_large_image","twitter_misc":{"Price":"","Availability":"In stock"},"schema":{"@context":"https:\/\/schema.org","@graph":[{"@type":"WebPage","@id":"https:\/\/c-profil.se\/produkt\/chiller-wla-precision-erp\/","url":"https:\/\/c-profil.se\/produkt\/chiller-wla-precision-erp\/","name":"Chiller | WLA Precision ErP - C-Pro","isPartOf":{"@id":"https:\/\/c-profil.se\/#website"},"primaryImageOfPage":{"@id":"https:\/\/c-profil.se\/produkt\/chiller-wla-precision-erp\/#primaryimage"},"image":{"@id":"https:\/\/c-profil.se\/produkt\/chiller-wla-precision-erp\/#primaryimage"},"thumbnailUrl":"https:\/\/c-profil.se\/wp-content\/uploads\/2024\/11\/Chiller-WLA-Precision-ErP.jpg","datePublished":"2024-11-22T12:07:00+00:00","dateModified":"2026-03-17T13:44:23+00:00","description":"Maximize the reliability and quality of your production process with the WLA Precision ErP series of industrial liquid chillers. Order your device today!","breadcrumb":{"@id":"https:\/\/c-profil.se\/produkt\/chiller-wla-precision-erp\/#breadcrumb"},"inLanguage":"en","potentialAction":[{"@type":"ReadAction","target":["https:\/\/c-profil.se\/produkt\/chiller-wla-precision-erp\/"]}]},{"@type":"ImageObject","inLanguage":"en","@id":"https:\/\/c-profil.se\/produkt\/chiller-wla-precision-erp\/#primaryimage","url":"https:\/\/c-profil.se\/wp-content\/uploads\/2024\/11\/Chiller-WLA-Precision-ErP.jpg","contentUrl":"https:\/\/c-profil.se\/wp-content\/uploads\/2024\/11\/Chiller-WLA-Precision-ErP.jpg","width":1000,"height":1000,"caption":"Chiller WLA Precision ErP"},{"@type":"BreadcrumbList","@id":"https:\/\/c-profil.se\/produkt\/chiller-wla-precision-erp\/#breadcrumb","itemListElement":[{"@type":"ListItem","position":1,"name":"Hem","item":"https:\/\/c-profil.se\/"},{"@type":"ListItem","position":2,"name":"Produkter","item":"https:\/\/c-profil.se\/produkter\/"},{"@type":"ListItem","position":3,"name":"Chillers - industrikylare","item":"https:\/\/c-profil.se\/produkt-kategori\/chillers\/"},{"@type":"ListItem","position":4,"name":"Chiller | WLA Precision ErP"}]},{"@type":"WebSite","@id":"https:\/\/c-profil.se\/#website","url":"https:\/\/c-profil.se\/","name":"C-Pro","description":"Products for Electricity and Automation","publisher":{"@id":"https:\/\/c-profil.se\/#organization"},"potentialAction":[{"@type":"SearchAction","target":{"@type":"EntryPoint","urlTemplate":"https:\/\/c-profil.se\/?s={search_term_string}"},"query-input":{"@type":"PropertyValueSpecification","valueRequired":true,"valueName":"search_term_string"}}],"inLanguage":"en"},{"@type":"Organization","@id":"https:\/\/c-profil.se\/#organization","name":"C-Pro","alternateName":"C-PRO","url":"https:\/\/c-profil.se\/","logo":{"@type":"ImageObject","inLanguage":"en","@id":"https:\/\/c-profil.se\/#\/schema\/logo\/image\/","url":"https:\/\/c-profil.se\/wp-content\/uploads\/2022\/03\/c-pro-logga-liggande-500x500-1.png","contentUrl":"https:\/\/c-profil.se\/wp-content\/uploads\/2022\/03\/c-pro-logga-liggande-500x500-1.png","width":500,"height":500,"caption":"C-Pro"},"image":{"@id":"https:\/\/c-profil.se\/#\/schema\/logo\/image\/"},"sameAs":["https:\/\/www.facebook.com\/people\/C-Pro\/61561767306874\/","https:\/\/www.linkedin.com\/company\/c-pro-ab","https:\/\/www.instagram.com\/cpro.ab\/"],"description":"C-PRO AB is a comprehensive supplier of materials for applications in electricity and automation. Ever since the start in 1987, we have supplied the Swedish manufacturing industry with electrical materials. Despite our size and leading position, we have never abandoned our basic philosophy, to be a personal supplier. We at C-PRO are easy to get in touch with, honest and passionate about solving our customers&#039; problems.","email":"info@c-profil.se","telephone":"031575785","legalName":"C-Profil F\u00f6rl\u00e4ggningsmaterial AB","foundingDate":"1987-01-01"}]},"product_brand":"kr\u00e4vande milj\u00f6","product_price_currency":"SEK","og_availability":"instock","product_availability":"instock","product_retailer_item_id":"WLA Precision ErP","product_condition":"new"},"_links":{"self":[{"href":"https:\/\/c-profil.se\/english\/wp-json\/wp\/v2\/product\/51407","targetHints":{"allow":["GET"]}}],"collection":[{"href":"https:\/\/c-profil.se\/english\/wp-json\/wp\/v2\/product"}],"about":[{"href":"https:\/\/c-profil.se\/english\/wp-json\/wp\/v2\/types\/product"}],"version-history":[{"count":9,"href":"https:\/\/c-profil.se\/english\/wp-json\/wp\/v2\/product\/51407\/revisions"}],"predecessor-version":[{"id":74381,"href":"https:\/\/c-profil.se\/english\/wp-json\/wp\/v2\/product\/51407\/revisions\/74381"}],"wp:featuredmedia":[{"embeddable":true,"href":"https:\/\/c-profil.se\/english\/wp-json\/wp\/v2\/media\/51408"}],"wp:attachment":[{"href":"https:\/\/c-profil.se\/english\/wp-json\/wp\/v2\/media?parent=51407"}],"wp:term":[{"taxonomy":"product_brand","embeddable":true,"href":"https:\/\/c-profil.se\/english\/wp-json\/wp\/v2\/product_brand?post=51407"},{"taxonomy":"product_cat","embeddable":true,"href":"https:\/\/c-profil.se\/english\/wp-json\/wp\/v2\/product_cat?post=51407"},{"taxonomy":"product_tag","embeddable":true,"href":"https:\/\/c-profil.se\/english\/wp-json\/wp\/v2\/product_tag?post=51407"}],"curies":[{"name":"wp","href":"https:\/\/api.w.org\/{rel}","templated":true}]}}