{"id":41237,"date":"2023-12-07T13:23:00","date_gmt":"2023-12-07T12:23:00","guid":{"rendered":"https:\/\/c-profil.se\/?post_type=product&#038;p=41237"},"modified":"2026-05-07T11:07:41","modified_gmt":"2026-05-07T10:07:41","slug":"servicebox-ktqt-eng","status":"publish","type":"product","link":"https:\/\/c-profil.se\/english\/produkt\/servicebox-ktqt\/","title":{"rendered":"ServiceBox Cable Inserts"},"content":{"rendered":"<p><strong>ServiceBox Cable Inserts is a service box for industrial installations and maintenance<\/strong>, designed to collect KT and QT bushings and accessories in one place.<br \/>\nThe service box provides quick access to the correct inserts during installation and service work and facilitates efficient assembly in the field.<\/p>","protected":false},"excerpt":{"rendered":"<p class=\"ai-optimize-37\"><strong>ServiceBox Cable Inserts<\/strong> is perfect for installation and service jobs. It ensures that you have your QT &amp; KT bushings in one place and ready to use.<\/p>\n<p class=\"ai-optimize-38\"><strong>Contents of the KT ServiceBox:<\/strong><\/p>\n<ul>\n<li class=\"ai-optimize-39\">Small Efforts:\n<ul>\n<li class=\"ai-optimize-40\">110\u00d7 KT for cables 1 - 17 mm<\/li>\n<li class=\"ai-optimize-41\">10\u00d7 BTK blank grommets<\/li>\n<li class=\"ai-optimize-42\">3\u00d7 KTMB multi-range grommets<\/li>\n<li class=\"ai-optimize-43\">2\u00d7 KT-DPF mutli-range grommets<\/li>\n<li class=\"ai-optimize-44\">8\u00d7 KT-ASI for ASI-Bus cables<\/li>\n<\/ul>\n<\/li>\n<li class=\"ai-optimize-45\">Major Efforts:\n<ul>\n<li class=\"ai-optimize-46\">25\u00d7 KT for cables 16 - 35 mm<\/li>\n<li class=\"ai-optimize-47\">4\u00d7 Blank \/ adapter grommets<\/li>\n<li class=\"ai-optimize-48\">3\u00d7 KTMB multi-range grommets<\/li>\n<li class=\"ai-optimize-49\">2\u00d7 DT multi-membrane grommets<\/li>\n<li class=\"ai-optimize-50\">2\u00d7 KT-DPF mutli-range grommets<\/li>\n<\/ul>\n<\/li>\n<li class=\"ai-optimize-52\">Accessories:\n<ul>\n<li class=\"ai-optimize-53\">2\u00d7 KEL-U 10 cable entry frames<\/li>\n<li class=\"ai-optimize-54\">1\u00d7 KVT split cable gland<\/li>\n<li class=\"ai-optimize-57\">1\u00d7 KZL strain relief plate<\/li>\n<li class=\"ai-optimize-58\">1\u00d7 Cable template<\/li>\n<\/ul>\n<\/li>\n<\/ul>\n<p class=\"ai-optimize-38\"><strong>Contents QT ServiceBox:<\/strong><\/p>\n<ul>\n<li class=\"ai-optimize-39\">Small Efforts:\n<ul>\n<li class=\"ai-optimize-40\">210\u00d7 QT for cables 1 - 15 mm<\/li>\n<li class=\"ai-optimize-41\">10\u00d7 QTB blank grommets<\/li>\n<\/ul>\n<\/li>\n<li class=\"ai-optimize-52\">Accessories<strong>:<\/strong>\n<ul>\n<li class=\"ai-optimize-53\">5\u00d7 KEL-QTA 50 cable entry plates<\/li>\n<li class=\"ai-optimize-54\">1\u00d7 KEL-QTA 32 cable entry plate<\/li>\n<li class=\"ai-optimize-59\">1\u00d7 KEL-QTA 24 cable entry plate<\/li>\n<li class=\"ai-optimize-60\">1\u00d7 KEL-QTA 10 cable entry plate<\/li>\n<li class=\"ai-optimize-61\">1\u00d7 KEL-QUICK 24 cable entry frame<\/li>\n<li class=\"ai-optimize-62\">1\u00d7 QVT 25 split cable gland<\/li>\n<li class=\"ai-optimize-63\">1\u00d7 QVT-CLICK 32 split cable gland<\/li>\n<li class=\"ai-optimize-64\">1\u00d7 Cable template<\/li>\n<\/ul>\n<\/li>\n<\/ul>\n<p class=\"ai-optimize-65\">Subject to alterations<\/p>","protected":false},"featured_media":50996,"template":"","meta":{"_acf_changed":false},"product_brand":[740],"product_cat":[1007],"product_tag":[953,992,938,1005,939],"class_list":{"0":"post-41237","1":"product","2":"type-product","3":"status-publish","4":"has-post-thumbnail","6":"product_brand-icotek","7":"product_cat-kabelinsatser","8":"product_tag-eftermontering","9":"product_tag-kabelgenomforing","10":"product_tag-kabelinforing","11":"product_tag-platbearbetning","12":"product_tag-tatning","14":"first","15":"instock","16":"shipping-taxable","17":"product-type-simple"},"acf":[],"yoast_head":"<!-- This site is optimized with the Yoast SEO Premium plugin v27.5 (Yoast SEO v27.5) - https:\/\/yoast.com\/product\/yoast-seo-premium-wordpress\/ -->\n<title>ServiceBox Kabelinsatser - C-Pro<\/title>\n<meta name=\"description\" content=\"ServiceBox Kabelinsatser \u00e4r perfekt vid installation och servicejobb. Den ser till att du har dina QT &amp; KT genomf\u00f6ringar p\u00e5 ett st\u00e4lle.\" \/>\n<meta name=\"robots\" content=\"index, follow, max-snippet:-1, max-image-preview:large, max-video-preview:-1\" \/>\n<link rel=\"canonical\" href=\"https:\/\/c-profil.se\/english\/product\/servicebox-ktqt-eng\/\" \/>\n<meta property=\"og:locale\" content=\"en_US\" \/>\n<meta property=\"og:type\" content=\"article\" \/>\n<meta property=\"og:title\" content=\"ServiceBox Kabelinsatser - C-Pro\" \/>\n<meta property=\"og:description\" content=\"ServiceBox Kabelinsatser \u00e4r perfekt vid installation och servicejobb. Den ser till att du har dina QT &amp; KT genomf\u00f6ringar p\u00e5 ett st\u00e4lle och redo att anv\u00e4ndas. Inneh\u00e5ll KT ServiceBox:    Sm\u00e5 Insatser:   110\u00d7 KT f\u00f6r kablar 1 - 17 mm  10\u00d7 BTK blank insatser  10\u00d7 KTMB multi-range insatser  2\u00d7 KT-DPF mutli-range insatser  8\u00d7 KT-ASI f\u00f6r ASI-Bus-kablar    Stora Insatser:   25\u00d7 KT f\u00f6r kablar 16 - 35 mm  4\u00d7 blank \/ adapter insatser  10\u00d7 KTMB multi-range insatser  2\u00d7 DT multi-membran insatser  2\u00d7 KT-DPF mutli-range insatser    Tillbeh\u00f6r:   2\u00d7 KEL-U 10 kabelgenomf\u00f6ring  1\u00d7 KVT kabelf\u00f6rskruvning  1\u00d7 KZL dragavlastningsplatta  1\u00d7 Kabelmall    Inneh\u00e5ll QT ServiceBox:    Sm\u00e5 Insatser:   210\u00d7 QT f\u00f6r kablar 1 - 15 mm  10\u00d7 QTB blank insatser    Tillbeh\u00f6r:   5\u00d7 KEL-QTA 50 kabelgenomf\u00f6ring  1\u00d7 KEL-QTA 32 kabelgenomf\u00f6ring  1\u00d7 KEL-QTA 24 kabelgenomf\u00f6ring  1\u00d7 KEL-QTA 10 kabelgenomf\u00f6ring  1\u00d7 KEL-QUICK 24 kabelgenomf\u00f6ring  1\u00d7 QVT 25 kabelf\u00f6rskruvning  1\u00d7 QVT-CLICK 32 kabelf\u00f6rskruvning  1\u00d7 Kabelmall    Med f\u00f6rbeh\u00e5ll f\u00f6r \u00e4ndringar\" \/>\n<meta property=\"og:url\" content=\"https:\/\/c-profil.se\/english\/product\/servicebox-ktqt-eng\/\" \/>\n<meta property=\"og:site_name\" content=\"C-Pro\" \/>\n<meta property=\"article:publisher\" content=\"https:\/\/www.facebook.com\/people\/C-Pro\/61561767306874\/\" \/>\n<meta property=\"article:modified_time\" content=\"2026-05-07T10:07:41+00:00\" \/>\n<meta property=\"og:image\" content=\"https:\/\/c-profil.se\/wp-content\/uploads\/2023\/12\/ServiceBox-KT_QT.jpg\" \/>\n\t<meta property=\"og:image:width\" content=\"1000\" \/>\n\t<meta property=\"og:image:height\" content=\"1000\" \/>\n\t<meta property=\"og:image:type\" content=\"image\/jpeg\" \/>\n<meta name=\"twitter:card\" content=\"summary_large_image\" \/>\n<meta name=\"twitter:label1\" content=\"Price\" \/>\n\t<meta name=\"twitter:data1\" content=\"\" \/>\n\t<meta name=\"twitter:label2\" content=\"Availability\" \/>\n\t<meta name=\"twitter:data2\" content=\"In stock\" \/>\n<script type=\"application\/ld+json\" class=\"yoast-schema-graph\">{\"@context\":\"https:\\\/\\\/schema.org\",\"@graph\":[{\"@type\":\"WebPage\",\"@id\":\"https:\\\/\\\/c-profil.se\\\/produkt\\\/servicebox-ktqt\\\/\",\"url\":\"https:\\\/\\\/c-profil.se\\\/produkt\\\/servicebox-ktqt\\\/\",\"name\":\"ServiceBox Kabelinsatser - C-Pro\",\"isPartOf\":{\"@id\":\"https:\\\/\\\/c-profil.se\\\/#website\"},\"primaryImageOfPage\":{\"@id\":\"https:\\\/\\\/c-profil.se\\\/produkt\\\/servicebox-ktqt\\\/#primaryimage\"},\"image\":{\"@id\":\"https:\\\/\\\/c-profil.se\\\/produkt\\\/servicebox-ktqt\\\/#primaryimage\"},\"thumbnailUrl\":\"https:\\\/\\\/c-profil.se\\\/wp-content\\\/uploads\\\/2023\\\/12\\\/ServiceBox-KT_QT.jpg\",\"datePublished\":\"2023-12-07T12:23:00+00:00\",\"dateModified\":\"2026-05-07T10:07:41+00:00\",\"description\":\"ServiceBox Kabelinsatser \u00e4r perfekt vid installation och servicejobb. Den ser till att du har dina QT & KT genomf\u00f6ringar p\u00e5 ett st\u00e4lle.\",\"breadcrumb\":{\"@id\":\"https:\\\/\\\/c-profil.se\\\/produkt\\\/servicebox-ktqt\\\/#breadcrumb\"},\"inLanguage\":\"en\",\"potentialAction\":[{\"@type\":\"ReadAction\",\"target\":[\"https:\\\/\\\/c-profil.se\\\/produkt\\\/servicebox-ktqt\\\/\"]}]},{\"@type\":\"ImageObject\",\"inLanguage\":\"en\",\"@id\":\"https:\\\/\\\/c-profil.se\\\/produkt\\\/servicebox-ktqt\\\/#primaryimage\",\"url\":\"https:\\\/\\\/c-profil.se\\\/wp-content\\\/uploads\\\/2023\\\/12\\\/ServiceBox-KT_QT.jpg\",\"contentUrl\":\"https:\\\/\\\/c-profil.se\\\/wp-content\\\/uploads\\\/2023\\\/12\\\/ServiceBox-KT_QT.jpg\",\"width\":1000,\"height\":1000,\"caption\":\"ServiceBox KT_QT\"},{\"@type\":\"BreadcrumbList\",\"@id\":\"https:\\\/\\\/c-profil.se\\\/produkt\\\/servicebox-ktqt\\\/#breadcrumb\",\"itemListElement\":[{\"@type\":\"ListItem\",\"position\":1,\"name\":\"Hem\",\"item\":\"https:\\\/\\\/c-profil.se\\\/\"},{\"@type\":\"ListItem\",\"position\":2,\"name\":\"Produkter\",\"item\":\"https:\\\/\\\/c-profil.se\\\/produkter\\\/\"},{\"@type\":\"ListItem\",\"position\":3,\"name\":\"Kabelinsatser\",\"item\":\"https:\\\/\\\/c-profil.se\\\/produkt-kategori\\\/kabelinsatser\\\/\"},{\"@type\":\"ListItem\",\"position\":4,\"name\":\"ServiceBox Kabelinsatser\"}]},{\"@type\":\"WebSite\",\"@id\":\"https:\\\/\\\/c-profil.se\\\/#website\",\"url\":\"https:\\\/\\\/c-profil.se\\\/\",\"name\":\"C-Pro\",\"description\":\"Produkter f\u00f6r El och Automation\",\"publisher\":{\"@id\":\"https:\\\/\\\/c-profil.se\\\/#organization\"},\"potentialAction\":[{\"@type\":\"SearchAction\",\"target\":{\"@type\":\"EntryPoint\",\"urlTemplate\":\"https:\\\/\\\/c-profil.se\\\/?s={search_term_string}\"},\"query-input\":{\"@type\":\"PropertyValueSpecification\",\"valueRequired\":true,\"valueName\":\"search_term_string\"}}],\"inLanguage\":\"en\"},{\"@type\":\"Organization\",\"@id\":\"https:\\\/\\\/c-profil.se\\\/#organization\",\"name\":\"C-Pro\",\"alternateName\":\"C-PRO\",\"url\":\"https:\\\/\\\/c-profil.se\\\/\",\"logo\":{\"@type\":\"ImageObject\",\"inLanguage\":\"en\",\"@id\":\"https:\\\/\\\/c-profil.se\\\/#\\\/schema\\\/logo\\\/image\\\/\",\"url\":\"https:\\\/\\\/c-profil.se\\\/wp-content\\\/uploads\\\/2022\\\/03\\\/c-pro-logga-liggande-500x500-1.png\",\"contentUrl\":\"https:\\\/\\\/c-profil.se\\\/wp-content\\\/uploads\\\/2022\\\/03\\\/c-pro-logga-liggande-500x500-1.png\",\"width\":500,\"height\":500,\"caption\":\"C-Pro\"},\"image\":{\"@id\":\"https:\\\/\\\/c-profil.se\\\/#\\\/schema\\\/logo\\\/image\\\/\"},\"sameAs\":[\"https:\\\/\\\/www.facebook.com\\\/people\\\/C-Pro\\\/61561767306874\\\/\",\"https:\\\/\\\/www.linkedin.com\\\/company\\\/c-pro-ab\",\"https:\\\/\\\/www.instagram.com\\\/cpro.ab\\\/\"],\"description\":\"C-PRO AB \u00e4r en helt\u00e4ckande leverant\u00f6r av material f\u00f6r applikationer inom el och automation. \u00c4nda sedan starten 1987 har vi f\u00f6rsett den svenska tillverkande industrin med elmaterial. Trots v\u00e5r storlek och ledande position har vi aldrig \u00f6vergett v\u00e5r grundfilosofi, att vara en personlig leverant\u00f6r. Vi p\u00e5 C-PRO \u00e4r l\u00e4tta att komma i kontakt med, \u00e4rliga och brinner f\u00f6r att l\u00f6sa v\u00e5ra kunders problem.\",\"email\":\"info@c-profil.se\",\"telephone\":\"031575785\",\"legalName\":\"C-Profil F\u00f6rl\u00e4ggningsmaterial AB\",\"foundingDate\":\"1987-01-01\"}]}<\/script>\n<meta property=\"product:brand\" content=\"eftermontering\" \/>\n<meta property=\"product:price:currency\" content=\"SEK\" \/>\n<meta property=\"og:availability\" content=\"instock\" \/>\n<meta property=\"product:availability\" content=\"instock\" \/>\n<meta property=\"product:retailer_item_id\" content=\"ServiceBox Kabelinsatser\" \/>\n<meta property=\"product:condition\" content=\"new\" \/>\n<!-- \/ Yoast SEO Premium plugin. -->","yoast_head_json":{"title":"ServiceBox Cable Inserts - C-Pro","description":"ServiceBox Cable Inserts are perfect for installation and service jobs. It ensures that you have your QT &amp; KT bushings in one place.","robots":{"index":"index","follow":"follow","max-snippet":"max-snippet:-1","max-image-preview":"max-image-preview:large","max-video-preview":"max-video-preview:-1"},"canonical":"https:\/\/c-profil.se\/english\/product\/servicebox-ktqt-eng\/","og_locale":"en_US","og_type":"article","og_title":"ServiceBox Kabelinsatser - C-Pro","og_description":"ServiceBox Kabelinsatser \u00e4r perfekt vid installation och servicejobb. Den ser till att du har dina QT &amp; KT genomf\u00f6ringar p\u00e5 ett st\u00e4lle och redo att anv\u00e4ndas. Inneh\u00e5ll KT ServiceBox:    Sm\u00e5 Insatser:   110\u00d7 KT f\u00f6r kablar 1 - 17 mm  10\u00d7 BTK blank insatser  10\u00d7 KTMB multi-range insatser  2\u00d7 KT-DPF mutli-range insatser  8\u00d7 KT-ASI f\u00f6r ASI-Bus-kablar    Stora Insatser:   25\u00d7 KT f\u00f6r kablar 16 - 35 mm  4\u00d7 blank \/ adapter insatser  10\u00d7 KTMB multi-range insatser  2\u00d7 DT multi-membran insatser  2\u00d7 KT-DPF mutli-range insatser    Tillbeh\u00f6r:   2\u00d7 KEL-U 10 kabelgenomf\u00f6ring  1\u00d7 KVT kabelf\u00f6rskruvning  1\u00d7 KZL dragavlastningsplatta  1\u00d7 Kabelmall    Inneh\u00e5ll QT ServiceBox:    Sm\u00e5 Insatser:   210\u00d7 QT f\u00f6r kablar 1 - 15 mm  10\u00d7 QTB blank insatser    Tillbeh\u00f6r:   5\u00d7 KEL-QTA 50 kabelgenomf\u00f6ring  1\u00d7 KEL-QTA 32 kabelgenomf\u00f6ring  1\u00d7 KEL-QTA 24 kabelgenomf\u00f6ring  1\u00d7 KEL-QTA 10 kabelgenomf\u00f6ring  1\u00d7 KEL-QUICK 24 kabelgenomf\u00f6ring  1\u00d7 QVT 25 kabelf\u00f6rskruvning  1\u00d7 QVT-CLICK 32 kabelf\u00f6rskruvning  1\u00d7 Kabelmall    Med f\u00f6rbeh\u00e5ll f\u00f6r \u00e4ndringar","og_url":"https:\/\/c-profil.se\/english\/product\/servicebox-ktqt-eng\/","og_site_name":"C-Pro","article_publisher":"https:\/\/www.facebook.com\/people\/C-Pro\/61561767306874\/","article_modified_time":"2026-05-07T10:07:41+00:00","og_image":[{"width":1000,"height":1000,"url":"https:\/\/c-profil.se\/wp-content\/uploads\/2023\/12\/ServiceBox-KT_QT.jpg","type":"image\/jpeg"}],"twitter_card":"summary_large_image","twitter_misc":{"Price":"","Availability":"In stock"},"schema":{"@context":"https:\/\/schema.org","@graph":[{"@type":"WebPage","@id":"https:\/\/c-profil.se\/produkt\/servicebox-ktqt\/","url":"https:\/\/c-profil.se\/produkt\/servicebox-ktqt\/","name":"ServiceBox Cable Inserts - C-Pro","isPartOf":{"@id":"https:\/\/c-profil.se\/#website"},"primaryImageOfPage":{"@id":"https:\/\/c-profil.se\/produkt\/servicebox-ktqt\/#primaryimage"},"image":{"@id":"https:\/\/c-profil.se\/produkt\/servicebox-ktqt\/#primaryimage"},"thumbnailUrl":"https:\/\/c-profil.se\/wp-content\/uploads\/2023\/12\/ServiceBox-KT_QT.jpg","datePublished":"2023-12-07T12:23:00+00:00","dateModified":"2026-05-07T10:07:41+00:00","description":"ServiceBox Cable Inserts are perfect for installation and service jobs. It ensures that you have your QT &amp; KT bushings in one place.","breadcrumb":{"@id":"https:\/\/c-profil.se\/produkt\/servicebox-ktqt\/#breadcrumb"},"inLanguage":"en","potentialAction":[{"@type":"ReadAction","target":["https:\/\/c-profil.se\/produkt\/servicebox-ktqt\/"]}]},{"@type":"ImageObject","inLanguage":"en","@id":"https:\/\/c-profil.se\/produkt\/servicebox-ktqt\/#primaryimage","url":"https:\/\/c-profil.se\/wp-content\/uploads\/2023\/12\/ServiceBox-KT_QT.jpg","contentUrl":"https:\/\/c-profil.se\/wp-content\/uploads\/2023\/12\/ServiceBox-KT_QT.jpg","width":1000,"height":1000,"caption":"ServiceBox KT_QT"},{"@type":"BreadcrumbList","@id":"https:\/\/c-profil.se\/produkt\/servicebox-ktqt\/#breadcrumb","itemListElement":[{"@type":"ListItem","position":1,"name":"Hem","item":"https:\/\/c-profil.se\/"},{"@type":"ListItem","position":2,"name":"Produkter","item":"https:\/\/c-profil.se\/produkter\/"},{"@type":"ListItem","position":3,"name":"Kabelinsatser","item":"https:\/\/c-profil.se\/produkt-kategori\/kabelinsatser\/"},{"@type":"ListItem","position":4,"name":"ServiceBox Kabelinsatser"}]},{"@type":"WebSite","@id":"https:\/\/c-profil.se\/#website","url":"https:\/\/c-profil.se\/","name":"C-Pro","description":"Products for Electricity and Automation","publisher":{"@id":"https:\/\/c-profil.se\/#organization"},"potentialAction":[{"@type":"SearchAction","target":{"@type":"EntryPoint","urlTemplate":"https:\/\/c-profil.se\/?s={search_term_string}"},"query-input":{"@type":"PropertyValueSpecification","valueRequired":true,"valueName":"search_term_string"}}],"inLanguage":"en"},{"@type":"Organization","@id":"https:\/\/c-profil.se\/#organization","name":"C-Pro","alternateName":"C-PRO","url":"https:\/\/c-profil.se\/","logo":{"@type":"ImageObject","inLanguage":"en","@id":"https:\/\/c-profil.se\/#\/schema\/logo\/image\/","url":"https:\/\/c-profil.se\/wp-content\/uploads\/2022\/03\/c-pro-logga-liggande-500x500-1.png","contentUrl":"https:\/\/c-profil.se\/wp-content\/uploads\/2022\/03\/c-pro-logga-liggande-500x500-1.png","width":500,"height":500,"caption":"C-Pro"},"image":{"@id":"https:\/\/c-profil.se\/#\/schema\/logo\/image\/"},"sameAs":["https:\/\/www.facebook.com\/people\/C-Pro\/61561767306874\/","https:\/\/www.linkedin.com\/company\/c-pro-ab","https:\/\/www.instagram.com\/cpro.ab\/"],"description":"C-PRO AB is a comprehensive supplier of materials for applications in electricity and automation. Ever since the start in 1987, we have supplied the Swedish manufacturing industry with electrical materials. Despite our size and leading position, we have never abandoned our basic philosophy, to be a personal supplier. We at C-PRO are easy to get in touch with, honest and passionate about solving our customers&#039; problems.","email":"info@c-profil.se","telephone":"031575785","legalName":"C-Profil F\u00f6rl\u00e4ggningsmaterial AB","foundingDate":"1987-01-01"}]},"product_brand":"eftermontering","product_price_currency":"SEK","og_availability":"instock","product_availability":"instock","product_retailer_item_id":"ServiceBox Kabelinsatser","product_condition":"new"},"_links":{"self":[{"href":"https:\/\/c-profil.se\/english\/wp-json\/wp\/v2\/product\/41237","targetHints":{"allow":["GET"]}}],"collection":[{"href":"https:\/\/c-profil.se\/english\/wp-json\/wp\/v2\/product"}],"about":[{"href":"https:\/\/c-profil.se\/english\/wp-json\/wp\/v2\/types\/product"}],"version-history":[{"count":12,"href":"https:\/\/c-profil.se\/english\/wp-json\/wp\/v2\/product\/41237\/revisions"}],"predecessor-version":[{"id":75455,"href":"https:\/\/c-profil.se\/english\/wp-json\/wp\/v2\/product\/41237\/revisions\/75455"}],"wp:featuredmedia":[{"embeddable":true,"href":"https:\/\/c-profil.se\/english\/wp-json\/wp\/v2\/media\/50996"}],"wp:attachment":[{"href":"https:\/\/c-profil.se\/english\/wp-json\/wp\/v2\/media?parent=41237"}],"wp:term":[{"taxonomy":"product_brand","embeddable":true,"href":"https:\/\/c-profil.se\/english\/wp-json\/wp\/v2\/product_brand?post=41237"},{"taxonomy":"product_cat","embeddable":true,"href":"https:\/\/c-profil.se\/english\/wp-json\/wp\/v2\/product_cat?post=41237"},{"taxonomy":"product_tag","embeddable":true,"href":"https:\/\/c-profil.se\/english\/wp-json\/wp\/v2\/product_tag?post=41237"}],"curies":[{"name":"wp","href":"https:\/\/api.w.org\/{rel}","templated":true}]}}