{"id":28328,"date":"2021-10-28T12:41:00","date_gmt":"2021-10-28T11:41:00","guid":{"rendered":"https:\/\/c-profil.se\/?post_type=product&#038;p=28328"},"modified":"2026-04-23T09:03:08","modified_gmt":"2026-04-23T08:03:08","slug":"emc-cable-clamp-pcb","status":"publish","type":"product","link":"https:\/\/c-profil.se\/english\/produkt\/emc-skarmklamma-pcbskl\/","title":{"rendered":"EMC Shielding Clamp | PCB\/SKL"},"content":{"rendered":"<p><strong>PCB \/ SKL is an EMC shielding clamp for connecting cable shields to ground potential in industrial applications<\/strong>, designed for safe and reliable shielding of individual wires.<br \/>\nThe shield clamp is mounted on the circuit board via a solder connection and is available in several designs for different cable dimensions.<\/p>","protected":false},"excerpt":{"rendered":"<p>EMC Shield Clamp | PCB\/SKL is used wherever the shield of individual cables must be connected to the ground potential. They enable secure and easy cable shielding.<\/p>\n<p>PCB\/SKL consists of the EMC shield clip SKL itself with a soldering connection attached underneath, which allows for mounting on circuit boards. Various versions can be chosen from.<\/p>\n<p><strong>Advantages<\/strong><\/p>\n<ul>\n<li>The spring design requires no adjustments and will permanently maintain contact to the cable shield<\/li>\n<li>Large contact area<\/li>\n<\/ul>","protected":false},"featured_media":50796,"template":"","meta":{"_acf_changed":false},"product_brand":[740],"product_cat":[310],"product_tag":[991,957],"class_list":{"0":"post-28328","1":"product","2":"type-product","3":"status-publish","4":"has-post-thumbnail","6":"product_brand-icotek","7":"product_cat-skarmklammor","8":"product_tag-emc","9":"product_tag-potentialutjamning","11":"first","12":"instock","13":"shipping-taxable","14":"product-type-simple"},"acf":[],"yoast_head":"<!-- This site is optimized with the Yoast SEO Premium plugin v27.5 (Yoast SEO v27.5) - https:\/\/yoast.com\/product\/yoast-seo-premium-wordpress\/ -->\n<title>EMC-Sk\u00e4rmkl\u00e4mma | PCB\/SKL - C-Pro<\/title>\n<meta name=\"description\" content=\"EMC-Sk\u00e4rmkl\u00e4mma | PCB\/SKL anv\u00e4nds p\u00e5 alla st\u00e4llen d\u00e4r sk\u00e4rmen av enstaka ledningar m\u00e5ste f\u00f6rbindas med masspotentialen. L\u00e4s Mer!\" \/>\n<meta name=\"robots\" content=\"index, follow, max-snippet:-1, max-image-preview:large, max-video-preview:-1\" \/>\n<link rel=\"canonical\" href=\"https:\/\/c-profil.se\/english\/product\/emc-cable-clamp-pcb\/\" \/>\n<meta property=\"og:locale\" content=\"en_US\" \/>\n<meta property=\"og:type\" content=\"article\" \/>\n<meta property=\"og:title\" content=\"EMC-Sk\u00e4rmkl\u00e4mma | PCB\/SKL - C-Pro\" \/>\n<meta property=\"og:description\" content=\"EMC-Sk\u00e4rmkl\u00e4mma | PCB\/SKL anv\u00e4nds p\u00e5 alla st\u00e4llen d\u00e4r sk\u00e4rmen av enstaka ledningar m\u00e5ste f\u00f6rbindas med masspotentialen. De m\u00f6jligg\u00f6r en s\u00e4ker och enkel kabelsavsk\u00e4rmning.  PCB\/SKL best\u00e5r av sj\u00e4lva EMC-sk\u00e4rmkl\u00e4mman SKL med en l\u00f6dningskoppling som \u00e4r f\u00e4st under den vilken m\u00f6jligg\u00f6r ett montage p\u00e5 ledningsplattor. Man kan v\u00e4lja emellan olika versioner.  F\u00f6rdelar   Fj\u00e4der designen kr\u00e4ver inga justeringar och kommer att permanent h\u00e5lla kontakt med kabelsk\u00e4rmen  Stor kontaktyta\" \/>\n<meta property=\"og:url\" content=\"https:\/\/c-profil.se\/english\/product\/emc-cable-clamp-pcb\/\" \/>\n<meta property=\"og:site_name\" content=\"C-Pro\" \/>\n<meta property=\"article:publisher\" content=\"https:\/\/www.facebook.com\/people\/C-Pro\/61561767306874\/\" \/>\n<meta property=\"article:modified_time\" content=\"2026-04-23T08:03:08+00:00\" \/>\n<meta property=\"og:image\" content=\"https:\/\/c-profil.se\/wp-content\/uploads\/2021\/10\/EMC-Skarmklamma-PCBSKL.jpg\" \/>\n\t<meta property=\"og:image:width\" content=\"1000\" \/>\n\t<meta property=\"og:image:height\" content=\"1000\" \/>\n\t<meta property=\"og:image:type\" content=\"image\/jpeg\" \/>\n<meta name=\"twitter:card\" content=\"summary_large_image\" \/>\n<meta name=\"twitter:label1\" content=\"Price\" \/>\n\t<meta name=\"twitter:data1\" content=\"\" \/>\n\t<meta name=\"twitter:label2\" content=\"Availability\" \/>\n\t<meta name=\"twitter:data2\" content=\"In stock\" \/>\n<script type=\"application\/ld+json\" class=\"yoast-schema-graph\">{\"@context\":\"https:\\\/\\\/schema.org\",\"@graph\":[{\"@type\":\"WebPage\",\"@id\":\"https:\\\/\\\/c-profil.se\\\/produkt\\\/emc-skarmklamma-pcbskl\\\/\",\"url\":\"https:\\\/\\\/c-profil.se\\\/produkt\\\/emc-skarmklamma-pcbskl\\\/\",\"name\":\"EMC-Sk\u00e4rmkl\u00e4mma | PCB\\\/SKL - C-Pro\",\"isPartOf\":{\"@id\":\"https:\\\/\\\/c-profil.se\\\/#website\"},\"primaryImageOfPage\":{\"@id\":\"https:\\\/\\\/c-profil.se\\\/produkt\\\/emc-skarmklamma-pcbskl\\\/#primaryimage\"},\"image\":{\"@id\":\"https:\\\/\\\/c-profil.se\\\/produkt\\\/emc-skarmklamma-pcbskl\\\/#primaryimage\"},\"thumbnailUrl\":\"https:\\\/\\\/c-profil.se\\\/wp-content\\\/uploads\\\/2021\\\/10\\\/EMC-Skarmklamma-PCBSKL.jpg\",\"datePublished\":\"2021-10-28T11:41:00+00:00\",\"dateModified\":\"2026-04-23T08:03:08+00:00\",\"description\":\"EMC-Sk\u00e4rmkl\u00e4mma | PCB\\\/SKL anv\u00e4nds p\u00e5 alla st\u00e4llen d\u00e4r sk\u00e4rmen av enstaka ledningar m\u00e5ste f\u00f6rbindas med masspotentialen. L\u00e4s Mer!\",\"breadcrumb\":{\"@id\":\"https:\\\/\\\/c-profil.se\\\/produkt\\\/emc-skarmklamma-pcbskl\\\/#breadcrumb\"},\"inLanguage\":\"en\",\"potentialAction\":[{\"@type\":\"ReadAction\",\"target\":[\"https:\\\/\\\/c-profil.se\\\/produkt\\\/emc-skarmklamma-pcbskl\\\/\"]}]},{\"@type\":\"ImageObject\",\"inLanguage\":\"en\",\"@id\":\"https:\\\/\\\/c-profil.se\\\/produkt\\\/emc-skarmklamma-pcbskl\\\/#primaryimage\",\"url\":\"https:\\\/\\\/c-profil.se\\\/wp-content\\\/uploads\\\/2021\\\/10\\\/EMC-Skarmklamma-PCBSKL.jpg\",\"contentUrl\":\"https:\\\/\\\/c-profil.se\\\/wp-content\\\/uploads\\\/2021\\\/10\\\/EMC-Skarmklamma-PCBSKL.jpg\",\"width\":1000,\"height\":1000,\"caption\":\"EMC-Sk\u00e4rmkl\u00e4mma PCBSKL\"},{\"@type\":\"BreadcrumbList\",\"@id\":\"https:\\\/\\\/c-profil.se\\\/produkt\\\/emc-skarmklamma-pcbskl\\\/#breadcrumb\",\"itemListElement\":[{\"@type\":\"ListItem\",\"position\":1,\"name\":\"Hem\",\"item\":\"https:\\\/\\\/c-profil.se\\\/\"},{\"@type\":\"ListItem\",\"position\":2,\"name\":\"Produkter\",\"item\":\"https:\\\/\\\/c-profil.se\\\/produkter\\\/\"},{\"@type\":\"ListItem\",\"position\":3,\"name\":\"Sk\u00e4rmkl\u00e4mmor\",\"item\":\"https:\\\/\\\/c-profil.se\\\/produkt-kategori\\\/skarmklammor\\\/\"},{\"@type\":\"ListItem\",\"position\":4,\"name\":\"EMC-Sk\u00e4rmkl\u00e4mma | PCB\\\/SKL\"}]},{\"@type\":\"WebSite\",\"@id\":\"https:\\\/\\\/c-profil.se\\\/#website\",\"url\":\"https:\\\/\\\/c-profil.se\\\/\",\"name\":\"C-Pro\",\"description\":\"Produkter f\u00f6r El och Automation\",\"publisher\":{\"@id\":\"https:\\\/\\\/c-profil.se\\\/#organization\"},\"potentialAction\":[{\"@type\":\"SearchAction\",\"target\":{\"@type\":\"EntryPoint\",\"urlTemplate\":\"https:\\\/\\\/c-profil.se\\\/?s={search_term_string}\"},\"query-input\":{\"@type\":\"PropertyValueSpecification\",\"valueRequired\":true,\"valueName\":\"search_term_string\"}}],\"inLanguage\":\"en\"},{\"@type\":\"Organization\",\"@id\":\"https:\\\/\\\/c-profil.se\\\/#organization\",\"name\":\"C-Pro\",\"alternateName\":\"C-PRO\",\"url\":\"https:\\\/\\\/c-profil.se\\\/\",\"logo\":{\"@type\":\"ImageObject\",\"inLanguage\":\"en\",\"@id\":\"https:\\\/\\\/c-profil.se\\\/#\\\/schema\\\/logo\\\/image\\\/\",\"url\":\"https:\\\/\\\/c-profil.se\\\/wp-content\\\/uploads\\\/2022\\\/03\\\/c-pro-logga-liggande-500x500-1.png\",\"contentUrl\":\"https:\\\/\\\/c-profil.se\\\/wp-content\\\/uploads\\\/2022\\\/03\\\/c-pro-logga-liggande-500x500-1.png\",\"width\":500,\"height\":500,\"caption\":\"C-Pro\"},\"image\":{\"@id\":\"https:\\\/\\\/c-profil.se\\\/#\\\/schema\\\/logo\\\/image\\\/\"},\"sameAs\":[\"https:\\\/\\\/www.facebook.com\\\/people\\\/C-Pro\\\/61561767306874\\\/\",\"https:\\\/\\\/www.linkedin.com\\\/company\\\/c-pro-ab\",\"https:\\\/\\\/www.instagram.com\\\/cpro.ab\\\/\"],\"description\":\"C-PRO AB \u00e4r en helt\u00e4ckande leverant\u00f6r av material f\u00f6r applikationer inom el och automation. \u00c4nda sedan starten 1987 har vi f\u00f6rsett den svenska tillverkande industrin med elmaterial. Trots v\u00e5r storlek och ledande position har vi aldrig \u00f6vergett v\u00e5r grundfilosofi, att vara en personlig leverant\u00f6r. Vi p\u00e5 C-PRO \u00e4r l\u00e4tta att komma i kontakt med, \u00e4rliga och brinner f\u00f6r att l\u00f6sa v\u00e5ra kunders problem.\",\"email\":\"info@c-profil.se\",\"telephone\":\"031575785\",\"legalName\":\"C-Profil F\u00f6rl\u00e4ggningsmaterial AB\",\"foundingDate\":\"1987-01-01\"}]}<\/script>\n<meta property=\"product:brand\" content=\"emc\" \/>\n<meta property=\"product:price:currency\" content=\"SEK\" \/>\n<meta property=\"og:availability\" content=\"instock\" \/>\n<meta property=\"product:availability\" content=\"instock\" \/>\n<meta property=\"product:retailer_item_id\" content=\"PCB\/SKL\" \/>\n<meta property=\"product:condition\" content=\"new\" \/>\n<!-- \/ Yoast SEO Premium plugin. -->","yoast_head_json":{"title":"EMC Shield Clamp | PCB\/SKL - C-Pro","description":"EMC Shield Clamp | PCB\/SKL is used wherever the shield of single wires needs to be connected to the ground potential. Read more!","robots":{"index":"index","follow":"follow","max-snippet":"max-snippet:-1","max-image-preview":"max-image-preview:large","max-video-preview":"max-video-preview:-1"},"canonical":"https:\/\/c-profil.se\/english\/product\/emc-cable-clamp-pcb\/","og_locale":"en_US","og_type":"article","og_title":"EMC-Sk\u00e4rmkl\u00e4mma | PCB\/SKL - C-Pro","og_description":"EMC-Sk\u00e4rmkl\u00e4mma | PCB\/SKL anv\u00e4nds p\u00e5 alla st\u00e4llen d\u00e4r sk\u00e4rmen av enstaka ledningar m\u00e5ste f\u00f6rbindas med masspotentialen. De m\u00f6jligg\u00f6r en s\u00e4ker och enkel kabelsavsk\u00e4rmning.  PCB\/SKL best\u00e5r av sj\u00e4lva EMC-sk\u00e4rmkl\u00e4mman SKL med en l\u00f6dningskoppling som \u00e4r f\u00e4st under den vilken m\u00f6jligg\u00f6r ett montage p\u00e5 ledningsplattor. Man kan v\u00e4lja emellan olika versioner.  F\u00f6rdelar   Fj\u00e4der designen kr\u00e4ver inga justeringar och kommer att permanent h\u00e5lla kontakt med kabelsk\u00e4rmen  Stor kontaktyta","og_url":"https:\/\/c-profil.se\/english\/product\/emc-cable-clamp-pcb\/","og_site_name":"C-Pro","article_publisher":"https:\/\/www.facebook.com\/people\/C-Pro\/61561767306874\/","article_modified_time":"2026-04-23T08:03:08+00:00","og_image":[{"width":1000,"height":1000,"url":"https:\/\/c-profil.se\/wp-content\/uploads\/2021\/10\/EMC-Skarmklamma-PCBSKL.jpg","type":"image\/jpeg"}],"twitter_card":"summary_large_image","twitter_misc":{"Price":"","Availability":"In stock"},"schema":{"@context":"https:\/\/schema.org","@graph":[{"@type":"WebPage","@id":"https:\/\/c-profil.se\/produkt\/emc-skarmklamma-pcbskl\/","url":"https:\/\/c-profil.se\/produkt\/emc-skarmklamma-pcbskl\/","name":"EMC Shield Clamp | PCB\/SKL - C-Pro","isPartOf":{"@id":"https:\/\/c-profil.se\/#website"},"primaryImageOfPage":{"@id":"https:\/\/c-profil.se\/produkt\/emc-skarmklamma-pcbskl\/#primaryimage"},"image":{"@id":"https:\/\/c-profil.se\/produkt\/emc-skarmklamma-pcbskl\/#primaryimage"},"thumbnailUrl":"https:\/\/c-profil.se\/wp-content\/uploads\/2021\/10\/EMC-Skarmklamma-PCBSKL.jpg","datePublished":"2021-10-28T11:41:00+00:00","dateModified":"2026-04-23T08:03:08+00:00","description":"EMC Shield Clamp | PCB\/SKL is used wherever the shield of single wires needs to be connected to the ground potential. Read more!","breadcrumb":{"@id":"https:\/\/c-profil.se\/produkt\/emc-skarmklamma-pcbskl\/#breadcrumb"},"inLanguage":"en","potentialAction":[{"@type":"ReadAction","target":["https:\/\/c-profil.se\/produkt\/emc-skarmklamma-pcbskl\/"]}]},{"@type":"ImageObject","inLanguage":"en","@id":"https:\/\/c-profil.se\/produkt\/emc-skarmklamma-pcbskl\/#primaryimage","url":"https:\/\/c-profil.se\/wp-content\/uploads\/2021\/10\/EMC-Skarmklamma-PCBSKL.jpg","contentUrl":"https:\/\/c-profil.se\/wp-content\/uploads\/2021\/10\/EMC-Skarmklamma-PCBSKL.jpg","width":1000,"height":1000,"caption":"EMC-Sk\u00e4rmkl\u00e4mma PCBSKL"},{"@type":"BreadcrumbList","@id":"https:\/\/c-profil.se\/produkt\/emc-skarmklamma-pcbskl\/#breadcrumb","itemListElement":[{"@type":"ListItem","position":1,"name":"Hem","item":"https:\/\/c-profil.se\/"},{"@type":"ListItem","position":2,"name":"Produkter","item":"https:\/\/c-profil.se\/produkter\/"},{"@type":"ListItem","position":3,"name":"Sk\u00e4rmkl\u00e4mmor","item":"https:\/\/c-profil.se\/produkt-kategori\/skarmklammor\/"},{"@type":"ListItem","position":4,"name":"EMC-Sk\u00e4rmkl\u00e4mma | PCB\/SKL"}]},{"@type":"WebSite","@id":"https:\/\/c-profil.se\/#website","url":"https:\/\/c-profil.se\/","name":"C-Pro","description":"Products for Electricity and Automation","publisher":{"@id":"https:\/\/c-profil.se\/#organization"},"potentialAction":[{"@type":"SearchAction","target":{"@type":"EntryPoint","urlTemplate":"https:\/\/c-profil.se\/?s={search_term_string}"},"query-input":{"@type":"PropertyValueSpecification","valueRequired":true,"valueName":"search_term_string"}}],"inLanguage":"en"},{"@type":"Organization","@id":"https:\/\/c-profil.se\/#organization","name":"C-Pro","alternateName":"C-PRO","url":"https:\/\/c-profil.se\/","logo":{"@type":"ImageObject","inLanguage":"en","@id":"https:\/\/c-profil.se\/#\/schema\/logo\/image\/","url":"https:\/\/c-profil.se\/wp-content\/uploads\/2022\/03\/c-pro-logga-liggande-500x500-1.png","contentUrl":"https:\/\/c-profil.se\/wp-content\/uploads\/2022\/03\/c-pro-logga-liggande-500x500-1.png","width":500,"height":500,"caption":"C-Pro"},"image":{"@id":"https:\/\/c-profil.se\/#\/schema\/logo\/image\/"},"sameAs":["https:\/\/www.facebook.com\/people\/C-Pro\/61561767306874\/","https:\/\/www.linkedin.com\/company\/c-pro-ab","https:\/\/www.instagram.com\/cpro.ab\/"],"description":"C-PRO AB is a comprehensive supplier of materials for applications in electricity and automation. Ever since the start in 1987, we have supplied the Swedish manufacturing industry with electrical materials. Despite our size and leading position, we have never abandoned our basic philosophy, to be a personal supplier. We at C-PRO are easy to get in touch with, honest and passionate about solving our customers&#039; problems.","email":"info@c-profil.se","telephone":"031575785","legalName":"C-Profil F\u00f6rl\u00e4ggningsmaterial AB","foundingDate":"1987-01-01"}]},"product_brand":"emc","product_price_currency":"SEK","og_availability":"instock","product_availability":"instock","product_retailer_item_id":"PCB\/SKL","product_condition":"new"},"_links":{"self":[{"href":"https:\/\/c-profil.se\/english\/wp-json\/wp\/v2\/product\/28328","targetHints":{"allow":["GET"]}}],"collection":[{"href":"https:\/\/c-profil.se\/english\/wp-json\/wp\/v2\/product"}],"about":[{"href":"https:\/\/c-profil.se\/english\/wp-json\/wp\/v2\/types\/product"}],"version-history":[{"count":10,"href":"https:\/\/c-profil.se\/english\/wp-json\/wp\/v2\/product\/28328\/revisions"}],"predecessor-version":[{"id":75166,"href":"https:\/\/c-profil.se\/english\/wp-json\/wp\/v2\/product\/28328\/revisions\/75166"}],"wp:featuredmedia":[{"embeddable":true,"href":"https:\/\/c-profil.se\/english\/wp-json\/wp\/v2\/media\/50796"}],"wp:attachment":[{"href":"https:\/\/c-profil.se\/english\/wp-json\/wp\/v2\/media?parent=28328"}],"wp:term":[{"taxonomy":"product_brand","embeddable":true,"href":"https:\/\/c-profil.se\/english\/wp-json\/wp\/v2\/product_brand?post=28328"},{"taxonomy":"product_cat","embeddable":true,"href":"https:\/\/c-profil.se\/english\/wp-json\/wp\/v2\/product_cat?post=28328"},{"taxonomy":"product_tag","embeddable":true,"href":"https:\/\/c-profil.se\/english\/wp-json\/wp\/v2\/product_tag?post=28328"}],"curies":[{"name":"wp","href":"https:\/\/api.w.org\/{rel}","templated":true}]}}