{"id":28287,"date":"2021-10-22T13:16:00","date_gmt":"2021-10-22T12:16:00","guid":{"rendered":"https:\/\/c-profil.se\/?post_type=product&#038;p=28287"},"modified":"2026-03-19T15:15:20","modified_gmt":"2026-03-19T14:15:20","slug":"cable-entry-plate-kel-scdp","status":"publish","type":"product","link":"https:\/\/c-profil.se\/english\/produkt\/kabelgenomforingsplatta-multi-range-kel-scdp\/","title":{"rendered":"Cable entry plate | KEL-SCDP"},"content":{"rendered":"<p><strong>KEL-SCDP is a flexible cable entry plate for single cables, hoses and pipes<\/strong>, designed for applications where the cable diameter may vary.<br \/>\nIt enables sealing and edge protection with wide tolerance in a compact solution.<\/p>","protected":false},"excerpt":{"rendered":"<p class=\"ai-optimize-32\">With <strong>Cable entry plate \/ KEL-SCDP<\/strong> individual cables, hoses and pipes can be routed and sealed with IP class IP65. A unique advantage is the large reach of the cable entry plate.<\/p>\n<p class=\"ai-optimize-33\">Depending on the cable diameter, the parts can be adapted by peeling off the outer layer of the cable gland plate until the correct diameter is reached. A major advantage of this sealing option is that the stripped part is always round and sealed.<\/p>\n<p class=\"ai-optimize-34\">Another advantage is the great flexibility. KEL-SCDP can be inserted into holes with wall widths from 1.5 to 4.0 mm.<\/p>\n<ul>\n<li class=\"ai-optimize-35\">The KEL-SCDP-RW version is used in railway technology together with EN 45545-2 HL3<\/li>\n<\/ul>\n<p class=\"ai-optimize-37\"><strong>Advantages:<\/strong><\/p>\n<ul>\n<li class=\"ai-optimize-37\">Optimal edge protection and sealing (IP65)<\/li>\n<li class=\"ai-optimize-37\">The rings are easy to remove<\/li>\n<li class=\"ai-optimize-37\">Quick assembly without tools<\/li>\n<\/ul>","protected":false},"featured_media":51234,"template":"","meta":{"_acf_changed":false},"product_brand":[740],"product_cat":[307],"product_tag":[992,938,990,1005,939],"class_list":{"0":"post-28287","1":"product","2":"type-product","3":"status-publish","4":"has-post-thumbnail","6":"product_brand-icotek","7":"product_cat-kabelgenomforingsplattor-multiflansar","8":"product_tag-kabelgenomforing","9":"product_tag-kabelinforing","10":"product_tag-kapsling","11":"product_tag-platbearbetning","12":"product_tag-tatning","14":"first","15":"instock","16":"shipping-taxable","17":"product-type-simple"},"acf":[],"yoast_head":"<!-- This site is optimized with the Yoast SEO Premium plugin v27.5 (Yoast SEO v27.5) - https:\/\/yoast.com\/product\/yoast-seo-premium-wordpress\/ -->\n<title>Kabelgenomf\u00f6ringsplatta | KEL-SCDP - C-Pro<\/title>\n<meta name=\"description\" content=\"Med Kabelgenomf\u00f6ringsplatta \/ KEL-SCDP kan enstaka kablar, slangar och r\u00f6rledningar dirigeras och f\u00f6rseglas med IP-skyddet IP65. L\u00e4s Mer!\" \/>\n<meta name=\"robots\" content=\"index, follow, max-snippet:-1, max-image-preview:large, max-video-preview:-1\" \/>\n<link rel=\"canonical\" href=\"https:\/\/c-profil.se\/english\/product\/cable-entry-plate-kel-scdp\/\" \/>\n<meta property=\"og:locale\" content=\"en_US\" \/>\n<meta property=\"og:type\" content=\"article\" \/>\n<meta property=\"og:title\" content=\"Kabelgenomf\u00f6ringsplatta | KEL-SCDP - C-Pro\" \/>\n<meta property=\"og:description\" content=\"Med Kabelgenomf\u00f6ringsplatta \/ KEL-SCDP kan enstaka kablar, slangar och r\u00f6rledningar dirigeras och f\u00f6rseglas med IP-klass IP65. En unik f\u00f6rdel \u00e4r kabelgenomf\u00f6ringsplattans stora r\u00e4ckvidd. Beroende p\u00e5 kabeldiameter kan delarna anpassas genom att skala av det yttre skiktet av kabelgenomf\u00f6ringsplattan tills r\u00e4tta diametern \u00e4r n\u00e5dd. En stor f\u00f6rdel av denna t\u00e4tningsm\u00f6jlighet \u00e4r att avskalade delen alltid \u00e4r rund och f\u00f6rseglad. \u00c4nnu en f\u00f6rdel \u00e4r stora flexibiliteten. KEL-SCDP kan s\u00e4ttas in h\u00e5ltagning med v\u00e4ggbredd fr\u00e5n 1.5 till 4,0 mm.    Versionen KEL-SCDP-RW anv\u00e4nds i j\u00e4rnv\u00e4gsteknologi tillsammans med EN 45545-2 HL3  F\u00f6rdelar:    Optimalt kantskydd och t\u00e4tning (IP65)  Ringarna \u00e4r l\u00e4tta at ta bort  Snabb montering utan verktyg\" \/>\n<meta property=\"og:url\" content=\"https:\/\/c-profil.se\/english\/product\/cable-entry-plate-kel-scdp\/\" \/>\n<meta property=\"og:site_name\" content=\"C-Pro\" \/>\n<meta property=\"article:publisher\" content=\"https:\/\/www.facebook.com\/people\/C-Pro\/61561767306874\/\" \/>\n<meta property=\"article:modified_time\" content=\"2026-03-19T14:15:20+00:00\" \/>\n<meta property=\"og:image\" content=\"https:\/\/c-profil.se\/wp-content\/uploads\/2021\/10\/Kabelgenomforingsplatta-KEL-SCDP.jpg\" \/>\n\t<meta property=\"og:image:width\" content=\"1000\" \/>\n\t<meta property=\"og:image:height\" content=\"1000\" \/>\n\t<meta property=\"og:image:type\" content=\"image\/jpeg\" \/>\n<meta name=\"twitter:card\" content=\"summary_large_image\" \/>\n<meta name=\"twitter:label1\" content=\"Price\" \/>\n\t<meta name=\"twitter:data1\" content=\"\" \/>\n\t<meta name=\"twitter:label2\" content=\"Availability\" \/>\n\t<meta name=\"twitter:data2\" content=\"In stock\" \/>\n<script type=\"application\/ld+json\" class=\"yoast-schema-graph\">{\"@context\":\"https:\\\/\\\/schema.org\",\"@graph\":[{\"@type\":\"WebPage\",\"@id\":\"https:\\\/\\\/c-profil.se\\\/produkt\\\/kabelgenomforingsplatta-multi-range-kel-scdp\\\/\",\"url\":\"https:\\\/\\\/c-profil.se\\\/produkt\\\/kabelgenomforingsplatta-multi-range-kel-scdp\\\/\",\"name\":\"Kabelgenomf\u00f6ringsplatta | KEL-SCDP - C-Pro\",\"isPartOf\":{\"@id\":\"https:\\\/\\\/c-profil.se\\\/#website\"},\"primaryImageOfPage\":{\"@id\":\"https:\\\/\\\/c-profil.se\\\/produkt\\\/kabelgenomforingsplatta-multi-range-kel-scdp\\\/#primaryimage\"},\"image\":{\"@id\":\"https:\\\/\\\/c-profil.se\\\/produkt\\\/kabelgenomforingsplatta-multi-range-kel-scdp\\\/#primaryimage\"},\"thumbnailUrl\":\"https:\\\/\\\/c-profil.se\\\/wp-content\\\/uploads\\\/2021\\\/10\\\/Kabelgenomforingsplatta-KEL-SCDP.jpg\",\"datePublished\":\"2021-10-22T12:16:00+00:00\",\"dateModified\":\"2026-03-19T14:15:20+00:00\",\"description\":\"Med Kabelgenomf\u00f6ringsplatta \\\/ KEL-SCDP kan enstaka kablar, slangar och r\u00f6rledningar dirigeras och f\u00f6rseglas med IP-skyddet IP65. L\u00e4s Mer!\",\"breadcrumb\":{\"@id\":\"https:\\\/\\\/c-profil.se\\\/produkt\\\/kabelgenomforingsplatta-multi-range-kel-scdp\\\/#breadcrumb\"},\"inLanguage\":\"en\",\"potentialAction\":[{\"@type\":\"ReadAction\",\"target\":[\"https:\\\/\\\/c-profil.se\\\/produkt\\\/kabelgenomforingsplatta-multi-range-kel-scdp\\\/\"]}]},{\"@type\":\"ImageObject\",\"inLanguage\":\"en\",\"@id\":\"https:\\\/\\\/c-profil.se\\\/produkt\\\/kabelgenomforingsplatta-multi-range-kel-scdp\\\/#primaryimage\",\"url\":\"https:\\\/\\\/c-profil.se\\\/wp-content\\\/uploads\\\/2021\\\/10\\\/Kabelgenomforingsplatta-KEL-SCDP.jpg\",\"contentUrl\":\"https:\\\/\\\/c-profil.se\\\/wp-content\\\/uploads\\\/2021\\\/10\\\/Kabelgenomforingsplatta-KEL-SCDP.jpg\",\"width\":1000,\"height\":1000,\"caption\":\"Kabelgenomf\u00f6ringsplatta KEL-SCDP\"},{\"@type\":\"BreadcrumbList\",\"@id\":\"https:\\\/\\\/c-profil.se\\\/produkt\\\/kabelgenomforingsplatta-multi-range-kel-scdp\\\/#breadcrumb\",\"itemListElement\":[{\"@type\":\"ListItem\",\"position\":1,\"name\":\"Hem\",\"item\":\"https:\\\/\\\/c-profil.se\\\/\"},{\"@type\":\"ListItem\",\"position\":2,\"name\":\"Produkter\",\"item\":\"https:\\\/\\\/c-profil.se\\\/produkter\\\/\"},{\"@type\":\"ListItem\",\"position\":3,\"name\":\"Kabelgenomf\u00f6ringsplattor &amp; multifl\u00e4nsar\",\"item\":\"https:\\\/\\\/c-profil.se\\\/produkt-kategori\\\/kabelgenomforingsplattor-multiflansar\\\/\"},{\"@type\":\"ListItem\",\"position\":4,\"name\":\"Kabelgenomf\u00f6ringsplatta | KEL-SCDP\"}]},{\"@type\":\"WebSite\",\"@id\":\"https:\\\/\\\/c-profil.se\\\/#website\",\"url\":\"https:\\\/\\\/c-profil.se\\\/\",\"name\":\"C-Pro\",\"description\":\"Produkter f\u00f6r El och Automation\",\"publisher\":{\"@id\":\"https:\\\/\\\/c-profil.se\\\/#organization\"},\"potentialAction\":[{\"@type\":\"SearchAction\",\"target\":{\"@type\":\"EntryPoint\",\"urlTemplate\":\"https:\\\/\\\/c-profil.se\\\/?s={search_term_string}\"},\"query-input\":{\"@type\":\"PropertyValueSpecification\",\"valueRequired\":true,\"valueName\":\"search_term_string\"}}],\"inLanguage\":\"en\"},{\"@type\":\"Organization\",\"@id\":\"https:\\\/\\\/c-profil.se\\\/#organization\",\"name\":\"C-Pro\",\"alternateName\":\"C-PRO\",\"url\":\"https:\\\/\\\/c-profil.se\\\/\",\"logo\":{\"@type\":\"ImageObject\",\"inLanguage\":\"en\",\"@id\":\"https:\\\/\\\/c-profil.se\\\/#\\\/schema\\\/logo\\\/image\\\/\",\"url\":\"https:\\\/\\\/c-profil.se\\\/wp-content\\\/uploads\\\/2022\\\/03\\\/c-pro-logga-liggande-500x500-1.png\",\"contentUrl\":\"https:\\\/\\\/c-profil.se\\\/wp-content\\\/uploads\\\/2022\\\/03\\\/c-pro-logga-liggande-500x500-1.png\",\"width\":500,\"height\":500,\"caption\":\"C-Pro\"},\"image\":{\"@id\":\"https:\\\/\\\/c-profil.se\\\/#\\\/schema\\\/logo\\\/image\\\/\"},\"sameAs\":[\"https:\\\/\\\/www.facebook.com\\\/people\\\/C-Pro\\\/61561767306874\\\/\",\"https:\\\/\\\/www.linkedin.com\\\/company\\\/c-pro-ab\",\"https:\\\/\\\/www.instagram.com\\\/cpro.ab\\\/\"],\"description\":\"C-PRO AB \u00e4r en helt\u00e4ckande leverant\u00f6r av material f\u00f6r applikationer inom el och automation. \u00c4nda sedan starten 1987 har vi f\u00f6rsett den svenska tillverkande industrin med elmaterial. Trots v\u00e5r storlek och ledande position har vi aldrig \u00f6vergett v\u00e5r grundfilosofi, att vara en personlig leverant\u00f6r. Vi p\u00e5 C-PRO \u00e4r l\u00e4tta att komma i kontakt med, \u00e4rliga och brinner f\u00f6r att l\u00f6sa v\u00e5ra kunders problem.\",\"email\":\"info@c-profil.se\",\"telephone\":\"031575785\",\"legalName\":\"C-Profil F\u00f6rl\u00e4ggningsmaterial AB\",\"foundingDate\":\"1987-01-01\"}]}<\/script>\n<meta property=\"product:brand\" content=\"kabelgenomf\u00f6ring\" \/>\n<meta property=\"product:price:currency\" content=\"SEK\" \/>\n<meta property=\"og:availability\" content=\"instock\" \/>\n<meta property=\"product:availability\" content=\"instock\" \/>\n<meta property=\"product:retailer_item_id\" content=\"KEL-SCDP\" \/>\n<meta property=\"product:condition\" content=\"new\" \/>\n<!-- \/ Yoast SEO Premium plugin. -->","yoast_head_json":{"title":"Cable entry plate | KEL-SCDP - C-Pro","description":"With the Cable Entry Plate \/ KEL-SCDP, single cables, hoses and pipes can be routed and sealed with IP protection IP65. Read More!","robots":{"index":"index","follow":"follow","max-snippet":"max-snippet:-1","max-image-preview":"max-image-preview:large","max-video-preview":"max-video-preview:-1"},"canonical":"https:\/\/c-profil.se\/english\/product\/cable-entry-plate-kel-scdp\/","og_locale":"en_US","og_type":"article","og_title":"Kabelgenomf\u00f6ringsplatta | KEL-SCDP - C-Pro","og_description":"Med Kabelgenomf\u00f6ringsplatta \/ KEL-SCDP kan enstaka kablar, slangar och r\u00f6rledningar dirigeras och f\u00f6rseglas med IP-klass IP65. En unik f\u00f6rdel \u00e4r kabelgenomf\u00f6ringsplattans stora r\u00e4ckvidd. Beroende p\u00e5 kabeldiameter kan delarna anpassas genom att skala av det yttre skiktet av kabelgenomf\u00f6ringsplattan tills r\u00e4tta diametern \u00e4r n\u00e5dd. En stor f\u00f6rdel av denna t\u00e4tningsm\u00f6jlighet \u00e4r att avskalade delen alltid \u00e4r rund och f\u00f6rseglad. \u00c4nnu en f\u00f6rdel \u00e4r stora flexibiliteten. KEL-SCDP kan s\u00e4ttas in h\u00e5ltagning med v\u00e4ggbredd fr\u00e5n 1.5 till 4,0 mm.    Versionen KEL-SCDP-RW anv\u00e4nds i j\u00e4rnv\u00e4gsteknologi tillsammans med EN 45545-2 HL3  F\u00f6rdelar:    Optimalt kantskydd och t\u00e4tning (IP65)  Ringarna \u00e4r l\u00e4tta at ta bort  Snabb montering utan verktyg","og_url":"https:\/\/c-profil.se\/english\/product\/cable-entry-plate-kel-scdp\/","og_site_name":"C-Pro","article_publisher":"https:\/\/www.facebook.com\/people\/C-Pro\/61561767306874\/","article_modified_time":"2026-03-19T14:15:20+00:00","og_image":[{"width":1000,"height":1000,"url":"https:\/\/c-profil.se\/wp-content\/uploads\/2021\/10\/Kabelgenomforingsplatta-KEL-SCDP.jpg","type":"image\/jpeg"}],"twitter_card":"summary_large_image","twitter_misc":{"Price":"","Availability":"In stock"},"schema":{"@context":"https:\/\/schema.org","@graph":[{"@type":"WebPage","@id":"https:\/\/c-profil.se\/produkt\/kabelgenomforingsplatta-multi-range-kel-scdp\/","url":"https:\/\/c-profil.se\/produkt\/kabelgenomforingsplatta-multi-range-kel-scdp\/","name":"Cable entry plate | KEL-SCDP - C-Pro","isPartOf":{"@id":"https:\/\/c-profil.se\/#website"},"primaryImageOfPage":{"@id":"https:\/\/c-profil.se\/produkt\/kabelgenomforingsplatta-multi-range-kel-scdp\/#primaryimage"},"image":{"@id":"https:\/\/c-profil.se\/produkt\/kabelgenomforingsplatta-multi-range-kel-scdp\/#primaryimage"},"thumbnailUrl":"https:\/\/c-profil.se\/wp-content\/uploads\/2021\/10\/Kabelgenomforingsplatta-KEL-SCDP.jpg","datePublished":"2021-10-22T12:16:00+00:00","dateModified":"2026-03-19T14:15:20+00:00","description":"With the Cable Entry Plate \/ KEL-SCDP, single cables, hoses and pipes can be routed and sealed with IP protection IP65. Read More!","breadcrumb":{"@id":"https:\/\/c-profil.se\/produkt\/kabelgenomforingsplatta-multi-range-kel-scdp\/#breadcrumb"},"inLanguage":"en","potentialAction":[{"@type":"ReadAction","target":["https:\/\/c-profil.se\/produkt\/kabelgenomforingsplatta-multi-range-kel-scdp\/"]}]},{"@type":"ImageObject","inLanguage":"en","@id":"https:\/\/c-profil.se\/produkt\/kabelgenomforingsplatta-multi-range-kel-scdp\/#primaryimage","url":"https:\/\/c-profil.se\/wp-content\/uploads\/2021\/10\/Kabelgenomforingsplatta-KEL-SCDP.jpg","contentUrl":"https:\/\/c-profil.se\/wp-content\/uploads\/2021\/10\/Kabelgenomforingsplatta-KEL-SCDP.jpg","width":1000,"height":1000,"caption":"Kabelgenomf\u00f6ringsplatta KEL-SCDP"},{"@type":"BreadcrumbList","@id":"https:\/\/c-profil.se\/produkt\/kabelgenomforingsplatta-multi-range-kel-scdp\/#breadcrumb","itemListElement":[{"@type":"ListItem","position":1,"name":"Hem","item":"https:\/\/c-profil.se\/"},{"@type":"ListItem","position":2,"name":"Produkter","item":"https:\/\/c-profil.se\/produkter\/"},{"@type":"ListItem","position":3,"name":"Kabelgenomf\u00f6ringsplattor &amp; multifl\u00e4nsar","item":"https:\/\/c-profil.se\/produkt-kategori\/kabelgenomforingsplattor-multiflansar\/"},{"@type":"ListItem","position":4,"name":"Kabelgenomf\u00f6ringsplatta | KEL-SCDP"}]},{"@type":"WebSite","@id":"https:\/\/c-profil.se\/#website","url":"https:\/\/c-profil.se\/","name":"C-Pro","description":"Products for Electricity and Automation","publisher":{"@id":"https:\/\/c-profil.se\/#organization"},"potentialAction":[{"@type":"SearchAction","target":{"@type":"EntryPoint","urlTemplate":"https:\/\/c-profil.se\/?s={search_term_string}"},"query-input":{"@type":"PropertyValueSpecification","valueRequired":true,"valueName":"search_term_string"}}],"inLanguage":"en"},{"@type":"Organization","@id":"https:\/\/c-profil.se\/#organization","name":"C-Pro","alternateName":"C-PRO","url":"https:\/\/c-profil.se\/","logo":{"@type":"ImageObject","inLanguage":"en","@id":"https:\/\/c-profil.se\/#\/schema\/logo\/image\/","url":"https:\/\/c-profil.se\/wp-content\/uploads\/2022\/03\/c-pro-logga-liggande-500x500-1.png","contentUrl":"https:\/\/c-profil.se\/wp-content\/uploads\/2022\/03\/c-pro-logga-liggande-500x500-1.png","width":500,"height":500,"caption":"C-Pro"},"image":{"@id":"https:\/\/c-profil.se\/#\/schema\/logo\/image\/"},"sameAs":["https:\/\/www.facebook.com\/people\/C-Pro\/61561767306874\/","https:\/\/www.linkedin.com\/company\/c-pro-ab","https:\/\/www.instagram.com\/cpro.ab\/"],"description":"C-PRO AB is a comprehensive supplier of materials for applications in electricity and automation. Ever since the start in 1987, we have supplied the Swedish manufacturing industry with electrical materials. Despite our size and leading position, we have never abandoned our basic philosophy, to be a personal supplier. We at C-PRO are easy to get in touch with, honest and passionate about solving our customers&#039; problems.","email":"info@c-profil.se","telephone":"031575785","legalName":"C-Profil F\u00f6rl\u00e4ggningsmaterial AB","foundingDate":"1987-01-01"}]},"product_brand":"kabelgenomf\u00f6ring","product_price_currency":"SEK","og_availability":"instock","product_availability":"instock","product_retailer_item_id":"KEL-SCDP","product_condition":"new"},"_links":{"self":[{"href":"https:\/\/c-profil.se\/english\/wp-json\/wp\/v2\/product\/28287","targetHints":{"allow":["GET"]}}],"collection":[{"href":"https:\/\/c-profil.se\/english\/wp-json\/wp\/v2\/product"}],"about":[{"href":"https:\/\/c-profil.se\/english\/wp-json\/wp\/v2\/types\/product"}],"version-history":[{"count":10,"href":"https:\/\/c-profil.se\/english\/wp-json\/wp\/v2\/product\/28287\/revisions"}],"predecessor-version":[{"id":74297,"href":"https:\/\/c-profil.se\/english\/wp-json\/wp\/v2\/product\/28287\/revisions\/74297"}],"wp:featuredmedia":[{"embeddable":true,"href":"https:\/\/c-profil.se\/english\/wp-json\/wp\/v2\/media\/51234"}],"wp:attachment":[{"href":"https:\/\/c-profil.se\/english\/wp-json\/wp\/v2\/media?parent=28287"}],"wp:term":[{"taxonomy":"product_brand","embeddable":true,"href":"https:\/\/c-profil.se\/english\/wp-json\/wp\/v2\/product_brand?post=28287"},{"taxonomy":"product_cat","embeddable":true,"href":"https:\/\/c-profil.se\/english\/wp-json\/wp\/v2\/product_cat?post=28287"},{"taxonomy":"product_tag","embeddable":true,"href":"https:\/\/c-profil.se\/english\/wp-json\/wp\/v2\/product_tag?post=28287"}],"curies":[{"name":"wp","href":"https:\/\/api.w.org\/{rel}","templated":true}]}}