{"id":27923,"date":"2021-10-07T16:10:00","date_gmt":"2021-10-07T15:10:00","guid":{"rendered":"https:\/\/c-profil.se\/?post_type=product&#038;p=27923"},"modified":"2026-03-18T14:56:08","modified_gmt":"2026-03-18T13:56:08","slug":"accessories-for-din-rails","status":"publish","type":"product","link":"https:\/\/c-profil.se\/english\/produkt\/tillbehor-for-din-profiler\/","title":{"rendered":"Accessories for Din Rails"},"content":{"rendered":"<p><strong>Marking system Snap and Mounting Clip are practical accessories for mounting and marking on DIN profiles<\/strong> in control cabinets and electrical installations.<br \/>\nThey are used to create order, clear marking and secure attachment to TS35 DIN profiles and C-profiles in professional environments.<\/p>","protected":false},"excerpt":{"rendered":"<p>Marking system Snappen and Mounting clips are accessories for DIN Rails.<\/p>\n<p><strong>Marking system \"Snabben\" for mounting on TS35 DIN  Rails.<\/strong><\/p>\n<ul>\n<li>Fits both 15mm and 7.5mm DIN Rails.<\/li>\n<li>The \"Snabben\" can be adjusted according to the height of your components.<\/li>\n<\/ul>\n<p><strong>Mounting clip for TS35 DIN Rails and C-Profile<\/strong><\/p>\n<ul>\n<li>With M4 and M5 holes<\/li>\n<\/ul>","protected":false},"featured_media":51552,"template":"","meta":{"_acf_changed":false},"product_brand":[],"product_cat":[201],"product_tag":[940,959,968],"class_list":{"0":"post-27923","1":"product","2":"type-product","3":"status-publish","4":"has-post-thumbnail","6":"product_cat-din-profiler","7":"product_tag-apparatskap","8":"product_tag-din-skena","9":"product_tag-montage","11":"first","12":"instock","13":"shipping-taxable","14":"product-type-simple"},"acf":[],"yoast_head":"<!-- This site is optimized with the Yoast SEO Premium plugin v27.4 (Yoast SEO v27.4) - https:\/\/yoast.com\/product\/yoast-seo-premium-wordpress\/ -->\n<title>Tillbeh\u00f6r f\u00f6r DIN-Profiler - C-Pro<\/title>\n<meta name=\"description\" content=\"Monteringsklips f\u00f6r TS35 och C-Profil och m\u00e4rksystem Snabben \u00e4r tillbeh\u00f6r f\u00f6r DIN-Profiler. Passar b\u00e5de till 15mm och 7,5mm DIN-Profiler. L\u00e4s Mer!\" \/>\n<meta name=\"robots\" content=\"index, follow, max-snippet:-1, max-image-preview:large, max-video-preview:-1\" \/>\n<link rel=\"canonical\" href=\"https:\/\/c-profil.se\/english\/product\/accessories-for-din-rails\/\" \/>\n<meta property=\"og:locale\" content=\"en_US\" \/>\n<meta property=\"og:type\" content=\"article\" \/>\n<meta property=\"og:title\" content=\"Tillbeh\u00f6r f\u00f6r DIN-Profiler - C-Pro\" \/>\n<meta property=\"og:description\" content=\"M\u00e4rksystem Snabben och Monteringsklips \u00e4r tillbeh\u00f6r f\u00f6r DIN-Profiler.  M\u00e4rksystem Snabben f\u00f6r montering p\u00e5 TS35 DIN-Profiler.   Passar b\u00e5de till 15mm och 7,5mm DIN-Profiler.  Snabben kan regleras efter byggh\u00f6jden p\u00e5 dina komponenter.  Monteringsklipps f\u00f6r TS35 DIN-Profil och C -Profil   Med M4 och M5-h\u00e5l\" \/>\n<meta property=\"og:url\" content=\"https:\/\/c-profil.se\/english\/product\/accessories-for-din-rails\/\" \/>\n<meta property=\"og:site_name\" content=\"C-Pro\" \/>\n<meta property=\"article:publisher\" content=\"https:\/\/www.facebook.com\/people\/C-Pro\/61561767306874\/\" \/>\n<meta property=\"article:modified_time\" content=\"2026-03-18T13:56:08+00:00\" \/>\n<meta property=\"og:image\" content=\"https:\/\/c-profil.se\/wp-content\/uploads\/2021\/10\/Tillbehor-for-DIN-Profiler-Snabben.jpg\" \/>\n\t<meta property=\"og:image:width\" content=\"1000\" \/>\n\t<meta property=\"og:image:height\" content=\"1000\" \/>\n\t<meta property=\"og:image:type\" content=\"image\/jpeg\" \/>\n<meta name=\"twitter:card\" content=\"summary_large_image\" \/>\n<meta name=\"twitter:label1\" content=\"Price\" \/>\n\t<meta name=\"twitter:data1\" content=\"\" \/>\n\t<meta name=\"twitter:label2\" content=\"Availability\" \/>\n\t<meta name=\"twitter:data2\" content=\"In stock\" \/>\n<script type=\"application\/ld+json\" class=\"yoast-schema-graph\">{\"@context\":\"https:\\\/\\\/schema.org\",\"@graph\":[{\"@type\":\"WebPage\",\"@id\":\"https:\\\/\\\/c-profil.se\\\/produkt\\\/tillbehor-for-din-profiler\\\/\",\"url\":\"https:\\\/\\\/c-profil.se\\\/produkt\\\/tillbehor-for-din-profiler\\\/\",\"name\":\"Tillbeh\u00f6r f\u00f6r DIN-Profiler - C-Pro\",\"isPartOf\":{\"@id\":\"https:\\\/\\\/c-profil.se\\\/#website\"},\"primaryImageOfPage\":{\"@id\":\"https:\\\/\\\/c-profil.se\\\/produkt\\\/tillbehor-for-din-profiler\\\/#primaryimage\"},\"image\":{\"@id\":\"https:\\\/\\\/c-profil.se\\\/produkt\\\/tillbehor-for-din-profiler\\\/#primaryimage\"},\"thumbnailUrl\":\"https:\\\/\\\/c-profil.se\\\/wp-content\\\/uploads\\\/2021\\\/10\\\/Tillbehor-for-DIN-Profiler-Snabben.jpg\",\"datePublished\":\"2021-10-07T15:10:00+00:00\",\"dateModified\":\"2026-03-18T13:56:08+00:00\",\"description\":\"Monteringsklips f\u00f6r TS35 och C-Profil och m\u00e4rksystem Snabben \u00e4r tillbeh\u00f6r f\u00f6r DIN-Profiler. Passar b\u00e5de till 15mm och 7,5mm DIN-Profiler. L\u00e4s Mer!\",\"breadcrumb\":{\"@id\":\"https:\\\/\\\/c-profil.se\\\/produkt\\\/tillbehor-for-din-profiler\\\/#breadcrumb\"},\"inLanguage\":\"en\",\"potentialAction\":[{\"@type\":\"ReadAction\",\"target\":[\"https:\\\/\\\/c-profil.se\\\/produkt\\\/tillbehor-for-din-profiler\\\/\"]}]},{\"@type\":\"ImageObject\",\"inLanguage\":\"en\",\"@id\":\"https:\\\/\\\/c-profil.se\\\/produkt\\\/tillbehor-for-din-profiler\\\/#primaryimage\",\"url\":\"https:\\\/\\\/c-profil.se\\\/wp-content\\\/uploads\\\/2021\\\/10\\\/Tillbehor-for-DIN-Profiler-Snabben.jpg\",\"contentUrl\":\"https:\\\/\\\/c-profil.se\\\/wp-content\\\/uploads\\\/2021\\\/10\\\/Tillbehor-for-DIN-Profiler-Snabben.jpg\",\"width\":1000,\"height\":1000,\"caption\":\"Tillbeh\u00f6r f\u00f6r DIN-Profiler Snabben\"},{\"@type\":\"BreadcrumbList\",\"@id\":\"https:\\\/\\\/c-profil.se\\\/produkt\\\/tillbehor-for-din-profiler\\\/#breadcrumb\",\"itemListElement\":[{\"@type\":\"ListItem\",\"position\":1,\"name\":\"Hem\",\"item\":\"https:\\\/\\\/c-profil.se\\\/\"},{\"@type\":\"ListItem\",\"position\":2,\"name\":\"Produkter\",\"item\":\"https:\\\/\\\/c-profil.se\\\/produkter\\\/\"},{\"@type\":\"ListItem\",\"position\":3,\"name\":\"DIN-Profiler\",\"item\":\"https:\\\/\\\/c-profil.se\\\/produkt-kategori\\\/din-profiler\\\/\"},{\"@type\":\"ListItem\",\"position\":4,\"name\":\"Tillbeh\u00f6r f\u00f6r DIN-Profiler\"}]},{\"@type\":\"WebSite\",\"@id\":\"https:\\\/\\\/c-profil.se\\\/#website\",\"url\":\"https:\\\/\\\/c-profil.se\\\/\",\"name\":\"C-Pro\",\"description\":\"Produkter f\u00f6r El och Automation\",\"publisher\":{\"@id\":\"https:\\\/\\\/c-profil.se\\\/#organization\"},\"potentialAction\":[{\"@type\":\"SearchAction\",\"target\":{\"@type\":\"EntryPoint\",\"urlTemplate\":\"https:\\\/\\\/c-profil.se\\\/?s={search_term_string}\"},\"query-input\":{\"@type\":\"PropertyValueSpecification\",\"valueRequired\":true,\"valueName\":\"search_term_string\"}}],\"inLanguage\":\"en\"},{\"@type\":\"Organization\",\"@id\":\"https:\\\/\\\/c-profil.se\\\/#organization\",\"name\":\"C-Pro\",\"alternateName\":\"C-PRO\",\"url\":\"https:\\\/\\\/c-profil.se\\\/\",\"logo\":{\"@type\":\"ImageObject\",\"inLanguage\":\"en\",\"@id\":\"https:\\\/\\\/c-profil.se\\\/#\\\/schema\\\/logo\\\/image\\\/\",\"url\":\"https:\\\/\\\/c-profil.se\\\/wp-content\\\/uploads\\\/2022\\\/03\\\/c-pro-logga-liggande-500x500-1.png\",\"contentUrl\":\"https:\\\/\\\/c-profil.se\\\/wp-content\\\/uploads\\\/2022\\\/03\\\/c-pro-logga-liggande-500x500-1.png\",\"width\":500,\"height\":500,\"caption\":\"C-Pro\"},\"image\":{\"@id\":\"https:\\\/\\\/c-profil.se\\\/#\\\/schema\\\/logo\\\/image\\\/\"},\"sameAs\":[\"https:\\\/\\\/www.facebook.com\\\/people\\\/C-Pro\\\/61561767306874\\\/\",\"https:\\\/\\\/www.linkedin.com\\\/company\\\/c-pro-ab\",\"https:\\\/\\\/www.instagram.com\\\/cpro.ab\\\/\"],\"description\":\"C-PRO AB \u00e4r en helt\u00e4ckande leverant\u00f6r av material f\u00f6r applikationer inom el och automation. \u00c4nda sedan starten 1987 har vi f\u00f6rsett den svenska tillverkande industrin med elmaterial. Trots v\u00e5r storlek och ledande position har vi aldrig \u00f6vergett v\u00e5r grundfilosofi, att vara en personlig leverant\u00f6r. Vi p\u00e5 C-PRO \u00e4r l\u00e4tta att komma i kontakt med, \u00e4rliga och brinner f\u00f6r att l\u00f6sa v\u00e5ra kunders problem.\",\"email\":\"info@c-profil.se\",\"telephone\":\"031575785\",\"legalName\":\"C-Profil F\u00f6rl\u00e4ggningsmaterial AB\",\"foundingDate\":\"1987-01-01\"}]}<\/script>\n<meta property=\"product:brand\" content=\"apparatsk\u00e5p\" \/>\n<meta property=\"product:price:currency\" content=\"SEK\" \/>\n<meta property=\"og:availability\" content=\"instock\" \/>\n<meta property=\"product:availability\" content=\"instock\" \/>\n<meta property=\"product:retailer_item_id\" content=\"Tillbeh\u00f6r f\u00f6r DIN-Profiler\" \/>\n<meta property=\"product:condition\" content=\"new\" \/>\n<!-- \/ Yoast SEO Premium plugin. -->","yoast_head_json":{"title":"Accessories for Din Rails - C-Pro","description":"Mounting clips for TS35 and C-Profile and marking system Snabben are accessories for DIN-Profiles. Suitable for both 15mm and 7.5mm DIN-Profiles. Read More!","robots":{"index":"index","follow":"follow","max-snippet":"max-snippet:-1","max-image-preview":"max-image-preview:large","max-video-preview":"max-video-preview:-1"},"canonical":"https:\/\/c-profil.se\/english\/product\/accessories-for-din-rails\/","og_locale":"en_US","og_type":"article","og_title":"Tillbeh\u00f6r f\u00f6r DIN-Profiler - C-Pro","og_description":"M\u00e4rksystem Snabben och Monteringsklips \u00e4r tillbeh\u00f6r f\u00f6r DIN-Profiler.  M\u00e4rksystem Snabben f\u00f6r montering p\u00e5 TS35 DIN-Profiler.   Passar b\u00e5de till 15mm och 7,5mm DIN-Profiler.  Snabben kan regleras efter byggh\u00f6jden p\u00e5 dina komponenter.  Monteringsklipps f\u00f6r TS35 DIN-Profil och C -Profil   Med M4 och M5-h\u00e5l","og_url":"https:\/\/c-profil.se\/english\/product\/accessories-for-din-rails\/","og_site_name":"C-Pro","article_publisher":"https:\/\/www.facebook.com\/people\/C-Pro\/61561767306874\/","article_modified_time":"2026-03-18T13:56:08+00:00","og_image":[{"width":1000,"height":1000,"url":"https:\/\/c-profil.se\/wp-content\/uploads\/2021\/10\/Tillbehor-for-DIN-Profiler-Snabben.jpg","type":"image\/jpeg"}],"twitter_card":"summary_large_image","twitter_misc":{"Price":"","Availability":"In stock"},"schema":{"@context":"https:\/\/schema.org","@graph":[{"@type":"WebPage","@id":"https:\/\/c-profil.se\/produkt\/tillbehor-for-din-profiler\/","url":"https:\/\/c-profil.se\/produkt\/tillbehor-for-din-profiler\/","name":"Accessories for Din Rails - C-Pro","isPartOf":{"@id":"https:\/\/c-profil.se\/#website"},"primaryImageOfPage":{"@id":"https:\/\/c-profil.se\/produkt\/tillbehor-for-din-profiler\/#primaryimage"},"image":{"@id":"https:\/\/c-profil.se\/produkt\/tillbehor-for-din-profiler\/#primaryimage"},"thumbnailUrl":"https:\/\/c-profil.se\/wp-content\/uploads\/2021\/10\/Tillbehor-for-DIN-Profiler-Snabben.jpg","datePublished":"2021-10-07T15:10:00+00:00","dateModified":"2026-03-18T13:56:08+00:00","description":"Mounting clips for TS35 and C-Profile and marking system Snabben are accessories for DIN-Profiles. Suitable for both 15mm and 7.5mm DIN-Profiles. Read More!","breadcrumb":{"@id":"https:\/\/c-profil.se\/produkt\/tillbehor-for-din-profiler\/#breadcrumb"},"inLanguage":"en","potentialAction":[{"@type":"ReadAction","target":["https:\/\/c-profil.se\/produkt\/tillbehor-for-din-profiler\/"]}]},{"@type":"ImageObject","inLanguage":"en","@id":"https:\/\/c-profil.se\/produkt\/tillbehor-for-din-profiler\/#primaryimage","url":"https:\/\/c-profil.se\/wp-content\/uploads\/2021\/10\/Tillbehor-for-DIN-Profiler-Snabben.jpg","contentUrl":"https:\/\/c-profil.se\/wp-content\/uploads\/2021\/10\/Tillbehor-for-DIN-Profiler-Snabben.jpg","width":1000,"height":1000,"caption":"Tillbeh\u00f6r f\u00f6r DIN-Profiler Snabben"},{"@type":"BreadcrumbList","@id":"https:\/\/c-profil.se\/produkt\/tillbehor-for-din-profiler\/#breadcrumb","itemListElement":[{"@type":"ListItem","position":1,"name":"Hem","item":"https:\/\/c-profil.se\/"},{"@type":"ListItem","position":2,"name":"Produkter","item":"https:\/\/c-profil.se\/produkter\/"},{"@type":"ListItem","position":3,"name":"DIN-Profiler","item":"https:\/\/c-profil.se\/produkt-kategori\/din-profiler\/"},{"@type":"ListItem","position":4,"name":"Tillbeh\u00f6r f\u00f6r DIN-Profiler"}]},{"@type":"WebSite","@id":"https:\/\/c-profil.se\/#website","url":"https:\/\/c-profil.se\/","name":"C-Pro","description":"Products for Electricity and Automation","publisher":{"@id":"https:\/\/c-profil.se\/#organization"},"potentialAction":[{"@type":"SearchAction","target":{"@type":"EntryPoint","urlTemplate":"https:\/\/c-profil.se\/?s={search_term_string}"},"query-input":{"@type":"PropertyValueSpecification","valueRequired":true,"valueName":"search_term_string"}}],"inLanguage":"en"},{"@type":"Organization","@id":"https:\/\/c-profil.se\/#organization","name":"C-Pro","alternateName":"C-PRO","url":"https:\/\/c-profil.se\/","logo":{"@type":"ImageObject","inLanguage":"en","@id":"https:\/\/c-profil.se\/#\/schema\/logo\/image\/","url":"https:\/\/c-profil.se\/wp-content\/uploads\/2022\/03\/c-pro-logga-liggande-500x500-1.png","contentUrl":"https:\/\/c-profil.se\/wp-content\/uploads\/2022\/03\/c-pro-logga-liggande-500x500-1.png","width":500,"height":500,"caption":"C-Pro"},"image":{"@id":"https:\/\/c-profil.se\/#\/schema\/logo\/image\/"},"sameAs":["https:\/\/www.facebook.com\/people\/C-Pro\/61561767306874\/","https:\/\/www.linkedin.com\/company\/c-pro-ab","https:\/\/www.instagram.com\/cpro.ab\/"],"description":"C-PRO AB is a comprehensive supplier of materials for applications in electricity and automation. Ever since the start in 1987, we have supplied the Swedish manufacturing industry with electrical materials. Despite our size and leading position, we have never abandoned our basic philosophy, to be a personal supplier. We at C-PRO are easy to get in touch with, honest and passionate about solving our customers&#039; problems.","email":"info@c-profil.se","telephone":"031575785","legalName":"C-Profil F\u00f6rl\u00e4ggningsmaterial AB","foundingDate":"1987-01-01"}]},"product_brand":"apparatsk\u00e5p","product_price_currency":"SEK","og_availability":"instock","product_availability":"instock","product_retailer_item_id":"Tillbeh\u00f6r f\u00f6r DIN-Profiler","product_condition":"new"},"_links":{"self":[{"href":"https:\/\/c-profil.se\/english\/wp-json\/wp\/v2\/product\/27923","targetHints":{"allow":["GET"]}}],"collection":[{"href":"https:\/\/c-profil.se\/english\/wp-json\/wp\/v2\/product"}],"about":[{"href":"https:\/\/c-profil.se\/english\/wp-json\/wp\/v2\/types\/product"}],"version-history":[{"count":4,"href":"https:\/\/c-profil.se\/english\/wp-json\/wp\/v2\/product\/27923\/revisions"}],"predecessor-version":[{"id":71818,"href":"https:\/\/c-profil.se\/english\/wp-json\/wp\/v2\/product\/27923\/revisions\/71818"}],"wp:featuredmedia":[{"embeddable":true,"href":"https:\/\/c-profil.se\/english\/wp-json\/wp\/v2\/media\/51552"}],"wp:attachment":[{"href":"https:\/\/c-profil.se\/english\/wp-json\/wp\/v2\/media?parent=27923"}],"wp:term":[{"taxonomy":"product_brand","embeddable":true,"href":"https:\/\/c-profil.se\/english\/wp-json\/wp\/v2\/product_brand?post=27923"},{"taxonomy":"product_cat","embeddable":true,"href":"https:\/\/c-profil.se\/english\/wp-json\/wp\/v2\/product_cat?post=27923"},{"taxonomy":"product_tag","embeddable":true,"href":"https:\/\/c-profil.se\/english\/wp-json\/wp\/v2\/product_tag?post=27923"}],"curies":[{"name":"wp","href":"https:\/\/api.w.org\/{rel}","templated":true}]}}