{"id":27449,"date":"2021-07-02T10:22:00","date_gmt":"2021-07-02T09:22:00","guid":{"rendered":"https:\/\/c-profil.se\/?post_type=product&#038;p=27449"},"modified":"2026-03-18T08:35:16","modified_gmt":"2026-03-18T07:35:16","slug":"velcro-holder-hl-kbh","status":"publish","type":"product","link":"https:\/\/c-profil.se\/english\/produkt\/kardborrehallare-kbh\/","title":{"rendered":"Velcro holder | KBH"},"content":{"rendered":"<p><strong>Velcro holder \/ KBH is a flexible holding solution for quick and easy installation of Velcro cable ties<\/strong> in machines, profiles and enclosures.<br \/>\nThe holders enable easy assembly, disassembly and retrofitting and are available for both twist lock and screw mounting.<\/p>","protected":false},"excerpt":{"rendered":"<p>Velcro holder \/ KBH can be used together with <a href=\"https:\/\/c-profil.se\/english\/product\/buntbandfaste-hl-kbh\/\"><em>\u201chook and loop\u201d<\/em>Cable tie KLKB-KLB<\/a> and hook and loop tape. The wide variety of these holders offers multiple mounting options.<\/p>\n<p>They act as holders for velcro straps, which can be fitted quickly and easily in a variety of ways. These holders can be used in combination with Velcro straps KLKB and Velcro straps KLB.<br \/>\nKBH can be installed very quickly: KBH-R with 90\u00b0 twist lock on profiles from Bosch Rexroth, MiniTec, Artikel and Rittal and KBH-S with universal screw mounting.<\/p>\n<ul>\n<li>Assembly, disassembly, retrofitting and service work can be done easily at any time.<\/li>\n<li>Secure support<\/li>\n<li>Versatile utilization<\/li>\n<li>Quick and easy assembly<\/li>\n<\/ul>\n<p>&nbsp;<\/p>","protected":false},"featured_media":51533,"template":"","meta":{"_acf_changed":false},"product_brand":[740],"product_cat":[224],"product_tag":[970,975,946],"class_list":{"0":"post-27449","1":"product","2":"type-product","3":"status-publish","4":"has-post-thumbnail","6":"product_brand-icotek","7":"product_cat-buntband","8":"product_tag-dragning-av-kablage","9":"product_tag-fastsattning","10":"product_tag-kabelhantering-i-apparatskap","12":"first","13":"instock","14":"shipping-taxable","15":"product-type-simple"},"acf":[],"yoast_head":"<!-- This site is optimized with the Yoast SEO Premium plugin v27.6 (Yoast SEO v27.6) - https:\/\/yoast.com\/product\/yoast-seo-premium-wordpress\/ -->\n<title>Kardborreh\u00e5llare | KBH - C-Pro<\/title>\n<meta name=\"description\" content=\"Kardborreh\u00e5llare \/ KBH kan anv\u00e4ndas tillsammans med \u201chook and loop\u201d-buntband KLKB och krok och \u00f6gla-tejp. Stora variation av h\u00e5llare. L\u00e4s Mer!\" \/>\n<meta name=\"robots\" content=\"index, follow, max-snippet:-1, max-image-preview:large, max-video-preview:-1\" \/>\n<link rel=\"canonical\" href=\"https:\/\/c-profil.se\/english\/product\/velcro-holder-hl-kbh\/\" \/>\n<meta property=\"og:locale\" content=\"en_US\" \/>\n<meta property=\"og:type\" content=\"article\" \/>\n<meta property=\"og:title\" content=\"Kardborreh\u00e5llare | KBH - C-Pro\" \/>\n<meta property=\"og:description\" content=\"Kardborreh\u00e5llare \/ KBH kan anv\u00e4ndas tillsammans med \u201chook and loop\u201d-buntband KLKB\/KLB och krok och \u00f6gla-tejp. Den stora variationen av dessa h\u00e5llare erbjuder flertalet monteringsm\u00f6jligheter.  De fungerar som som h\u00e5llare f\u00f6r kardborreband, som kan monteras snabbt och enkelt p\u00e5 en m\u00e4ngd olika s\u00e4tt. Dessa h\u00e5llare kan anv\u00e4ndas i kombination med kardborreband KLKB och kardborreband KLB. KBH kan installeras mycket snabbt: KBH-R med 90\u00b0 vridl\u00e5s p\u00e5 profiler fr\u00e5n Bosch Rexroth, MiniTec, artikel och Rittal och KBH-S med universalskruvmontage.   Montering, demontering, eftermontering och servicearbete kan g\u00f6ras enkelt n\u00e4r som helst.  S\u00e4kert st\u00f6d  M\u00e5ngsidigt utnyttjande  Snabb och enkel montering  &nbsp;\" \/>\n<meta property=\"og:url\" content=\"https:\/\/c-profil.se\/english\/product\/velcro-holder-hl-kbh\/\" \/>\n<meta property=\"og:site_name\" content=\"C-Pro\" \/>\n<meta property=\"article:publisher\" content=\"https:\/\/www.facebook.com\/people\/C-Pro\/61561767306874\/\" \/>\n<meta property=\"article:modified_time\" content=\"2026-03-18T07:35:16+00:00\" \/>\n<meta property=\"og:image\" content=\"https:\/\/c-profil.se\/wp-content\/uploads\/2021\/07\/Kardborrehallare-KBH.jpg\" \/>\n\t<meta property=\"og:image:width\" content=\"1000\" \/>\n\t<meta property=\"og:image:height\" content=\"1000\" \/>\n\t<meta property=\"og:image:type\" content=\"image\/jpeg\" \/>\n<meta name=\"twitter:card\" content=\"summary_large_image\" \/>\n<meta name=\"twitter:label1\" content=\"Price\" \/>\n\t<meta name=\"twitter:data1\" content=\"\" \/>\n\t<meta name=\"twitter:label2\" content=\"Availability\" \/>\n\t<meta name=\"twitter:data2\" content=\"In stock\" \/>\n<script type=\"application\/ld+json\" class=\"yoast-schema-graph\">{\"@context\":\"https:\\\/\\\/schema.org\",\"@graph\":[{\"@type\":\"WebPage\",\"@id\":\"https:\\\/\\\/c-profil.se\\\/produkt\\\/kardborrehallare-kbh\\\/\",\"url\":\"https:\\\/\\\/c-profil.se\\\/produkt\\\/kardborrehallare-kbh\\\/\",\"name\":\"Kardborreh\u00e5llare | KBH - C-Pro\",\"isPartOf\":{\"@id\":\"https:\\\/\\\/c-profil.se\\\/#website\"},\"primaryImageOfPage\":{\"@id\":\"https:\\\/\\\/c-profil.se\\\/produkt\\\/kardborrehallare-kbh\\\/#primaryimage\"},\"image\":{\"@id\":\"https:\\\/\\\/c-profil.se\\\/produkt\\\/kardborrehallare-kbh\\\/#primaryimage\"},\"thumbnailUrl\":\"https:\\\/\\\/c-profil.se\\\/wp-content\\\/uploads\\\/2021\\\/07\\\/Kardborrehallare-KBH.jpg\",\"datePublished\":\"2021-07-02T09:22:00+00:00\",\"dateModified\":\"2026-03-18T07:35:16+00:00\",\"description\":\"Kardborreh\u00e5llare \\\/ KBH kan anv\u00e4ndas tillsammans med \u201chook and loop\u201d-buntband KLKB och krok och \u00f6gla-tejp. Stora variation av h\u00e5llare. L\u00e4s Mer!\",\"breadcrumb\":{\"@id\":\"https:\\\/\\\/c-profil.se\\\/produkt\\\/kardborrehallare-kbh\\\/#breadcrumb\"},\"inLanguage\":\"en\",\"potentialAction\":[{\"@type\":\"ReadAction\",\"target\":[\"https:\\\/\\\/c-profil.se\\\/produkt\\\/kardborrehallare-kbh\\\/\"]}]},{\"@type\":\"ImageObject\",\"inLanguage\":\"en\",\"@id\":\"https:\\\/\\\/c-profil.se\\\/produkt\\\/kardborrehallare-kbh\\\/#primaryimage\",\"url\":\"https:\\\/\\\/c-profil.se\\\/wp-content\\\/uploads\\\/2021\\\/07\\\/Kardborrehallare-KBH.jpg\",\"contentUrl\":\"https:\\\/\\\/c-profil.se\\\/wp-content\\\/uploads\\\/2021\\\/07\\\/Kardborrehallare-KBH.jpg\",\"width\":1000,\"height\":1000,\"caption\":\"Kardborreh\u00e5llare KBH\"},{\"@type\":\"BreadcrumbList\",\"@id\":\"https:\\\/\\\/c-profil.se\\\/produkt\\\/kardborrehallare-kbh\\\/#breadcrumb\",\"itemListElement\":[{\"@type\":\"ListItem\",\"position\":1,\"name\":\"Hem\",\"item\":\"https:\\\/\\\/c-profil.se\\\/\"},{\"@type\":\"ListItem\",\"position\":2,\"name\":\"Produkter\",\"item\":\"https:\\\/\\\/c-profil.se\\\/produkter\\\/\"},{\"@type\":\"ListItem\",\"position\":3,\"name\":\"Buntband\",\"item\":\"https:\\\/\\\/c-profil.se\\\/produkt-kategori\\\/buntband\\\/\"},{\"@type\":\"ListItem\",\"position\":4,\"name\":\"Kardborreh\u00e5llare | KBH\"}]},{\"@type\":\"WebSite\",\"@id\":\"https:\\\/\\\/c-profil.se\\\/#website\",\"url\":\"https:\\\/\\\/c-profil.se\\\/\",\"name\":\"C-Pro\",\"description\":\"Produkter f\u00f6r El och Automation\",\"publisher\":{\"@id\":\"https:\\\/\\\/c-profil.se\\\/#organization\"},\"potentialAction\":[{\"@type\":\"SearchAction\",\"target\":{\"@type\":\"EntryPoint\",\"urlTemplate\":\"https:\\\/\\\/c-profil.se\\\/?s={search_term_string}\"},\"query-input\":{\"@type\":\"PropertyValueSpecification\",\"valueRequired\":true,\"valueName\":\"search_term_string\"}}],\"inLanguage\":\"en\"},{\"@type\":\"Organization\",\"@id\":\"https:\\\/\\\/c-profil.se\\\/#organization\",\"name\":\"C-Pro\",\"alternateName\":\"C-PRO\",\"url\":\"https:\\\/\\\/c-profil.se\\\/\",\"logo\":{\"@type\":\"ImageObject\",\"inLanguage\":\"en\",\"@id\":\"https:\\\/\\\/c-profil.se\\\/#\\\/schema\\\/logo\\\/image\\\/\",\"url\":\"https:\\\/\\\/c-profil.se\\\/wp-content\\\/uploads\\\/2022\\\/03\\\/c-pro-logga-liggande-500x500-1.png\",\"contentUrl\":\"https:\\\/\\\/c-profil.se\\\/wp-content\\\/uploads\\\/2022\\\/03\\\/c-pro-logga-liggande-500x500-1.png\",\"width\":500,\"height\":500,\"caption\":\"C-Pro\"},\"image\":{\"@id\":\"https:\\\/\\\/c-profil.se\\\/#\\\/schema\\\/logo\\\/image\\\/\"},\"sameAs\":[\"https:\\\/\\\/www.facebook.com\\\/people\\\/C-Pro\\\/61561767306874\\\/\",\"https:\\\/\\\/www.linkedin.com\\\/company\\\/c-pro-ab\",\"https:\\\/\\\/www.instagram.com\\\/cpro.ab\\\/\"],\"description\":\"C-PRO AB \u00e4r en helt\u00e4ckande leverant\u00f6r av material f\u00f6r applikationer inom el och automation. \u00c4nda sedan starten 1987 har vi f\u00f6rsett den svenska tillverkande industrin med elmaterial. Trots v\u00e5r storlek och ledande position har vi aldrig \u00f6vergett v\u00e5r grundfilosofi, att vara en personlig leverant\u00f6r. Vi p\u00e5 C-PRO \u00e4r l\u00e4tta att komma i kontakt med, \u00e4rliga och brinner f\u00f6r att l\u00f6sa v\u00e5ra kunders problem.\",\"email\":\"info@c-profil.se\",\"telephone\":\"031575785\",\"legalName\":\"C-Profil F\u00f6rl\u00e4ggningsmaterial AB\",\"foundingDate\":\"1987-01-01\"}]}<\/script>\n<meta property=\"product:brand\" content=\"dragning av kablage\" \/>\n<meta property=\"product:price:currency\" content=\"SEK\" \/>\n<meta property=\"og:availability\" content=\"instock\" \/>\n<meta property=\"product:availability\" content=\"instock\" \/>\n<meta property=\"product:retailer_item_id\" content=\"KBH\" \/>\n<meta property=\"product:condition\" content=\"new\" \/>\n<!-- \/ Yoast SEO Premium plugin. -->","yoast_head_json":{"title":"Velcro holder | KBH - C-Pro","description":"Velcro Holder \/ KBH can be used together with \"hook and loop\" cable velcro ties KLKB and hook and loop tape. Large variety of holders. Read more!","robots":{"index":"index","follow":"follow","max-snippet":"max-snippet:-1","max-image-preview":"max-image-preview:large","max-video-preview":"max-video-preview:-1"},"canonical":"https:\/\/c-profil.se\/english\/product\/velcro-holder-hl-kbh\/","og_locale":"en_US","og_type":"article","og_title":"Kardborreh\u00e5llare | KBH - C-Pro","og_description":"Kardborreh\u00e5llare \/ KBH kan anv\u00e4ndas tillsammans med \u201chook and loop\u201d-buntband KLKB\/KLB och krok och \u00f6gla-tejp. Den stora variationen av dessa h\u00e5llare erbjuder flertalet monteringsm\u00f6jligheter.  De fungerar som som h\u00e5llare f\u00f6r kardborreband, som kan monteras snabbt och enkelt p\u00e5 en m\u00e4ngd olika s\u00e4tt. Dessa h\u00e5llare kan anv\u00e4ndas i kombination med kardborreband KLKB och kardborreband KLB. KBH kan installeras mycket snabbt: KBH-R med 90\u00b0 vridl\u00e5s p\u00e5 profiler fr\u00e5n Bosch Rexroth, MiniTec, artikel och Rittal och KBH-S med universalskruvmontage.   Montering, demontering, eftermontering och servicearbete kan g\u00f6ras enkelt n\u00e4r som helst.  S\u00e4kert st\u00f6d  M\u00e5ngsidigt utnyttjande  Snabb och enkel montering  &nbsp;","og_url":"https:\/\/c-profil.se\/english\/product\/velcro-holder-hl-kbh\/","og_site_name":"C-Pro","article_publisher":"https:\/\/www.facebook.com\/people\/C-Pro\/61561767306874\/","article_modified_time":"2026-03-18T07:35:16+00:00","og_image":[{"width":1000,"height":1000,"url":"https:\/\/c-profil.se\/wp-content\/uploads\/2021\/07\/Kardborrehallare-KBH.jpg","type":"image\/jpeg"}],"twitter_card":"summary_large_image","twitter_misc":{"Price":"","Availability":"In stock"},"schema":{"@context":"https:\/\/schema.org","@graph":[{"@type":"WebPage","@id":"https:\/\/c-profil.se\/produkt\/kardborrehallare-kbh\/","url":"https:\/\/c-profil.se\/produkt\/kardborrehallare-kbh\/","name":"Velcro holder | KBH - C-Pro","isPartOf":{"@id":"https:\/\/c-profil.se\/#website"},"primaryImageOfPage":{"@id":"https:\/\/c-profil.se\/produkt\/kardborrehallare-kbh\/#primaryimage"},"image":{"@id":"https:\/\/c-profil.se\/produkt\/kardborrehallare-kbh\/#primaryimage"},"thumbnailUrl":"https:\/\/c-profil.se\/wp-content\/uploads\/2021\/07\/Kardborrehallare-KBH.jpg","datePublished":"2021-07-02T09:22:00+00:00","dateModified":"2026-03-18T07:35:16+00:00","description":"Velcro Holder \/ KBH can be used together with \"hook and loop\" cable velcro ties KLKB and hook and loop tape. Large variety of holders. Read more!","breadcrumb":{"@id":"https:\/\/c-profil.se\/produkt\/kardborrehallare-kbh\/#breadcrumb"},"inLanguage":"en","potentialAction":[{"@type":"ReadAction","target":["https:\/\/c-profil.se\/produkt\/kardborrehallare-kbh\/"]}]},{"@type":"ImageObject","inLanguage":"en","@id":"https:\/\/c-profil.se\/produkt\/kardborrehallare-kbh\/#primaryimage","url":"https:\/\/c-profil.se\/wp-content\/uploads\/2021\/07\/Kardborrehallare-KBH.jpg","contentUrl":"https:\/\/c-profil.se\/wp-content\/uploads\/2021\/07\/Kardborrehallare-KBH.jpg","width":1000,"height":1000,"caption":"Kardborreh\u00e5llare KBH"},{"@type":"BreadcrumbList","@id":"https:\/\/c-profil.se\/produkt\/kardborrehallare-kbh\/#breadcrumb","itemListElement":[{"@type":"ListItem","position":1,"name":"Hem","item":"https:\/\/c-profil.se\/"},{"@type":"ListItem","position":2,"name":"Produkter","item":"https:\/\/c-profil.se\/produkter\/"},{"@type":"ListItem","position":3,"name":"Buntband","item":"https:\/\/c-profil.se\/produkt-kategori\/buntband\/"},{"@type":"ListItem","position":4,"name":"Kardborreh\u00e5llare | KBH"}]},{"@type":"WebSite","@id":"https:\/\/c-profil.se\/#website","url":"https:\/\/c-profil.se\/","name":"C-Pro","description":"Products for Electricity and Automation","publisher":{"@id":"https:\/\/c-profil.se\/#organization"},"potentialAction":[{"@type":"SearchAction","target":{"@type":"EntryPoint","urlTemplate":"https:\/\/c-profil.se\/?s={search_term_string}"},"query-input":{"@type":"PropertyValueSpecification","valueRequired":true,"valueName":"search_term_string"}}],"inLanguage":"en"},{"@type":"Organization","@id":"https:\/\/c-profil.se\/#organization","name":"C-Pro","alternateName":"C-PRO","url":"https:\/\/c-profil.se\/","logo":{"@type":"ImageObject","inLanguage":"en","@id":"https:\/\/c-profil.se\/#\/schema\/logo\/image\/","url":"https:\/\/c-profil.se\/wp-content\/uploads\/2022\/03\/c-pro-logga-liggande-500x500-1.png","contentUrl":"https:\/\/c-profil.se\/wp-content\/uploads\/2022\/03\/c-pro-logga-liggande-500x500-1.png","width":500,"height":500,"caption":"C-Pro"},"image":{"@id":"https:\/\/c-profil.se\/#\/schema\/logo\/image\/"},"sameAs":["https:\/\/www.facebook.com\/people\/C-Pro\/61561767306874\/","https:\/\/www.linkedin.com\/company\/c-pro-ab","https:\/\/www.instagram.com\/cpro.ab\/"],"description":"C-PRO AB is a comprehensive supplier of materials for applications in electricity and automation. Ever since the start in 1987, we have supplied the Swedish manufacturing industry with electrical materials. Despite our size and leading position, we have never abandoned our basic philosophy, to be a personal supplier. We at C-PRO are easy to get in touch with, honest and passionate about solving our customers&#039; problems.","email":"info@c-profil.se","telephone":"031575785","legalName":"C-Profil F\u00f6rl\u00e4ggningsmaterial AB","foundingDate":"1987-01-01"}]},"product_brand":"dragning av kablage","product_price_currency":"SEK","og_availability":"instock","product_availability":"instock","product_retailer_item_id":"KBH","product_condition":"new"},"_links":{"self":[{"href":"https:\/\/c-profil.se\/english\/wp-json\/wp\/v2\/product\/27449","targetHints":{"allow":["GET"]}}],"collection":[{"href":"https:\/\/c-profil.se\/english\/wp-json\/wp\/v2\/product"}],"about":[{"href":"https:\/\/c-profil.se\/english\/wp-json\/wp\/v2\/types\/product"}],"version-history":[{"count":7,"href":"https:\/\/c-profil.se\/english\/wp-json\/wp\/v2\/product\/27449\/revisions"}],"predecessor-version":[{"id":74405,"href":"https:\/\/c-profil.se\/english\/wp-json\/wp\/v2\/product\/27449\/revisions\/74405"}],"wp:featuredmedia":[{"embeddable":true,"href":"https:\/\/c-profil.se\/english\/wp-json\/wp\/v2\/media\/51533"}],"wp:attachment":[{"href":"https:\/\/c-profil.se\/english\/wp-json\/wp\/v2\/media?parent=27449"}],"wp:term":[{"taxonomy":"product_brand","embeddable":true,"href":"https:\/\/c-profil.se\/english\/wp-json\/wp\/v2\/product_brand?post=27449"},{"taxonomy":"product_cat","embeddable":true,"href":"https:\/\/c-profil.se\/english\/wp-json\/wp\/v2\/product_cat?post=27449"},{"taxonomy":"product_tag","embeddable":true,"href":"https:\/\/c-profil.se\/english\/wp-json\/wp\/v2\/product_tag?post=27449"}],"curies":[{"name":"wp","href":"https:\/\/api.w.org\/{rel}","templated":true}]}}