{"id":25173,"date":"2020-11-19T14:15:00","date_gmt":"2020-11-19T13:15:00","guid":{"rendered":"https:\/\/c-profil.se\/?post_type=product&#038;p=25173"},"modified":"2026-04-23T09:55:11","modified_gmt":"2026-04-23T08:55:11","slug":"split-emc-entry-frame-kel-ds","status":"publish","type":"product","link":"https:\/\/c-profil.se\/english\/produkt\/kabelgenomforingsram-emc-kel-ds\/","title":{"rendered":"EMC Cable Entry Frame | EMC-KEL-DS"},"content":{"rendered":"<p><strong>EMC-KEL-DS is a divisible EMC cable gland frame for safe and effective shielding in industrial installations<\/strong>, developed to dissipate both field-bound and conducted interference.<br \/>\nThe cable gland enables 360\u00b0 contact with the cable shield and is adapted for standard perforation for 24-pin industrial connectors.<\/p>","protected":false},"excerpt":{"rendered":"<p><strong>EMC Cable Entry Frame | EMC-KEL-DS<\/strong> is a divisible cable entry frame that is metallized to allow good electrical conductivity.<\/p>\n<p>The front cable grommet (KT) is used for strain relief and cable sealing on the cable jacket. The cable shield is contacted over 360\u00b0 via the rear conductive grommet (EMC-KT).<\/p>\n<p>The EMC-KEL-DS frames match exactly the cut-out dimensions for 24-pin standard industrial connectors. Either a cut-out of 36 mm or 46 mm in height can be chosen depending on the cables being routed.<\/p>\n<p>A conductive flat gasket, which is included in the delivery, connects the cable entry frames to the conductive housing wall. This can be an advantage when the housing wall is not painted and therefore conductive.<\/p>\n<p><strong>Advantages<\/strong><\/p>\n<ul>\n<li>Both conducted and field-bound disturbances can be reliably diverted<\/li>\n<li>Strain relief and sealing are separated from the EMC contact<\/li>\n<li>Scratch-resistant surface<\/li>\n<li>EMC grommets made entirely from conductive elastomer<\/li>\n<li>Very good dissipation values<\/li>\n<li>Very good shielding effect with regard to EMC tightness<\/li>\n<\/ul>","protected":false},"featured_media":50831,"template":"","meta":{"_acf_changed":false},"product_brand":[740],"product_cat":[313,305],"product_tag":[953,992,938,1005,939],"class_list":{"0":"post-25173","1":"product","2":"type-product","3":"status-publish","4":"has-post-thumbnail","6":"product_brand-icotek","7":"product_cat-emc-kabelgenomforingar","8":"product_cat-kabelgenomforingssystem-for-kablar-med-kontakt","9":"product_tag-eftermontering","10":"product_tag-kabelgenomforing","11":"product_tag-kabelinforing","12":"product_tag-platbearbetning","13":"product_tag-tatning","15":"first","16":"instock","17":"shipping-taxable","18":"product-type-simple"},"acf":[],"yoast_head":"<!-- This site is optimized with the Yoast SEO Premium plugin v27.5 (Yoast SEO v27.5) - https:\/\/yoast.com\/product\/yoast-seo-premium-wordpress\/ -->\n<title>EMC Kabelgenomf\u00f6ringsram | EMC-KEL-DS - C-Pro<\/title>\n<meta name=\"description\" content=\"EMC Kabelgenomf\u00f6ringsram | EMC-KEL-DS \u00e4r metalliserad f\u00f6r att ge en bra str\u00f6mledning. H\u00e5ltagning passar 24-stifts industriella kontakter.\" \/>\n<meta name=\"robots\" content=\"index, follow, max-snippet:-1, max-image-preview:large, max-video-preview:-1\" \/>\n<link rel=\"canonical\" href=\"https:\/\/c-profil.se\/english\/product\/split-emc-entry-frame-kel-ds\/\" \/>\n<meta property=\"og:locale\" content=\"en_US\" \/>\n<meta property=\"og:type\" content=\"article\" \/>\n<meta property=\"og:title\" content=\"EMC Kabelgenomf\u00f6ringsram | EMC-KEL-DS - C-Pro\" \/>\n<meta property=\"og:description\" content=\"EMC Kabelgenomf\u00f6ringsram | EMC-KEL-DS \u00e4r en delbar kabelgenomf\u00f6ringsramar som \u00e4r metalliserad f\u00f6r att m\u00f6jligg\u00f6ra en bra str\u00f6mledning.  F\u00f6rsta genomf\u00f6ringen (KT) tj\u00e4nar till dragavlastning och t\u00e4tning \u00f6ver kabelmanteln. Genom den andra genomf\u00f6ringen (EMC-KT) kontakteras kabelsk\u00e4rmen p\u00e5 360\u00b0.  EMC-KEL-DS-ramen matchar exakt h\u00e5ltagningsdimensionerna f\u00f6r 24-stifts standard industriella kontakter. H\u00e5ltagning 36 mm eller 46 mm i h\u00f6jd kan v\u00e4ljas beroende p\u00e5 vilka kablar som ska igenom.  Genom en ledande platt packning som \u00e4r inkluderad i transporten f\u00f6rbindas kabelgenomf\u00f6ringsramarna\u00a0med ledande h\u00f6ljev\u00e4ggen. Detta kan vara en f\u00f6rdel n\u00e4r h\u00f6ljev\u00e4ggen inte \u00e4r lackerad och s\u00e5med ledande.  F\u00f6rdelar   B\u00e5de genomf\u00f6rda och f\u00e4ltbundna st\u00f6rningar kan p\u00e5litligt avledas.  Avlastning och t\u00e4tning separeras fr\u00e5n EMC-kontakten  Rept\u00e5lig yta Kontakt med kabelsk\u00e4rmen \u00f6ver 360 \u00b0  EMC-genomf\u00f6ringar gjorda helt av ledande elastomer  Mycket bra avledningsv\u00e4rden  Mycket bra sk\u00e4rmningseffekt med avseende p\u00e5 EMC-t\u00e4thet\" \/>\n<meta property=\"og:url\" content=\"https:\/\/c-profil.se\/english\/product\/split-emc-entry-frame-kel-ds\/\" \/>\n<meta property=\"og:site_name\" content=\"C-Pro\" \/>\n<meta property=\"article:publisher\" content=\"https:\/\/www.facebook.com\/people\/C-Pro\/61561767306874\/\" \/>\n<meta property=\"article:modified_time\" content=\"2026-04-23T08:55:11+00:00\" \/>\n<meta property=\"og:image\" content=\"https:\/\/c-profil.se\/wp-content\/uploads\/2020\/11\/Kabelgenomforingsram-EMC-KEL-DS.jpg\" \/>\n\t<meta property=\"og:image:width\" content=\"1000\" \/>\n\t<meta property=\"og:image:height\" content=\"1000\" \/>\n\t<meta property=\"og:image:type\" content=\"image\/jpeg\" \/>\n<meta name=\"twitter:card\" content=\"summary_large_image\" \/>\n<meta name=\"twitter:label1\" content=\"Price\" \/>\n\t<meta name=\"twitter:data1\" content=\"\" \/>\n\t<meta name=\"twitter:label2\" content=\"Availability\" \/>\n\t<meta name=\"twitter:data2\" content=\"In stock\" \/>\n<script type=\"application\/ld+json\" class=\"yoast-schema-graph\">{\"@context\":\"https:\\\/\\\/schema.org\",\"@graph\":[{\"@type\":\"WebPage\",\"@id\":\"https:\\\/\\\/c-profil.se\\\/produkt\\\/kabelgenomforingsram-emc-kel-ds\\\/\",\"url\":\"https:\\\/\\\/c-profil.se\\\/produkt\\\/kabelgenomforingsram-emc-kel-ds\\\/\",\"name\":\"EMC Kabelgenomf\u00f6ringsram | EMC-KEL-DS - C-Pro\",\"isPartOf\":{\"@id\":\"https:\\\/\\\/c-profil.se\\\/#website\"},\"primaryImageOfPage\":{\"@id\":\"https:\\\/\\\/c-profil.se\\\/produkt\\\/kabelgenomforingsram-emc-kel-ds\\\/#primaryimage\"},\"image\":{\"@id\":\"https:\\\/\\\/c-profil.se\\\/produkt\\\/kabelgenomforingsram-emc-kel-ds\\\/#primaryimage\"},\"thumbnailUrl\":\"https:\\\/\\\/c-profil.se\\\/wp-content\\\/uploads\\\/2020\\\/11\\\/Kabelgenomforingsram-EMC-KEL-DS.jpg\",\"datePublished\":\"2020-11-19T13:15:00+00:00\",\"dateModified\":\"2026-04-23T08:55:11+00:00\",\"description\":\"EMC Kabelgenomf\u00f6ringsram | EMC-KEL-DS \u00e4r metalliserad f\u00f6r att ge en bra str\u00f6mledning. H\u00e5ltagning passar 24-stifts industriella kontakter.\",\"breadcrumb\":{\"@id\":\"https:\\\/\\\/c-profil.se\\\/produkt\\\/kabelgenomforingsram-emc-kel-ds\\\/#breadcrumb\"},\"inLanguage\":\"en\",\"potentialAction\":[{\"@type\":\"ReadAction\",\"target\":[\"https:\\\/\\\/c-profil.se\\\/produkt\\\/kabelgenomforingsram-emc-kel-ds\\\/\"]}]},{\"@type\":\"ImageObject\",\"inLanguage\":\"en\",\"@id\":\"https:\\\/\\\/c-profil.se\\\/produkt\\\/kabelgenomforingsram-emc-kel-ds\\\/#primaryimage\",\"url\":\"https:\\\/\\\/c-profil.se\\\/wp-content\\\/uploads\\\/2020\\\/11\\\/Kabelgenomforingsram-EMC-KEL-DS.jpg\",\"contentUrl\":\"https:\\\/\\\/c-profil.se\\\/wp-content\\\/uploads\\\/2020\\\/11\\\/Kabelgenomforingsram-EMC-KEL-DS.jpg\",\"width\":1000,\"height\":1000,\"caption\":\"Kabelgenomf\u00f6ringsram EMC KEL-DS\"},{\"@type\":\"BreadcrumbList\",\"@id\":\"https:\\\/\\\/c-profil.se\\\/produkt\\\/kabelgenomforingsram-emc-kel-ds\\\/#breadcrumb\",\"itemListElement\":[{\"@type\":\"ListItem\",\"position\":1,\"name\":\"Hem\",\"item\":\"https:\\\/\\\/c-profil.se\\\/\"},{\"@type\":\"ListItem\",\"position\":2,\"name\":\"Produkter\",\"item\":\"https:\\\/\\\/c-profil.se\\\/produkter\\\/\"},{\"@type\":\"ListItem\",\"position\":3,\"name\":\"Kabelgenomf\u00f6ringssystem f\u00f6r kablar med kontakt\",\"item\":\"https:\\\/\\\/c-profil.se\\\/produkt-kategori\\\/kabelgenomforingssystem-for-kablar-med-kontakt\\\/\"},{\"@type\":\"ListItem\",\"position\":4,\"name\":\"EMC Kabelgenomf\u00f6ringsram | EMC-KEL-DS\"}]},{\"@type\":\"WebSite\",\"@id\":\"https:\\\/\\\/c-profil.se\\\/#website\",\"url\":\"https:\\\/\\\/c-profil.se\\\/\",\"name\":\"C-Pro\",\"description\":\"Produkter f\u00f6r El och Automation\",\"publisher\":{\"@id\":\"https:\\\/\\\/c-profil.se\\\/#organization\"},\"potentialAction\":[{\"@type\":\"SearchAction\",\"target\":{\"@type\":\"EntryPoint\",\"urlTemplate\":\"https:\\\/\\\/c-profil.se\\\/?s={search_term_string}\"},\"query-input\":{\"@type\":\"PropertyValueSpecification\",\"valueRequired\":true,\"valueName\":\"search_term_string\"}}],\"inLanguage\":\"en\"},{\"@type\":\"Organization\",\"@id\":\"https:\\\/\\\/c-profil.se\\\/#organization\",\"name\":\"C-Pro\",\"alternateName\":\"C-PRO\",\"url\":\"https:\\\/\\\/c-profil.se\\\/\",\"logo\":{\"@type\":\"ImageObject\",\"inLanguage\":\"en\",\"@id\":\"https:\\\/\\\/c-profil.se\\\/#\\\/schema\\\/logo\\\/image\\\/\",\"url\":\"https:\\\/\\\/c-profil.se\\\/wp-content\\\/uploads\\\/2022\\\/03\\\/c-pro-logga-liggande-500x500-1.png\",\"contentUrl\":\"https:\\\/\\\/c-profil.se\\\/wp-content\\\/uploads\\\/2022\\\/03\\\/c-pro-logga-liggande-500x500-1.png\",\"width\":500,\"height\":500,\"caption\":\"C-Pro\"},\"image\":{\"@id\":\"https:\\\/\\\/c-profil.se\\\/#\\\/schema\\\/logo\\\/image\\\/\"},\"sameAs\":[\"https:\\\/\\\/www.facebook.com\\\/people\\\/C-Pro\\\/61561767306874\\\/\",\"https:\\\/\\\/www.linkedin.com\\\/company\\\/c-pro-ab\",\"https:\\\/\\\/www.instagram.com\\\/cpro.ab\\\/\"],\"description\":\"C-PRO AB \u00e4r en helt\u00e4ckande leverant\u00f6r av material f\u00f6r applikationer inom el och automation. \u00c4nda sedan starten 1987 har vi f\u00f6rsett den svenska tillverkande industrin med elmaterial. Trots v\u00e5r storlek och ledande position har vi aldrig \u00f6vergett v\u00e5r grundfilosofi, att vara en personlig leverant\u00f6r. Vi p\u00e5 C-PRO \u00e4r l\u00e4tta att komma i kontakt med, \u00e4rliga och brinner f\u00f6r att l\u00f6sa v\u00e5ra kunders problem.\",\"email\":\"info@c-profil.se\",\"telephone\":\"031575785\",\"legalName\":\"C-Profil F\u00f6rl\u00e4ggningsmaterial AB\",\"foundingDate\":\"1987-01-01\"}]}<\/script>\n<meta property=\"product:brand\" content=\"eftermontering\" \/>\n<meta property=\"product:price:currency\" content=\"SEK\" \/>\n<meta property=\"og:availability\" content=\"instock\" \/>\n<meta property=\"product:availability\" content=\"instock\" \/>\n<meta property=\"product:retailer_item_id\" content=\"EMC-KEL-DS\" \/>\n<meta property=\"product:condition\" content=\"new\" \/>\n<!-- \/ Yoast SEO Premium plugin. -->","yoast_head_json":{"title":"EMC Cable Entry Frame | EMC-KEL-DS - C-Pro","description":"EMC Cable Entry Frame | EMC-KEL-DS is metallized for good electrical conductivity. The cutout fits 24-pin industrial connectors.","robots":{"index":"index","follow":"follow","max-snippet":"max-snippet:-1","max-image-preview":"max-image-preview:large","max-video-preview":"max-video-preview:-1"},"canonical":"https:\/\/c-profil.se\/english\/product\/split-emc-entry-frame-kel-ds\/","og_locale":"en_US","og_type":"article","og_title":"EMC Kabelgenomf\u00f6ringsram | EMC-KEL-DS - C-Pro","og_description":"EMC Kabelgenomf\u00f6ringsram | EMC-KEL-DS \u00e4r en delbar kabelgenomf\u00f6ringsramar som \u00e4r metalliserad f\u00f6r att m\u00f6jligg\u00f6ra en bra str\u00f6mledning.  F\u00f6rsta genomf\u00f6ringen (KT) tj\u00e4nar till dragavlastning och t\u00e4tning \u00f6ver kabelmanteln. Genom den andra genomf\u00f6ringen (EMC-KT) kontakteras kabelsk\u00e4rmen p\u00e5 360\u00b0.  EMC-KEL-DS-ramen matchar exakt h\u00e5ltagningsdimensionerna f\u00f6r 24-stifts standard industriella kontakter. H\u00e5ltagning 36 mm eller 46 mm i h\u00f6jd kan v\u00e4ljas beroende p\u00e5 vilka kablar som ska igenom.  Genom en ledande platt packning som \u00e4r inkluderad i transporten f\u00f6rbindas kabelgenomf\u00f6ringsramarna\u00a0med ledande h\u00f6ljev\u00e4ggen. Detta kan vara en f\u00f6rdel n\u00e4r h\u00f6ljev\u00e4ggen inte \u00e4r lackerad och s\u00e5med ledande.  F\u00f6rdelar   B\u00e5de genomf\u00f6rda och f\u00e4ltbundna st\u00f6rningar kan p\u00e5litligt avledas.  Avlastning och t\u00e4tning separeras fr\u00e5n EMC-kontakten  Rept\u00e5lig yta Kontakt med kabelsk\u00e4rmen \u00f6ver 360 \u00b0  EMC-genomf\u00f6ringar gjorda helt av ledande elastomer  Mycket bra avledningsv\u00e4rden  Mycket bra sk\u00e4rmningseffekt med avseende p\u00e5 EMC-t\u00e4thet","og_url":"https:\/\/c-profil.se\/english\/product\/split-emc-entry-frame-kel-ds\/","og_site_name":"C-Pro","article_publisher":"https:\/\/www.facebook.com\/people\/C-Pro\/61561767306874\/","article_modified_time":"2026-04-23T08:55:11+00:00","og_image":[{"width":1000,"height":1000,"url":"https:\/\/c-profil.se\/wp-content\/uploads\/2020\/11\/Kabelgenomforingsram-EMC-KEL-DS.jpg","type":"image\/jpeg"}],"twitter_card":"summary_large_image","twitter_misc":{"Price":"","Availability":"In stock"},"schema":{"@context":"https:\/\/schema.org","@graph":[{"@type":"WebPage","@id":"https:\/\/c-profil.se\/produkt\/kabelgenomforingsram-emc-kel-ds\/","url":"https:\/\/c-profil.se\/produkt\/kabelgenomforingsram-emc-kel-ds\/","name":"EMC Cable Entry Frame | EMC-KEL-DS - C-Pro","isPartOf":{"@id":"https:\/\/c-profil.se\/#website"},"primaryImageOfPage":{"@id":"https:\/\/c-profil.se\/produkt\/kabelgenomforingsram-emc-kel-ds\/#primaryimage"},"image":{"@id":"https:\/\/c-profil.se\/produkt\/kabelgenomforingsram-emc-kel-ds\/#primaryimage"},"thumbnailUrl":"https:\/\/c-profil.se\/wp-content\/uploads\/2020\/11\/Kabelgenomforingsram-EMC-KEL-DS.jpg","datePublished":"2020-11-19T13:15:00+00:00","dateModified":"2026-04-23T08:55:11+00:00","description":"EMC Cable Entry Frame | EMC-KEL-DS is metallized for good electrical conductivity. The cutout fits 24-pin industrial connectors.","breadcrumb":{"@id":"https:\/\/c-profil.se\/produkt\/kabelgenomforingsram-emc-kel-ds\/#breadcrumb"},"inLanguage":"en","potentialAction":[{"@type":"ReadAction","target":["https:\/\/c-profil.se\/produkt\/kabelgenomforingsram-emc-kel-ds\/"]}]},{"@type":"ImageObject","inLanguage":"en","@id":"https:\/\/c-profil.se\/produkt\/kabelgenomforingsram-emc-kel-ds\/#primaryimage","url":"https:\/\/c-profil.se\/wp-content\/uploads\/2020\/11\/Kabelgenomforingsram-EMC-KEL-DS.jpg","contentUrl":"https:\/\/c-profil.se\/wp-content\/uploads\/2020\/11\/Kabelgenomforingsram-EMC-KEL-DS.jpg","width":1000,"height":1000,"caption":"Kabelgenomf\u00f6ringsram EMC KEL-DS"},{"@type":"BreadcrumbList","@id":"https:\/\/c-profil.se\/produkt\/kabelgenomforingsram-emc-kel-ds\/#breadcrumb","itemListElement":[{"@type":"ListItem","position":1,"name":"Hem","item":"https:\/\/c-profil.se\/"},{"@type":"ListItem","position":2,"name":"Produkter","item":"https:\/\/c-profil.se\/produkter\/"},{"@type":"ListItem","position":3,"name":"Kabelgenomf\u00f6ringssystem f\u00f6r kablar med kontakt","item":"https:\/\/c-profil.se\/produkt-kategori\/kabelgenomforingssystem-for-kablar-med-kontakt\/"},{"@type":"ListItem","position":4,"name":"EMC Kabelgenomf\u00f6ringsram | EMC-KEL-DS"}]},{"@type":"WebSite","@id":"https:\/\/c-profil.se\/#website","url":"https:\/\/c-profil.se\/","name":"C-Pro","description":"Products for Electricity and Automation","publisher":{"@id":"https:\/\/c-profil.se\/#organization"},"potentialAction":[{"@type":"SearchAction","target":{"@type":"EntryPoint","urlTemplate":"https:\/\/c-profil.se\/?s={search_term_string}"},"query-input":{"@type":"PropertyValueSpecification","valueRequired":true,"valueName":"search_term_string"}}],"inLanguage":"en"},{"@type":"Organization","@id":"https:\/\/c-profil.se\/#organization","name":"C-Pro","alternateName":"C-PRO","url":"https:\/\/c-profil.se\/","logo":{"@type":"ImageObject","inLanguage":"en","@id":"https:\/\/c-profil.se\/#\/schema\/logo\/image\/","url":"https:\/\/c-profil.se\/wp-content\/uploads\/2022\/03\/c-pro-logga-liggande-500x500-1.png","contentUrl":"https:\/\/c-profil.se\/wp-content\/uploads\/2022\/03\/c-pro-logga-liggande-500x500-1.png","width":500,"height":500,"caption":"C-Pro"},"image":{"@id":"https:\/\/c-profil.se\/#\/schema\/logo\/image\/"},"sameAs":["https:\/\/www.facebook.com\/people\/C-Pro\/61561767306874\/","https:\/\/www.linkedin.com\/company\/c-pro-ab","https:\/\/www.instagram.com\/cpro.ab\/"],"description":"C-PRO AB is a comprehensive supplier of materials for applications in electricity and automation. Ever since the start in 1987, we have supplied the Swedish manufacturing industry with electrical materials. Despite our size and leading position, we have never abandoned our basic philosophy, to be a personal supplier. We at C-PRO are easy to get in touch with, honest and passionate about solving our customers&#039; problems.","email":"info@c-profil.se","telephone":"031575785","legalName":"C-Profil F\u00f6rl\u00e4ggningsmaterial AB","foundingDate":"1987-01-01"}]},"product_brand":"eftermontering","product_price_currency":"SEK","og_availability":"instock","product_availability":"instock","product_retailer_item_id":"EMC-KEL-DS","product_condition":"new"},"_links":{"self":[{"href":"https:\/\/c-profil.se\/english\/wp-json\/wp\/v2\/product\/25173","targetHints":{"allow":["GET"]}}],"collection":[{"href":"https:\/\/c-profil.se\/english\/wp-json\/wp\/v2\/product"}],"about":[{"href":"https:\/\/c-profil.se\/english\/wp-json\/wp\/v2\/types\/product"}],"version-history":[{"count":13,"href":"https:\/\/c-profil.se\/english\/wp-json\/wp\/v2\/product\/25173\/revisions"}],"predecessor-version":[{"id":75169,"href":"https:\/\/c-profil.se\/english\/wp-json\/wp\/v2\/product\/25173\/revisions\/75169"}],"wp:featuredmedia":[{"embeddable":true,"href":"https:\/\/c-profil.se\/english\/wp-json\/wp\/v2\/media\/50831"}],"wp:attachment":[{"href":"https:\/\/c-profil.se\/english\/wp-json\/wp\/v2\/media?parent=25173"}],"wp:term":[{"taxonomy":"product_brand","embeddable":true,"href":"https:\/\/c-profil.se\/english\/wp-json\/wp\/v2\/product_brand?post=25173"},{"taxonomy":"product_cat","embeddable":true,"href":"https:\/\/c-profil.se\/english\/wp-json\/wp\/v2\/product_cat?post=25173"},{"taxonomy":"product_tag","embeddable":true,"href":"https:\/\/c-profil.se\/english\/wp-json\/wp\/v2\/product_tag?post=25173"}],"curies":[{"name":"wp","href":"https:\/\/api.w.org\/{rel}","templated":true}]}}