{"id":24924,"date":"2020-10-22T12:39:00","date_gmt":"2020-10-22T11:39:00","guid":{"rendered":"https:\/\/c-profil.se\/produkt\/kylaggregat-vaggmonterade\/"},"modified":"2026-03-19T15:42:23","modified_gmt":"2026-03-19T14:42:23","slug":"outdoor-cooling-unit","status":"publish","type":"product","link":"https:\/\/c-profil.se\/english\/produkt\/kylaggregat-utomhus\/","title":{"rendered":"Cooling unit | Outdoor"},"content":{"rendered":"<p><strong>Cooling unit for outdoor wall or door mounting with cooling capacity from 300 to 6000 W.<\/strong><br \/>\nThe unit is developed for demanding environments and is delivered with a corrosion-resistant design, efficient condensation management and reliable operation even at ambient temperatures up to +65 \u00b0C.<\/p>","protected":false},"excerpt":{"rendered":"<p>Cooling units for outdoor wall or door mounting, with power from 300W to 6000W.<\/p>\n<ul>\n<li>Foamed polyurethane gasket on the back of the unit.<\/li>\n<li>Built-in \"hot-pipe\" loop in the condensate tray that evaporates the condensate water.<\/li>\n<li>Textured coated corrosion-protected steel sheet in RAL7035.<\/li>\n<li>Other RAL colors are available.<\/li>\n<li>Visual alarm on the inner control panel.<\/li>\n<li>Other power supply voltage possible.<\/li>\n<li>Also available in 48V DC for data \/ telecom applications.<\/li>\n<li>Withstands ambient temperatures up to + 65 \u00b0<\/li>\n<\/ul>","protected":false},"featured_media":56179,"template":"","meta":{"_acf_changed":false},"product_brand":[737],"product_cat":[207],"product_tag":[940,963,952,962,964],"class_list":{"0":"post-24924","1":"product","2":"type-product","3":"status-publish","4":"has-post-thumbnail","6":"product_brand-dkc","7":"product_cat-kylaggregat","8":"product_tag-apparatskap","9":"product_tag-klimatisering-av-apparatskap","10":"product_tag-kravande-miljo","11":"product_tag-kylning","12":"product_tag-ventilation","14":"first","15":"instock","16":"shipping-taxable","17":"product-type-simple"},"acf":[],"yoast_head":"<!-- This site is optimized with the Yoast SEO Premium plugin v27.5 (Yoast SEO v27.5) - https:\/\/yoast.com\/product\/yoast-seo-premium-wordpress\/ -->\n<title>Kylaggregat \/ Utomhus - C-Pro<\/title>\n<meta name=\"description\" content=\"Kylaggregat f\u00f6r v\u00e4gg- eller d\u00f6rrmontage utomhus, med effekt fr\u00e5n 300W till 6000W. Med strukturlackerad korrosionsskyddad st\u00e5lpl\u00e5t i RAL7035. L\u00e4s Mer!\" \/>\n<meta name=\"robots\" content=\"index, follow, max-snippet:-1, max-image-preview:large, max-video-preview:-1\" \/>\n<link rel=\"canonical\" href=\"https:\/\/c-profil.se\/english\/product\/outdoor-cooling-unit\/\" \/>\n<meta property=\"og:locale\" content=\"en_US\" \/>\n<meta property=\"og:type\" content=\"article\" \/>\n<meta property=\"og:title\" content=\"Kylaggregat | Utomhus - C-Pro\" \/>\n<meta property=\"og:description\" content=\"Kylaggregat f\u00f6r v\u00e4gg- eller d\u00f6rrmontage utomhus, med effekt fr\u00e5n 300W till 6000W.   Skummad polyuretanpackning p\u00e5 baksidan av aggregatet.  Inbyggd \u201dhot-pipe\u201d slinga i kondenstr\u00e5get som avdunstar kondensvattnet.  Strukturlackerad korrosionsskyddad st\u00e5lpl\u00e5t i RAL7035.  Andra RAL kul\u00f6rer finns tillg\u00e4ngliga.  Visuellt larm p\u00e5 den inre man\u00f6verpanelen.  Annan str\u00f6mf\u00f6rs\u00f6rjningssp\u00e4nning m\u00f6jlig.  Finns \u00e4ven i 48 VDC f\u00f6r data\/telecom applikationer.  Klarar omgivningstemperatur upp till +65\u00b0.\" \/>\n<meta property=\"og:url\" content=\"https:\/\/c-profil.se\/english\/product\/outdoor-cooling-unit\/\" \/>\n<meta property=\"og:site_name\" content=\"C-Pro\" \/>\n<meta property=\"article:publisher\" content=\"https:\/\/www.facebook.com\/people\/C-Pro\/61561767306874\/\" \/>\n<meta property=\"article:modified_time\" content=\"2026-03-19T14:42:23+00:00\" \/>\n<meta property=\"og:image\" content=\"https:\/\/c-profil.se\/wp-content\/uploads\/2020\/10\/Kylaggregat-Vagmontage-Utomhus-ny.jpg\" \/>\n\t<meta property=\"og:image:width\" content=\"1000\" \/>\n\t<meta property=\"og:image:height\" content=\"1000\" \/>\n\t<meta property=\"og:image:type\" content=\"image\/jpeg\" \/>\n<meta name=\"twitter:card\" content=\"summary_large_image\" \/>\n<meta name=\"twitter:label1\" content=\"Price\" \/>\n\t<meta name=\"twitter:data1\" content=\"\" \/>\n\t<meta name=\"twitter:label2\" content=\"Availability\" \/>\n\t<meta name=\"twitter:data2\" content=\"In stock\" \/>\n<script type=\"application\/ld+json\" class=\"yoast-schema-graph\">{\"@context\":\"https:\\\/\\\/schema.org\",\"@graph\":[{\"@type\":\"WebPage\",\"@id\":\"https:\\\/\\\/c-profil.se\\\/produkt\\\/kylaggregat-utomhus\\\/\",\"url\":\"https:\\\/\\\/c-profil.se\\\/produkt\\\/kylaggregat-utomhus\\\/\",\"name\":\"Kylaggregat \\\/ Utomhus - C-Pro\",\"isPartOf\":{\"@id\":\"https:\\\/\\\/c-profil.se\\\/#website\"},\"primaryImageOfPage\":{\"@id\":\"https:\\\/\\\/c-profil.se\\\/produkt\\\/kylaggregat-utomhus\\\/#primaryimage\"},\"image\":{\"@id\":\"https:\\\/\\\/c-profil.se\\\/produkt\\\/kylaggregat-utomhus\\\/#primaryimage\"},\"thumbnailUrl\":\"https:\\\/\\\/c-profil.se\\\/wp-content\\\/uploads\\\/2020\\\/10\\\/Kylaggregat-Vagmontage-Utomhus-ny.jpg\",\"datePublished\":\"2020-10-22T11:39:00+00:00\",\"dateModified\":\"2026-03-19T14:42:23+00:00\",\"description\":\"Kylaggregat f\u00f6r v\u00e4gg- eller d\u00f6rrmontage utomhus, med effekt fr\u00e5n 300W till 6000W. Med strukturlackerad korrosionsskyddad st\u00e5lpl\u00e5t i RAL7035. L\u00e4s Mer!\",\"breadcrumb\":{\"@id\":\"https:\\\/\\\/c-profil.se\\\/produkt\\\/kylaggregat-utomhus\\\/#breadcrumb\"},\"inLanguage\":\"en\",\"potentialAction\":[{\"@type\":\"ReadAction\",\"target\":[\"https:\\\/\\\/c-profil.se\\\/produkt\\\/kylaggregat-utomhus\\\/\"]}]},{\"@type\":\"ImageObject\",\"inLanguage\":\"en\",\"@id\":\"https:\\\/\\\/c-profil.se\\\/produkt\\\/kylaggregat-utomhus\\\/#primaryimage\",\"url\":\"https:\\\/\\\/c-profil.se\\\/wp-content\\\/uploads\\\/2020\\\/10\\\/Kylaggregat-Vagmontage-Utomhus-ny.jpg\",\"contentUrl\":\"https:\\\/\\\/c-profil.se\\\/wp-content\\\/uploads\\\/2020\\\/10\\\/Kylaggregat-Vagmontage-Utomhus-ny.jpg\",\"width\":1000,\"height\":1000,\"caption\":\"Kylaggregat V\u00e4gmontage Utomhus\"},{\"@type\":\"BreadcrumbList\",\"@id\":\"https:\\\/\\\/c-profil.se\\\/produkt\\\/kylaggregat-utomhus\\\/#breadcrumb\",\"itemListElement\":[{\"@type\":\"ListItem\",\"position\":1,\"name\":\"Hem\",\"item\":\"https:\\\/\\\/c-profil.se\\\/\"},{\"@type\":\"ListItem\",\"position\":2,\"name\":\"Produkter\",\"item\":\"https:\\\/\\\/c-profil.se\\\/produkter\\\/\"},{\"@type\":\"ListItem\",\"position\":3,\"name\":\"Kylaggregat\",\"item\":\"https:\\\/\\\/c-profil.se\\\/produkt-kategori\\\/kylaggregat\\\/\"},{\"@type\":\"ListItem\",\"position\":4,\"name\":\"Kylaggregat | Utomhus\"}]},{\"@type\":\"WebSite\",\"@id\":\"https:\\\/\\\/c-profil.se\\\/#website\",\"url\":\"https:\\\/\\\/c-profil.se\\\/\",\"name\":\"C-Pro\",\"description\":\"Produkter f\u00f6r El och Automation\",\"publisher\":{\"@id\":\"https:\\\/\\\/c-profil.se\\\/#organization\"},\"potentialAction\":[{\"@type\":\"SearchAction\",\"target\":{\"@type\":\"EntryPoint\",\"urlTemplate\":\"https:\\\/\\\/c-profil.se\\\/?s={search_term_string}\"},\"query-input\":{\"@type\":\"PropertyValueSpecification\",\"valueRequired\":true,\"valueName\":\"search_term_string\"}}],\"inLanguage\":\"en\"},{\"@type\":\"Organization\",\"@id\":\"https:\\\/\\\/c-profil.se\\\/#organization\",\"name\":\"C-Pro\",\"alternateName\":\"C-PRO\",\"url\":\"https:\\\/\\\/c-profil.se\\\/\",\"logo\":{\"@type\":\"ImageObject\",\"inLanguage\":\"en\",\"@id\":\"https:\\\/\\\/c-profil.se\\\/#\\\/schema\\\/logo\\\/image\\\/\",\"url\":\"https:\\\/\\\/c-profil.se\\\/wp-content\\\/uploads\\\/2022\\\/03\\\/c-pro-logga-liggande-500x500-1.png\",\"contentUrl\":\"https:\\\/\\\/c-profil.se\\\/wp-content\\\/uploads\\\/2022\\\/03\\\/c-pro-logga-liggande-500x500-1.png\",\"width\":500,\"height\":500,\"caption\":\"C-Pro\"},\"image\":{\"@id\":\"https:\\\/\\\/c-profil.se\\\/#\\\/schema\\\/logo\\\/image\\\/\"},\"sameAs\":[\"https:\\\/\\\/www.facebook.com\\\/people\\\/C-Pro\\\/61561767306874\\\/\",\"https:\\\/\\\/www.linkedin.com\\\/company\\\/c-pro-ab\",\"https:\\\/\\\/www.instagram.com\\\/cpro.ab\\\/\"],\"description\":\"C-PRO AB \u00e4r en helt\u00e4ckande leverant\u00f6r av material f\u00f6r applikationer inom el och automation. \u00c4nda sedan starten 1987 har vi f\u00f6rsett den svenska tillverkande industrin med elmaterial. Trots v\u00e5r storlek och ledande position har vi aldrig \u00f6vergett v\u00e5r grundfilosofi, att vara en personlig leverant\u00f6r. Vi p\u00e5 C-PRO \u00e4r l\u00e4tta att komma i kontakt med, \u00e4rliga och brinner f\u00f6r att l\u00f6sa v\u00e5ra kunders problem.\",\"email\":\"info@c-profil.se\",\"telephone\":\"031575785\",\"legalName\":\"C-Profil F\u00f6rl\u00e4ggningsmaterial AB\",\"foundingDate\":\"1987-01-01\"}]}<\/script>\n<meta property=\"product:brand\" content=\"apparatsk\u00e5p\" \/>\n<meta property=\"product:price:currency\" content=\"SEK\" \/>\n<meta property=\"og:availability\" content=\"instock\" \/>\n<meta property=\"product:availability\" content=\"instock\" \/>\n<meta property=\"product:retailer_item_id\" content=\"Kylaggregat | Utomhus\" \/>\n<meta property=\"product:condition\" content=\"new\" \/>\n<!-- \/ Yoast SEO Premium plugin. -->","yoast_head_json":{"title":"Cooling unit \/ Outdoor - C-Pro","description":"Cooling unit for wall or door mounting outdoors, with power from 300W to 6000W. With textured painted corrosion-resistant steel sheet in RAL7035. Read More!","robots":{"index":"index","follow":"follow","max-snippet":"max-snippet:-1","max-image-preview":"max-image-preview:large","max-video-preview":"max-video-preview:-1"},"canonical":"https:\/\/c-profil.se\/english\/product\/outdoor-cooling-unit\/","og_locale":"en_US","og_type":"article","og_title":"Kylaggregat | Utomhus - C-Pro","og_description":"Kylaggregat f\u00f6r v\u00e4gg- eller d\u00f6rrmontage utomhus, med effekt fr\u00e5n 300W till 6000W.   Skummad polyuretanpackning p\u00e5 baksidan av aggregatet.  Inbyggd \u201dhot-pipe\u201d slinga i kondenstr\u00e5get som avdunstar kondensvattnet.  Strukturlackerad korrosionsskyddad st\u00e5lpl\u00e5t i RAL7035.  Andra RAL kul\u00f6rer finns tillg\u00e4ngliga.  Visuellt larm p\u00e5 den inre man\u00f6verpanelen.  Annan str\u00f6mf\u00f6rs\u00f6rjningssp\u00e4nning m\u00f6jlig.  Finns \u00e4ven i 48 VDC f\u00f6r data\/telecom applikationer.  Klarar omgivningstemperatur upp till +65\u00b0.","og_url":"https:\/\/c-profil.se\/english\/product\/outdoor-cooling-unit\/","og_site_name":"C-Pro","article_publisher":"https:\/\/www.facebook.com\/people\/C-Pro\/61561767306874\/","article_modified_time":"2026-03-19T14:42:23+00:00","og_image":[{"width":1000,"height":1000,"url":"https:\/\/c-profil.se\/wp-content\/uploads\/2020\/10\/Kylaggregat-Vagmontage-Utomhus-ny.jpg","type":"image\/jpeg"}],"twitter_card":"summary_large_image","twitter_misc":{"Price":"","Availability":"In stock"},"schema":{"@context":"https:\/\/schema.org","@graph":[{"@type":"WebPage","@id":"https:\/\/c-profil.se\/produkt\/kylaggregat-utomhus\/","url":"https:\/\/c-profil.se\/produkt\/kylaggregat-utomhus\/","name":"Cooling unit \/ Outdoor - C-Pro","isPartOf":{"@id":"https:\/\/c-profil.se\/#website"},"primaryImageOfPage":{"@id":"https:\/\/c-profil.se\/produkt\/kylaggregat-utomhus\/#primaryimage"},"image":{"@id":"https:\/\/c-profil.se\/produkt\/kylaggregat-utomhus\/#primaryimage"},"thumbnailUrl":"https:\/\/c-profil.se\/wp-content\/uploads\/2020\/10\/Kylaggregat-Vagmontage-Utomhus-ny.jpg","datePublished":"2020-10-22T11:39:00+00:00","dateModified":"2026-03-19T14:42:23+00:00","description":"Cooling unit for wall or door mounting outdoors, with power from 300W to 6000W. With textured painted corrosion-resistant steel sheet in RAL7035. Read More!","breadcrumb":{"@id":"https:\/\/c-profil.se\/produkt\/kylaggregat-utomhus\/#breadcrumb"},"inLanguage":"en","potentialAction":[{"@type":"ReadAction","target":["https:\/\/c-profil.se\/produkt\/kylaggregat-utomhus\/"]}]},{"@type":"ImageObject","inLanguage":"en","@id":"https:\/\/c-profil.se\/produkt\/kylaggregat-utomhus\/#primaryimage","url":"https:\/\/c-profil.se\/wp-content\/uploads\/2020\/10\/Kylaggregat-Vagmontage-Utomhus-ny.jpg","contentUrl":"https:\/\/c-profil.se\/wp-content\/uploads\/2020\/10\/Kylaggregat-Vagmontage-Utomhus-ny.jpg","width":1000,"height":1000,"caption":"Kylaggregat V\u00e4gmontage Utomhus"},{"@type":"BreadcrumbList","@id":"https:\/\/c-profil.se\/produkt\/kylaggregat-utomhus\/#breadcrumb","itemListElement":[{"@type":"ListItem","position":1,"name":"Hem","item":"https:\/\/c-profil.se\/"},{"@type":"ListItem","position":2,"name":"Produkter","item":"https:\/\/c-profil.se\/produkter\/"},{"@type":"ListItem","position":3,"name":"Kylaggregat","item":"https:\/\/c-profil.se\/produkt-kategori\/kylaggregat\/"},{"@type":"ListItem","position":4,"name":"Kylaggregat | Utomhus"}]},{"@type":"WebSite","@id":"https:\/\/c-profil.se\/#website","url":"https:\/\/c-profil.se\/","name":"C-Pro","description":"Products for Electricity and Automation","publisher":{"@id":"https:\/\/c-profil.se\/#organization"},"potentialAction":[{"@type":"SearchAction","target":{"@type":"EntryPoint","urlTemplate":"https:\/\/c-profil.se\/?s={search_term_string}"},"query-input":{"@type":"PropertyValueSpecification","valueRequired":true,"valueName":"search_term_string"}}],"inLanguage":"en"},{"@type":"Organization","@id":"https:\/\/c-profil.se\/#organization","name":"C-Pro","alternateName":"C-PRO","url":"https:\/\/c-profil.se\/","logo":{"@type":"ImageObject","inLanguage":"en","@id":"https:\/\/c-profil.se\/#\/schema\/logo\/image\/","url":"https:\/\/c-profil.se\/wp-content\/uploads\/2022\/03\/c-pro-logga-liggande-500x500-1.png","contentUrl":"https:\/\/c-profil.se\/wp-content\/uploads\/2022\/03\/c-pro-logga-liggande-500x500-1.png","width":500,"height":500,"caption":"C-Pro"},"image":{"@id":"https:\/\/c-profil.se\/#\/schema\/logo\/image\/"},"sameAs":["https:\/\/www.facebook.com\/people\/C-Pro\/61561767306874\/","https:\/\/www.linkedin.com\/company\/c-pro-ab","https:\/\/www.instagram.com\/cpro.ab\/"],"description":"C-PRO AB is a comprehensive supplier of materials for applications in electricity and automation. Ever since the start in 1987, we have supplied the Swedish manufacturing industry with electrical materials. Despite our size and leading position, we have never abandoned our basic philosophy, to be a personal supplier. We at C-PRO are easy to get in touch with, honest and passionate about solving our customers&#039; problems.","email":"info@c-profil.se","telephone":"031575785","legalName":"C-Profil F\u00f6rl\u00e4ggningsmaterial AB","foundingDate":"1987-01-01"}]},"product_brand":"apparatsk\u00e5p","product_price_currency":"SEK","og_availability":"instock","product_availability":"instock","product_retailer_item_id":"Kylaggregat | Utomhus","product_condition":"new"},"_links":{"self":[{"href":"https:\/\/c-profil.se\/english\/wp-json\/wp\/v2\/product\/24924","targetHints":{"allow":["GET"]}}],"collection":[{"href":"https:\/\/c-profil.se\/english\/wp-json\/wp\/v2\/product"}],"about":[{"href":"https:\/\/c-profil.se\/english\/wp-json\/wp\/v2\/types\/product"}],"version-history":[{"count":12,"href":"https:\/\/c-profil.se\/english\/wp-json\/wp\/v2\/product\/24924\/revisions"}],"predecessor-version":[{"id":74355,"href":"https:\/\/c-profil.se\/english\/wp-json\/wp\/v2\/product\/24924\/revisions\/74355"}],"wp:featuredmedia":[{"embeddable":true,"href":"https:\/\/c-profil.se\/english\/wp-json\/wp\/v2\/media\/56179"}],"wp:attachment":[{"href":"https:\/\/c-profil.se\/english\/wp-json\/wp\/v2\/media?parent=24924"}],"wp:term":[{"taxonomy":"product_brand","embeddable":true,"href":"https:\/\/c-profil.se\/english\/wp-json\/wp\/v2\/product_brand?post=24924"},{"taxonomy":"product_cat","embeddable":true,"href":"https:\/\/c-profil.se\/english\/wp-json\/wp\/v2\/product_cat?post=24924"},{"taxonomy":"product_tag","embeddable":true,"href":"https:\/\/c-profil.se\/english\/wp-json\/wp\/v2\/product_tag?post=24924"}],"curies":[{"name":"wp","href":"https:\/\/api.w.org\/{rel}","templated":true}]}}