{"id":24879,"date":"2020-01-23T10:13:00","date_gmt":"2020-01-23T09:13:00","guid":{"rendered":"https:\/\/c-profil.se\/produkt\/kabelkanal-slitsad-halogenfri-hf-l\/"},"modified":"2026-03-19T09:21:52","modified_gmt":"2026-03-19T08:21:52","slug":"cable-duct-licatec-hf-l","status":"publish","type":"product","link":"https:\/\/c-profil.se\/english\/produkt\/kabelkanal-licatec-hf-l\/","title":{"rendered":"Cable duct Licatec | HF-L"},"content":{"rendered":"<p><strong>Slotted cable duct HF-L from Licatec is a halogen-free cable duct in PC-ABS<\/strong>, manufactured according to DIN EN 50085.<br \/>\nThe material does not emit toxic gases in the event of a fire and is particularly suitable for public and safety-critical environments.<\/p>","protected":false},"excerpt":{"rendered":"<p class=\"ai-optimize-39 ai-optimize-introduction\" data-pm-slice=\"1 1 []\"><strong>Cable duct Licatec \/ HF-L<\/strong> is a high-quality halogen-free cable duct made of PC-ABS that complies with the DIN EN 50085 standard. This innovative series is carefully manufactured from specially developed halogen-free plastic, fully in accordance with VDE 0472, part 815. A significant safety advantage is that the material does not emit any toxic gases in the event of a fire, making it particularly suitable for public environments. Licatec&#039;s cable duct has a &quot;cable holder&quot; in the middle of the slot from a height of 60mm.<\/p>\n<ul>\n<li class=\"ai-optimize-34\">We also perform cuts and adjustments according to your wishes<\/li>\n<\/ul>\n<p>&nbsp;<\/p>","protected":false},"featured_media":51368,"template":"","meta":{"_acf_changed":false},"product_brand":[742],"product_cat":[303],"product_tag":[970,946,1002,952],"class_list":{"0":"post-24879","1":"product","2":"type-product","3":"status-publish","4":"has-post-thumbnail","6":"product_brand-licatec","7":"product_cat-kabelkanal-licatec-halogenfri","8":"product_tag-dragning-av-kablage","9":"product_tag-kabelhantering-i-apparatskap","10":"product_tag-kabelkanaler","11":"product_tag-kravande-miljo","13":"first","14":"instock","15":"shipping-taxable","16":"product-type-simple"},"acf":[],"yoast_head":"<!-- This site is optimized with the Yoast SEO Premium plugin v27.4 (Yoast SEO v27.4) - https:\/\/yoast.com\/product\/yoast-seo-premium-wordpress\/ -->\n<title>Kabelkanal Slitsad LICATEC \/ HF-L - C-Pro<\/title>\n<meta name=\"description\" content=\"Kabelkanal Licatec \/ HF-L \u00e4r en halogenfri kabelkanal i enlighet med DIN EN 50085. Denna serie \u00e4r tillverkad av halogenfri plast i PC\/ABS. L\u00e4s Mer!\" \/>\n<meta name=\"robots\" content=\"index, follow, max-snippet:-1, max-image-preview:large, max-video-preview:-1\" \/>\n<link rel=\"canonical\" href=\"https:\/\/c-profil.se\/english\/product\/cable-duct-licatec-hf-l\/\" \/>\n<meta property=\"og:locale\" content=\"en_US\" \/>\n<meta property=\"og:type\" content=\"article\" \/>\n<meta property=\"og:title\" content=\"Kabelkanal Licatec | HF-L - C-Pro\" \/>\n<meta property=\"og:description\" content=\"Kabelkanal Licatec \/ HF-L \u00e4r en h\u00f6gkvalitativ halogenfri kabelkanal gjord i PC-ABS som f\u00f6ljer DIN EN 50085-standarden. Denna innovativa serie \u00e4r noggrant tillverkad av specialutvecklad halogenfri plast, helt i enlighet med VDE 0472, del 815. En betydande s\u00e4kerhetsf\u00f6rdel \u00e4r att materialet inte avger n\u00e5gra som helst giftiga gaser vid eventuell brand, vilket g\u00f6r den s\u00e4rskilt l\u00e4mplig f\u00f6r offentliga milj\u00f6er. Licatecs kabelkanal har en &quot;kabelh\u00e5llare&quot; mitt p\u00e5 slitsen fr\u00e5n h\u00f6jd 60mm.    Vi utf\u00f6r kapningar och anpassningar efter era \u00f6nskem\u00e5l  &nbsp;\" \/>\n<meta property=\"og:url\" content=\"https:\/\/c-profil.se\/english\/product\/cable-duct-licatec-hf-l\/\" \/>\n<meta property=\"og:site_name\" content=\"C-Pro\" \/>\n<meta property=\"article:publisher\" content=\"https:\/\/www.facebook.com\/people\/C-Pro\/61561767306874\/\" \/>\n<meta property=\"article:modified_time\" content=\"2026-03-19T08:21:52+00:00\" \/>\n<meta property=\"og:image\" content=\"https:\/\/c-profil.se\/wp-content\/uploads\/2020\/01\/Kabelkanal-LICATEC-HF-L.jpg\" \/>\n\t<meta property=\"og:image:width\" content=\"1000\" \/>\n\t<meta property=\"og:image:height\" content=\"1000\" \/>\n\t<meta property=\"og:image:type\" content=\"image\/jpeg\" \/>\n<meta name=\"twitter:card\" content=\"summary_large_image\" \/>\n<meta name=\"twitter:label1\" content=\"Price\" \/>\n\t<meta name=\"twitter:data1\" content=\"\" \/>\n\t<meta name=\"twitter:label2\" content=\"Availability\" \/>\n\t<meta name=\"twitter:data2\" content=\"In stock\" \/>\n<script type=\"application\/ld+json\" class=\"yoast-schema-graph\">{\"@context\":\"https:\\\/\\\/schema.org\",\"@graph\":[{\"@type\":\"WebPage\",\"@id\":\"https:\\\/\\\/c-profil.se\\\/produkt\\\/kabelkanal-licatec-hf-l\\\/\",\"url\":\"https:\\\/\\\/c-profil.se\\\/produkt\\\/kabelkanal-licatec-hf-l\\\/\",\"name\":\"Kabelkanal Slitsad LICATEC \\\/ HF-L - C-Pro\",\"isPartOf\":{\"@id\":\"https:\\\/\\\/c-profil.se\\\/#website\"},\"primaryImageOfPage\":{\"@id\":\"https:\\\/\\\/c-profil.se\\\/produkt\\\/kabelkanal-licatec-hf-l\\\/#primaryimage\"},\"image\":{\"@id\":\"https:\\\/\\\/c-profil.se\\\/produkt\\\/kabelkanal-licatec-hf-l\\\/#primaryimage\"},\"thumbnailUrl\":\"https:\\\/\\\/c-profil.se\\\/wp-content\\\/uploads\\\/2020\\\/01\\\/Kabelkanal-LICATEC-HF-L.jpg\",\"datePublished\":\"2020-01-23T09:13:00+00:00\",\"dateModified\":\"2026-03-19T08:21:52+00:00\",\"description\":\"Kabelkanal Licatec \\\/ HF-L \u00e4r en halogenfri kabelkanal i enlighet med DIN EN 50085. Denna serie \u00e4r tillverkad av halogenfri plast i PC\\\/ABS. L\u00e4s Mer!\",\"breadcrumb\":{\"@id\":\"https:\\\/\\\/c-profil.se\\\/produkt\\\/kabelkanal-licatec-hf-l\\\/#breadcrumb\"},\"inLanguage\":\"en\",\"potentialAction\":[{\"@type\":\"ReadAction\",\"target\":[\"https:\\\/\\\/c-profil.se\\\/produkt\\\/kabelkanal-licatec-hf-l\\\/\"]}]},{\"@type\":\"ImageObject\",\"inLanguage\":\"en\",\"@id\":\"https:\\\/\\\/c-profil.se\\\/produkt\\\/kabelkanal-licatec-hf-l\\\/#primaryimage\",\"url\":\"https:\\\/\\\/c-profil.se\\\/wp-content\\\/uploads\\\/2020\\\/01\\\/Kabelkanal-LICATEC-HF-L.jpg\",\"contentUrl\":\"https:\\\/\\\/c-profil.se\\\/wp-content\\\/uploads\\\/2020\\\/01\\\/Kabelkanal-LICATEC-HF-L.jpg\",\"width\":1000,\"height\":1000,\"caption\":\"Kabelkanal LICATEC HF-L\"},{\"@type\":\"BreadcrumbList\",\"@id\":\"https:\\\/\\\/c-profil.se\\\/produkt\\\/kabelkanal-licatec-hf-l\\\/#breadcrumb\",\"itemListElement\":[{\"@type\":\"ListItem\",\"position\":1,\"name\":\"Hem\",\"item\":\"https:\\\/\\\/c-profil.se\\\/\"},{\"@type\":\"ListItem\",\"position\":2,\"name\":\"Produkter\",\"item\":\"https:\\\/\\\/c-profil.se\\\/produkter\\\/\"},{\"@type\":\"ListItem\",\"position\":3,\"name\":\"Kabelkanaler halogenfria\",\"item\":\"https:\\\/\\\/c-profil.se\\\/produkt-kategori\\\/kabelkanaler-halogenfria\\\/\"},{\"@type\":\"ListItem\",\"position\":4,\"name\":\"Kabelkanal Licatec Halogenfri\",\"item\":\"https:\\\/\\\/c-profil.se\\\/produkt-kategori\\\/kabelkanaler-halogenfria\\\/kabelkanal-licatec-halogenfri\\\/\"},{\"@type\":\"ListItem\",\"position\":5,\"name\":\"Kabelkanal Licatec | HF-L\"}]},{\"@type\":\"WebSite\",\"@id\":\"https:\\\/\\\/c-profil.se\\\/#website\",\"url\":\"https:\\\/\\\/c-profil.se\\\/\",\"name\":\"C-Pro\",\"description\":\"Produkter f\u00f6r El och Automation\",\"publisher\":{\"@id\":\"https:\\\/\\\/c-profil.se\\\/#organization\"},\"potentialAction\":[{\"@type\":\"SearchAction\",\"target\":{\"@type\":\"EntryPoint\",\"urlTemplate\":\"https:\\\/\\\/c-profil.se\\\/?s={search_term_string}\"},\"query-input\":{\"@type\":\"PropertyValueSpecification\",\"valueRequired\":true,\"valueName\":\"search_term_string\"}}],\"inLanguage\":\"en\"},{\"@type\":\"Organization\",\"@id\":\"https:\\\/\\\/c-profil.se\\\/#organization\",\"name\":\"C-Pro\",\"alternateName\":\"C-PRO\",\"url\":\"https:\\\/\\\/c-profil.se\\\/\",\"logo\":{\"@type\":\"ImageObject\",\"inLanguage\":\"en\",\"@id\":\"https:\\\/\\\/c-profil.se\\\/#\\\/schema\\\/logo\\\/image\\\/\",\"url\":\"https:\\\/\\\/c-profil.se\\\/wp-content\\\/uploads\\\/2022\\\/03\\\/c-pro-logga-liggande-500x500-1.png\",\"contentUrl\":\"https:\\\/\\\/c-profil.se\\\/wp-content\\\/uploads\\\/2022\\\/03\\\/c-pro-logga-liggande-500x500-1.png\",\"width\":500,\"height\":500,\"caption\":\"C-Pro\"},\"image\":{\"@id\":\"https:\\\/\\\/c-profil.se\\\/#\\\/schema\\\/logo\\\/image\\\/\"},\"sameAs\":[\"https:\\\/\\\/www.facebook.com\\\/people\\\/C-Pro\\\/61561767306874\\\/\",\"https:\\\/\\\/www.linkedin.com\\\/company\\\/c-pro-ab\",\"https:\\\/\\\/www.instagram.com\\\/cpro.ab\\\/\"],\"description\":\"C-PRO AB \u00e4r en helt\u00e4ckande leverant\u00f6r av material f\u00f6r applikationer inom el och automation. \u00c4nda sedan starten 1987 har vi f\u00f6rsett den svenska tillverkande industrin med elmaterial. Trots v\u00e5r storlek och ledande position har vi aldrig \u00f6vergett v\u00e5r grundfilosofi, att vara en personlig leverant\u00f6r. Vi p\u00e5 C-PRO \u00e4r l\u00e4tta att komma i kontakt med, \u00e4rliga och brinner f\u00f6r att l\u00f6sa v\u00e5ra kunders problem.\",\"email\":\"info@c-profil.se\",\"telephone\":\"031575785\",\"legalName\":\"C-Profil F\u00f6rl\u00e4ggningsmaterial AB\",\"foundingDate\":\"1987-01-01\"}]}<\/script>\n<meta property=\"product:brand\" content=\"dragning av kablage\" \/>\n<meta property=\"product:price:currency\" content=\"SEK\" \/>\n<meta property=\"og:availability\" content=\"instock\" \/>\n<meta property=\"product:availability\" content=\"instock\" \/>\n<meta property=\"product:retailer_item_id\" content=\"HF-L\" \/>\n<meta property=\"product:condition\" content=\"new\" \/>\n<!-- \/ Yoast SEO Premium plugin. -->","yoast_head_json":{"title":"Cable duct Slotted LICATEC \/ HF-L - C-Pro","description":"Cable duct Licatec \/ HF-L is a halogen-free cable duct in accordance with DIN EN 50085. This series is made of halogen-free plastic in PC\/ABS. Read More!","robots":{"index":"index","follow":"follow","max-snippet":"max-snippet:-1","max-image-preview":"max-image-preview:large","max-video-preview":"max-video-preview:-1"},"canonical":"https:\/\/c-profil.se\/english\/product\/cable-duct-licatec-hf-l\/","og_locale":"en_US","og_type":"article","og_title":"Kabelkanal Licatec | HF-L - C-Pro","og_description":"Kabelkanal Licatec \/ HF-L \u00e4r en h\u00f6gkvalitativ halogenfri kabelkanal gjord i PC-ABS som f\u00f6ljer DIN EN 50085-standarden. Denna innovativa serie \u00e4r noggrant tillverkad av specialutvecklad halogenfri plast, helt i enlighet med VDE 0472, del 815. En betydande s\u00e4kerhetsf\u00f6rdel \u00e4r att materialet inte avger n\u00e5gra som helst giftiga gaser vid eventuell brand, vilket g\u00f6r den s\u00e4rskilt l\u00e4mplig f\u00f6r offentliga milj\u00f6er. Licatecs kabelkanal har en \"kabelh\u00e5llare\" mitt p\u00e5 slitsen fr\u00e5n h\u00f6jd 60mm.    Vi utf\u00f6r kapningar och anpassningar efter era \u00f6nskem\u00e5l  &nbsp;","og_url":"https:\/\/c-profil.se\/english\/product\/cable-duct-licatec-hf-l\/","og_site_name":"C-Pro","article_publisher":"https:\/\/www.facebook.com\/people\/C-Pro\/61561767306874\/","article_modified_time":"2026-03-19T08:21:52+00:00","og_image":[{"width":1000,"height":1000,"url":"https:\/\/c-profil.se\/wp-content\/uploads\/2020\/01\/Kabelkanal-LICATEC-HF-L.jpg","type":"image\/jpeg"}],"twitter_card":"summary_large_image","twitter_misc":{"Price":"","Availability":"In stock"},"schema":{"@context":"https:\/\/schema.org","@graph":[{"@type":"WebPage","@id":"https:\/\/c-profil.se\/produkt\/kabelkanal-licatec-hf-l\/","url":"https:\/\/c-profil.se\/produkt\/kabelkanal-licatec-hf-l\/","name":"Cable duct Slotted LICATEC \/ HF-L - C-Pro","isPartOf":{"@id":"https:\/\/c-profil.se\/#website"},"primaryImageOfPage":{"@id":"https:\/\/c-profil.se\/produkt\/kabelkanal-licatec-hf-l\/#primaryimage"},"image":{"@id":"https:\/\/c-profil.se\/produkt\/kabelkanal-licatec-hf-l\/#primaryimage"},"thumbnailUrl":"https:\/\/c-profil.se\/wp-content\/uploads\/2020\/01\/Kabelkanal-LICATEC-HF-L.jpg","datePublished":"2020-01-23T09:13:00+00:00","dateModified":"2026-03-19T08:21:52+00:00","description":"Cable duct Licatec \/ HF-L is a halogen-free cable duct in accordance with DIN EN 50085. This series is made of halogen-free plastic in PC\/ABS. Read More!","breadcrumb":{"@id":"https:\/\/c-profil.se\/produkt\/kabelkanal-licatec-hf-l\/#breadcrumb"},"inLanguage":"en","potentialAction":[{"@type":"ReadAction","target":["https:\/\/c-profil.se\/produkt\/kabelkanal-licatec-hf-l\/"]}]},{"@type":"ImageObject","inLanguage":"en","@id":"https:\/\/c-profil.se\/produkt\/kabelkanal-licatec-hf-l\/#primaryimage","url":"https:\/\/c-profil.se\/wp-content\/uploads\/2020\/01\/Kabelkanal-LICATEC-HF-L.jpg","contentUrl":"https:\/\/c-profil.se\/wp-content\/uploads\/2020\/01\/Kabelkanal-LICATEC-HF-L.jpg","width":1000,"height":1000,"caption":"Kabelkanal LICATEC HF-L"},{"@type":"BreadcrumbList","@id":"https:\/\/c-profil.se\/produkt\/kabelkanal-licatec-hf-l\/#breadcrumb","itemListElement":[{"@type":"ListItem","position":1,"name":"Hem","item":"https:\/\/c-profil.se\/"},{"@type":"ListItem","position":2,"name":"Produkter","item":"https:\/\/c-profil.se\/produkter\/"},{"@type":"ListItem","position":3,"name":"Kabelkanaler halogenfria","item":"https:\/\/c-profil.se\/produkt-kategori\/kabelkanaler-halogenfria\/"},{"@type":"ListItem","position":4,"name":"Kabelkanal Licatec Halogenfri","item":"https:\/\/c-profil.se\/produkt-kategori\/kabelkanaler-halogenfria\/kabelkanal-licatec-halogenfri\/"},{"@type":"ListItem","position":5,"name":"Kabelkanal Licatec | HF-L"}]},{"@type":"WebSite","@id":"https:\/\/c-profil.se\/#website","url":"https:\/\/c-profil.se\/","name":"C-Pro","description":"Products for Electricity and Automation","publisher":{"@id":"https:\/\/c-profil.se\/#organization"},"potentialAction":[{"@type":"SearchAction","target":{"@type":"EntryPoint","urlTemplate":"https:\/\/c-profil.se\/?s={search_term_string}"},"query-input":{"@type":"PropertyValueSpecification","valueRequired":true,"valueName":"search_term_string"}}],"inLanguage":"en"},{"@type":"Organization","@id":"https:\/\/c-profil.se\/#organization","name":"C-Pro","alternateName":"C-PRO","url":"https:\/\/c-profil.se\/","logo":{"@type":"ImageObject","inLanguage":"en","@id":"https:\/\/c-profil.se\/#\/schema\/logo\/image\/","url":"https:\/\/c-profil.se\/wp-content\/uploads\/2022\/03\/c-pro-logga-liggande-500x500-1.png","contentUrl":"https:\/\/c-profil.se\/wp-content\/uploads\/2022\/03\/c-pro-logga-liggande-500x500-1.png","width":500,"height":500,"caption":"C-Pro"},"image":{"@id":"https:\/\/c-profil.se\/#\/schema\/logo\/image\/"},"sameAs":["https:\/\/www.facebook.com\/people\/C-Pro\/61561767306874\/","https:\/\/www.linkedin.com\/company\/c-pro-ab","https:\/\/www.instagram.com\/cpro.ab\/"],"description":"C-PRO AB is a comprehensive supplier of materials for applications in electricity and automation. Ever since the start in 1987, we have supplied the Swedish manufacturing industry with electrical materials. Despite our size and leading position, we have never abandoned our basic philosophy, to be a personal supplier. We at C-PRO are easy to get in touch with, honest and passionate about solving our customers&#039; problems.","email":"info@c-profil.se","telephone":"031575785","legalName":"C-Profil F\u00f6rl\u00e4ggningsmaterial AB","foundingDate":"1987-01-01"}]},"product_brand":"dragning av kablage","product_price_currency":"SEK","og_availability":"instock","product_availability":"instock","product_retailer_item_id":"HF-L","product_condition":"new"},"_links":{"self":[{"href":"https:\/\/c-profil.se\/english\/wp-json\/wp\/v2\/product\/24879","targetHints":{"allow":["GET"]}}],"collection":[{"href":"https:\/\/c-profil.se\/english\/wp-json\/wp\/v2\/product"}],"about":[{"href":"https:\/\/c-profil.se\/english\/wp-json\/wp\/v2\/types\/product"}],"version-history":[{"count":9,"href":"https:\/\/c-profil.se\/english\/wp-json\/wp\/v2\/product\/24879\/revisions"}],"predecessor-version":[{"id":74316,"href":"https:\/\/c-profil.se\/english\/wp-json\/wp\/v2\/product\/24879\/revisions\/74316"}],"wp:featuredmedia":[{"embeddable":true,"href":"https:\/\/c-profil.se\/english\/wp-json\/wp\/v2\/media\/51368"}],"wp:attachment":[{"href":"https:\/\/c-profil.se\/english\/wp-json\/wp\/v2\/media?parent=24879"}],"wp:term":[{"taxonomy":"product_brand","embeddable":true,"href":"https:\/\/c-profil.se\/english\/wp-json\/wp\/v2\/product_brand?post=24879"},{"taxonomy":"product_cat","embeddable":true,"href":"https:\/\/c-profil.se\/english\/wp-json\/wp\/v2\/product_cat?post=24879"},{"taxonomy":"product_tag","embeddable":true,"href":"https:\/\/c-profil.se\/english\/wp-json\/wp\/v2\/product_tag?post=24879"}],"curies":[{"name":"wp","href":"https:\/\/api.w.org\/{rel}","templated":true}]}}