{"id":24672,"date":"2019-03-18T13:30:00","date_gmt":"2019-03-18T12:30:00","guid":{"rendered":"https:\/\/c-profil.se\/produkt\/kabelforskruvning-kvt-w90-gra\/"},"modified":"2026-04-24T09:58:30","modified_gmt":"2026-04-24T08:58:30","slug":"spit-cable-gland-90-kvt-w90","status":"publish","type":"product","link":"https:\/\/c-profil.se\/english\/produkt\/kabelforskruvning-90-delbar-kvt-w90\/","title":{"rendered":"Cable gland 90\u00b0 | KVT-W90"},"content":{"rendered":"<p><strong>KVT-W90 is a split cable gland in 90\u00b0 design for industrial installations<\/strong>, designed for the penetration and sealing of cables and hoses in angled applications.<br \/>\nThe gland enables the passage of pre-connected cables and is adapted for metric hole punching with high cable density.<\/p>","protected":false},"excerpt":{"rendered":"<p class=\"ai-optimize-introduction ai-optimize-27\"><strong>Cable gland 90\u00b0 \/ KVT-W90<\/strong> used to insert and seal sealed cables and wires at a 90\u00b0 angle.<br \/>\nIn particular, the KVT 50-W90 is perfectly suited to hold corrugated or smooth hoses. A large number of cable entry grommets is available to the user. By using multi-hole grommets up to 16 lines can be routed with one cable gland. Polyamide standard locknuts as well as a sealing ring are included in the shipment. Split locknuts can be ordered separately.<\/p>\n<p class=\"ai-optimize-29\"><strong>Advantages<\/strong>:<\/p>\n<ul>\n<li class=\"ai-optimize-30\">Cable entry with or without contact<\/li>\n<li class=\"ai-optimize-30\">Warranties on pre-connected cables are maintained<\/li>\n<li class=\"ai-optimize-30\">Remodeling, repairs and maintenance can be done much easier and faster<\/li>\n<li class=\"ai-optimize-30\">High cable density, wide variety of grommets<\/li>\n<li class=\"ai-optimize-30\">Suitable for metric hole punching<\/li>\n<li class=\"ai-optimize-30\">Lock nut included<\/li>\n<li class=\"ai-optimize-30\">Increased packing density when using double or quadruple bushings<\/li>\n<\/ul>","protected":false},"featured_media":50967,"template":"","meta":{"_acf_changed":false},"product_brand":[740],"product_cat":[304],"product_tag":[953,992,938,990,1005,939],"class_list":{"0":"post-24672","1":"product","2":"type-product","3":"status-publish","4":"has-post-thumbnail","6":"product_brand-icotek","7":"product_cat-kabelforskruvningar-for-kablar-med-kontakt","8":"product_tag-eftermontering","9":"product_tag-kabelgenomforing","10":"product_tag-kabelinforing","11":"product_tag-kapsling","12":"product_tag-platbearbetning","13":"product_tag-tatning","15":"first","16":"instock","17":"shipping-taxable","18":"product-type-simple"},"acf":[],"yoast_head":"<!-- This site is optimized with the Yoast SEO Premium plugin v27.4 (Yoast SEO v27.4) - https:\/\/yoast.com\/product\/yoast-seo-premium-wordpress\/ -->\n<title>Kabelf\u00f6rskruvning 90\u00b0 | KVT-W90 - C-Pro<\/title>\n<meta name=\"description\" content=\"Kabelf\u00f6rskruvning 90\u00b0 \/ KVT-W90 f\u00f6r kablar med konakt anv\u00e4nds f\u00f6r att infoga och t\u00e4ta f\u00f6rslutna kablar och ledningar i 90\u00b0 vinkel. L\u00e4s Mer!\" \/>\n<meta name=\"robots\" content=\"index, follow, max-snippet:-1, max-image-preview:large, max-video-preview:-1\" \/>\n<link rel=\"canonical\" href=\"https:\/\/c-profil.se\/english\/product\/spit-cable-gland-90-kvt-w90\/\" \/>\n<meta property=\"og:locale\" content=\"en_US\" \/>\n<meta property=\"og:type\" content=\"article\" \/>\n<meta property=\"og:title\" content=\"Kabelf\u00f6rskruvning 90\u00b0 | KVT-W90 - C-Pro\" \/>\n<meta property=\"og:description\" content=\"Kabelf\u00f6rskruvning 90\u00b0 \/ KVT-W90 anv\u00e4nds f\u00f6r att infoga och t\u00e4ta f\u00f6rslutna kablar och ledningar i 90\u00b0 vinkel. Speciellt \u00e4r KVT 50-W90 perfekt anpassad f\u00f6r att h\u00e5lla korrugerade eller sl\u00e4ta slangar. Ett stort antal genomf\u00f6ringar \u00e4r tillg\u00e4ngliga f\u00f6r anv\u00e4ndaren. Polyamid standard l\u00e5smuttrar samt en t\u00e4tningsring ing\u00e5r i leveransen. delad l\u00e5smutter kan best\u00e4llas separat. F\u00f6rdelar:    Genomf\u00f6ring av kablar med eller utan kontakt  Garantier p\u00e5 f\u00f6rkontakterade kablar bibeh\u00e5lles  Ombyggnation, reparationer och underh\u00e5ll kan g\u00f6ras mycket enklare och snabbare  H\u00f6g kabelt\u00e4thet, brett utbud av genomf\u00f6ringar  L\u00e4mplig f\u00f6r metrisk h\u00e5ltagning  L\u00e5smutter ing\u00e5r  \u00d6kad packningst\u00e4thet vid anv\u00e4ndning av dubbla eller fyrdubbla genomf\u00f6ringar\" \/>\n<meta property=\"og:url\" content=\"https:\/\/c-profil.se\/english\/product\/spit-cable-gland-90-kvt-w90\/\" \/>\n<meta property=\"og:site_name\" content=\"C-Pro\" \/>\n<meta property=\"article:publisher\" content=\"https:\/\/www.facebook.com\/people\/C-Pro\/61561767306874\/\" \/>\n<meta property=\"article:modified_time\" content=\"2026-04-24T08:58:30+00:00\" \/>\n<meta property=\"og:image\" content=\"https:\/\/c-profil.se\/wp-content\/uploads\/2019\/03\/Kabelforskruvning-90\u00b0-delbar-KVT-W90.jpg\" \/>\n\t<meta property=\"og:image:width\" content=\"1000\" \/>\n\t<meta property=\"og:image:height\" content=\"1000\" \/>\n\t<meta property=\"og:image:type\" content=\"image\/jpeg\" \/>\n<meta name=\"twitter:card\" content=\"summary_large_image\" \/>\n<meta name=\"twitter:label1\" content=\"Price\" \/>\n\t<meta name=\"twitter:data1\" content=\"\" \/>\n\t<meta name=\"twitter:label2\" content=\"Availability\" \/>\n\t<meta name=\"twitter:data2\" content=\"In stock\" \/>\n<script type=\"application\/ld+json\" class=\"yoast-schema-graph\">{\"@context\":\"https:\\\/\\\/schema.org\",\"@graph\":[{\"@type\":\"WebPage\",\"@id\":\"https:\\\/\\\/c-profil.se\\\/produkt\\\/kabelforskruvning-90-delbar-kvt-w90\\\/\",\"url\":\"https:\\\/\\\/c-profil.se\\\/produkt\\\/kabelforskruvning-90-delbar-kvt-w90\\\/\",\"name\":\"Kabelf\u00f6rskruvning 90\u00b0 | KVT-W90 - C-Pro\",\"isPartOf\":{\"@id\":\"https:\\\/\\\/c-profil.se\\\/#website\"},\"primaryImageOfPage\":{\"@id\":\"https:\\\/\\\/c-profil.se\\\/produkt\\\/kabelforskruvning-90-delbar-kvt-w90\\\/#primaryimage\"},\"image\":{\"@id\":\"https:\\\/\\\/c-profil.se\\\/produkt\\\/kabelforskruvning-90-delbar-kvt-w90\\\/#primaryimage\"},\"thumbnailUrl\":\"https:\\\/\\\/c-profil.se\\\/wp-content\\\/uploads\\\/2019\\\/03\\\/Kabelforskruvning-90\u00b0-delbar-KVT-W90.jpg\",\"datePublished\":\"2019-03-18T12:30:00+00:00\",\"dateModified\":\"2026-04-24T08:58:30+00:00\",\"description\":\"Kabelf\u00f6rskruvning 90\u00b0 \\\/ KVT-W90 f\u00f6r kablar med konakt anv\u00e4nds f\u00f6r att infoga och t\u00e4ta f\u00f6rslutna kablar och ledningar i 90\u00b0 vinkel. L\u00e4s Mer!\",\"breadcrumb\":{\"@id\":\"https:\\\/\\\/c-profil.se\\\/produkt\\\/kabelforskruvning-90-delbar-kvt-w90\\\/#breadcrumb\"},\"inLanguage\":\"en\",\"potentialAction\":[{\"@type\":\"ReadAction\",\"target\":[\"https:\\\/\\\/c-profil.se\\\/produkt\\\/kabelforskruvning-90-delbar-kvt-w90\\\/\"]}]},{\"@type\":\"ImageObject\",\"inLanguage\":\"en\",\"@id\":\"https:\\\/\\\/c-profil.se\\\/produkt\\\/kabelforskruvning-90-delbar-kvt-w90\\\/#primaryimage\",\"url\":\"https:\\\/\\\/c-profil.se\\\/wp-content\\\/uploads\\\/2019\\\/03\\\/Kabelforskruvning-90\u00b0-delbar-KVT-W90.jpg\",\"contentUrl\":\"https:\\\/\\\/c-profil.se\\\/wp-content\\\/uploads\\\/2019\\\/03\\\/Kabelforskruvning-90\u00b0-delbar-KVT-W90.jpg\",\"width\":1000,\"height\":1000,\"caption\":\"Kabelf\u00f6rskruvning 90\u00b0, delbar KVT-W90\"},{\"@type\":\"BreadcrumbList\",\"@id\":\"https:\\\/\\\/c-profil.se\\\/produkt\\\/kabelforskruvning-90-delbar-kvt-w90\\\/#breadcrumb\",\"itemListElement\":[{\"@type\":\"ListItem\",\"position\":1,\"name\":\"Hem\",\"item\":\"https:\\\/\\\/c-profil.se\\\/\"},{\"@type\":\"ListItem\",\"position\":2,\"name\":\"Produkter\",\"item\":\"https:\\\/\\\/c-profil.se\\\/produkter\\\/\"},{\"@type\":\"ListItem\",\"position\":3,\"name\":\"Kabelf\u00f6rskruvningar f\u00f6r kablar med kontakt\",\"item\":\"https:\\\/\\\/c-profil.se\\\/produkt-kategori\\\/kabelforskruvningar-for-kablar-med-kontakt\\\/\"},{\"@type\":\"ListItem\",\"position\":4,\"name\":\"Kabelf\u00f6rskruvning 90\u00b0 | KVT-W90\"}]},{\"@type\":\"WebSite\",\"@id\":\"https:\\\/\\\/c-profil.se\\\/#website\",\"url\":\"https:\\\/\\\/c-profil.se\\\/\",\"name\":\"C-Pro\",\"description\":\"Produkter f\u00f6r El och Automation\",\"publisher\":{\"@id\":\"https:\\\/\\\/c-profil.se\\\/#organization\"},\"potentialAction\":[{\"@type\":\"SearchAction\",\"target\":{\"@type\":\"EntryPoint\",\"urlTemplate\":\"https:\\\/\\\/c-profil.se\\\/?s={search_term_string}\"},\"query-input\":{\"@type\":\"PropertyValueSpecification\",\"valueRequired\":true,\"valueName\":\"search_term_string\"}}],\"inLanguage\":\"en\"},{\"@type\":\"Organization\",\"@id\":\"https:\\\/\\\/c-profil.se\\\/#organization\",\"name\":\"C-Pro\",\"alternateName\":\"C-PRO\",\"url\":\"https:\\\/\\\/c-profil.se\\\/\",\"logo\":{\"@type\":\"ImageObject\",\"inLanguage\":\"en\",\"@id\":\"https:\\\/\\\/c-profil.se\\\/#\\\/schema\\\/logo\\\/image\\\/\",\"url\":\"https:\\\/\\\/c-profil.se\\\/wp-content\\\/uploads\\\/2022\\\/03\\\/c-pro-logga-liggande-500x500-1.png\",\"contentUrl\":\"https:\\\/\\\/c-profil.se\\\/wp-content\\\/uploads\\\/2022\\\/03\\\/c-pro-logga-liggande-500x500-1.png\",\"width\":500,\"height\":500,\"caption\":\"C-Pro\"},\"image\":{\"@id\":\"https:\\\/\\\/c-profil.se\\\/#\\\/schema\\\/logo\\\/image\\\/\"},\"sameAs\":[\"https:\\\/\\\/www.facebook.com\\\/people\\\/C-Pro\\\/61561767306874\\\/\",\"https:\\\/\\\/www.linkedin.com\\\/company\\\/c-pro-ab\",\"https:\\\/\\\/www.instagram.com\\\/cpro.ab\\\/\"],\"description\":\"C-PRO AB \u00e4r en helt\u00e4ckande leverant\u00f6r av material f\u00f6r applikationer inom el och automation. \u00c4nda sedan starten 1987 har vi f\u00f6rsett den svenska tillverkande industrin med elmaterial. Trots v\u00e5r storlek och ledande position har vi aldrig \u00f6vergett v\u00e5r grundfilosofi, att vara en personlig leverant\u00f6r. Vi p\u00e5 C-PRO \u00e4r l\u00e4tta att komma i kontakt med, \u00e4rliga och brinner f\u00f6r att l\u00f6sa v\u00e5ra kunders problem.\",\"email\":\"info@c-profil.se\",\"telephone\":\"031575785\",\"legalName\":\"C-Profil F\u00f6rl\u00e4ggningsmaterial AB\",\"foundingDate\":\"1987-01-01\"}]}<\/script>\n<meta property=\"product:brand\" content=\"eftermontering\" \/>\n<meta property=\"product:price:currency\" content=\"SEK\" \/>\n<meta property=\"og:availability\" content=\"instock\" \/>\n<meta property=\"product:availability\" content=\"instock\" \/>\n<meta property=\"product:retailer_item_id\" content=\"KVT-W90\" \/>\n<meta property=\"product:condition\" content=\"new\" \/>\n<!-- \/ Yoast SEO Premium plugin. -->","yoast_head_json":{"title":"Cable gland 90\u00b0 | KVT-W90 - C-Pro","description":"Cable gland 90\u00b0 \/ KVT-W90 for cables with connectors is used to insert and seal closed cables and wires at a 90\u00b0 angle. Read More!","robots":{"index":"index","follow":"follow","max-snippet":"max-snippet:-1","max-image-preview":"max-image-preview:large","max-video-preview":"max-video-preview:-1"},"canonical":"https:\/\/c-profil.se\/english\/product\/spit-cable-gland-90-kvt-w90\/","og_locale":"en_US","og_type":"article","og_title":"Kabelf\u00f6rskruvning 90\u00b0 | KVT-W90 - C-Pro","og_description":"Kabelf\u00f6rskruvning 90\u00b0 \/ KVT-W90 anv\u00e4nds f\u00f6r att infoga och t\u00e4ta f\u00f6rslutna kablar och ledningar i 90\u00b0 vinkel. Speciellt \u00e4r KVT 50-W90 perfekt anpassad f\u00f6r att h\u00e5lla korrugerade eller sl\u00e4ta slangar. Ett stort antal genomf\u00f6ringar \u00e4r tillg\u00e4ngliga f\u00f6r anv\u00e4ndaren. Polyamid standard l\u00e5smuttrar samt en t\u00e4tningsring ing\u00e5r i leveransen. delad l\u00e5smutter kan best\u00e4llas separat. F\u00f6rdelar:    Genomf\u00f6ring av kablar med eller utan kontakt  Garantier p\u00e5 f\u00f6rkontakterade kablar bibeh\u00e5lles  Ombyggnation, reparationer och underh\u00e5ll kan g\u00f6ras mycket enklare och snabbare  H\u00f6g kabelt\u00e4thet, brett utbud av genomf\u00f6ringar  L\u00e4mplig f\u00f6r metrisk h\u00e5ltagning  L\u00e5smutter ing\u00e5r  \u00d6kad packningst\u00e4thet vid anv\u00e4ndning av dubbla eller fyrdubbla genomf\u00f6ringar","og_url":"https:\/\/c-profil.se\/english\/product\/spit-cable-gland-90-kvt-w90\/","og_site_name":"C-Pro","article_publisher":"https:\/\/www.facebook.com\/people\/C-Pro\/61561767306874\/","article_modified_time":"2026-04-24T08:58:30+00:00","og_image":[{"width":1000,"height":1000,"url":"https:\/\/c-profil.se\/wp-content\/uploads\/2019\/03\/Kabelforskruvning-90\u00b0-delbar-KVT-W90.jpg","type":"image\/jpeg"}],"twitter_card":"summary_large_image","twitter_misc":{"Price":"","Availability":"In stock"},"schema":{"@context":"https:\/\/schema.org","@graph":[{"@type":"WebPage","@id":"https:\/\/c-profil.se\/produkt\/kabelforskruvning-90-delbar-kvt-w90\/","url":"https:\/\/c-profil.se\/produkt\/kabelforskruvning-90-delbar-kvt-w90\/","name":"Cable gland 90\u00b0 | KVT-W90 - C-Pro","isPartOf":{"@id":"https:\/\/c-profil.se\/#website"},"primaryImageOfPage":{"@id":"https:\/\/c-profil.se\/produkt\/kabelforskruvning-90-delbar-kvt-w90\/#primaryimage"},"image":{"@id":"https:\/\/c-profil.se\/produkt\/kabelforskruvning-90-delbar-kvt-w90\/#primaryimage"},"thumbnailUrl":"https:\/\/c-profil.se\/wp-content\/uploads\/2019\/03\/Kabelforskruvning-90\u00b0-delbar-KVT-W90.jpg","datePublished":"2019-03-18T12:30:00+00:00","dateModified":"2026-04-24T08:58:30+00:00","description":"Cable gland 90\u00b0 \/ KVT-W90 for cables with connectors is used to insert and seal closed cables and wires at a 90\u00b0 angle. Read More!","breadcrumb":{"@id":"https:\/\/c-profil.se\/produkt\/kabelforskruvning-90-delbar-kvt-w90\/#breadcrumb"},"inLanguage":"en","potentialAction":[{"@type":"ReadAction","target":["https:\/\/c-profil.se\/produkt\/kabelforskruvning-90-delbar-kvt-w90\/"]}]},{"@type":"ImageObject","inLanguage":"en","@id":"https:\/\/c-profil.se\/produkt\/kabelforskruvning-90-delbar-kvt-w90\/#primaryimage","url":"https:\/\/c-profil.se\/wp-content\/uploads\/2019\/03\/Kabelforskruvning-90\u00b0-delbar-KVT-W90.jpg","contentUrl":"https:\/\/c-profil.se\/wp-content\/uploads\/2019\/03\/Kabelforskruvning-90\u00b0-delbar-KVT-W90.jpg","width":1000,"height":1000,"caption":"Kabelf\u00f6rskruvning 90\u00b0, delbar KVT-W90"},{"@type":"BreadcrumbList","@id":"https:\/\/c-profil.se\/produkt\/kabelforskruvning-90-delbar-kvt-w90\/#breadcrumb","itemListElement":[{"@type":"ListItem","position":1,"name":"Hem","item":"https:\/\/c-profil.se\/"},{"@type":"ListItem","position":2,"name":"Produkter","item":"https:\/\/c-profil.se\/produkter\/"},{"@type":"ListItem","position":3,"name":"Kabelf\u00f6rskruvningar f\u00f6r kablar med kontakt","item":"https:\/\/c-profil.se\/produkt-kategori\/kabelforskruvningar-for-kablar-med-kontakt\/"},{"@type":"ListItem","position":4,"name":"Kabelf\u00f6rskruvning 90\u00b0 | KVT-W90"}]},{"@type":"WebSite","@id":"https:\/\/c-profil.se\/#website","url":"https:\/\/c-profil.se\/","name":"C-Pro","description":"Products for Electricity and Automation","publisher":{"@id":"https:\/\/c-profil.se\/#organization"},"potentialAction":[{"@type":"SearchAction","target":{"@type":"EntryPoint","urlTemplate":"https:\/\/c-profil.se\/?s={search_term_string}"},"query-input":{"@type":"PropertyValueSpecification","valueRequired":true,"valueName":"search_term_string"}}],"inLanguage":"en"},{"@type":"Organization","@id":"https:\/\/c-profil.se\/#organization","name":"C-Pro","alternateName":"C-PRO","url":"https:\/\/c-profil.se\/","logo":{"@type":"ImageObject","inLanguage":"en","@id":"https:\/\/c-profil.se\/#\/schema\/logo\/image\/","url":"https:\/\/c-profil.se\/wp-content\/uploads\/2022\/03\/c-pro-logga-liggande-500x500-1.png","contentUrl":"https:\/\/c-profil.se\/wp-content\/uploads\/2022\/03\/c-pro-logga-liggande-500x500-1.png","width":500,"height":500,"caption":"C-Pro"},"image":{"@id":"https:\/\/c-profil.se\/#\/schema\/logo\/image\/"},"sameAs":["https:\/\/www.facebook.com\/people\/C-Pro\/61561767306874\/","https:\/\/www.linkedin.com\/company\/c-pro-ab","https:\/\/www.instagram.com\/cpro.ab\/"],"description":"C-PRO AB is a comprehensive supplier of materials for applications in electricity and automation. Ever since the start in 1987, we have supplied the Swedish manufacturing industry with electrical materials. Despite our size and leading position, we have never abandoned our basic philosophy, to be a personal supplier. We at C-PRO are easy to get in touch with, honest and passionate about solving our customers&#039; problems.","email":"info@c-profil.se","telephone":"031575785","legalName":"C-Profil F\u00f6rl\u00e4ggningsmaterial AB","foundingDate":"1987-01-01"}]},"product_brand":"eftermontering","product_price_currency":"SEK","og_availability":"instock","product_availability":"instock","product_retailer_item_id":"KVT-W90","product_condition":"new"},"_links":{"self":[{"href":"https:\/\/c-profil.se\/english\/wp-json\/wp\/v2\/product\/24672","targetHints":{"allow":["GET"]}}],"collection":[{"href":"https:\/\/c-profil.se\/english\/wp-json\/wp\/v2\/product"}],"about":[{"href":"https:\/\/c-profil.se\/english\/wp-json\/wp\/v2\/types\/product"}],"version-history":[{"count":10,"href":"https:\/\/c-profil.se\/english\/wp-json\/wp\/v2\/product\/24672\/revisions"}],"predecessor-version":[{"id":75193,"href":"https:\/\/c-profil.se\/english\/wp-json\/wp\/v2\/product\/24672\/revisions\/75193"}],"wp:featuredmedia":[{"embeddable":true,"href":"https:\/\/c-profil.se\/english\/wp-json\/wp\/v2\/media\/50967"}],"wp:attachment":[{"href":"https:\/\/c-profil.se\/english\/wp-json\/wp\/v2\/media?parent=24672"}],"wp:term":[{"taxonomy":"product_brand","embeddable":true,"href":"https:\/\/c-profil.se\/english\/wp-json\/wp\/v2\/product_brand?post=24672"},{"taxonomy":"product_cat","embeddable":true,"href":"https:\/\/c-profil.se\/english\/wp-json\/wp\/v2\/product_cat?post=24672"},{"taxonomy":"product_tag","embeddable":true,"href":"https:\/\/c-profil.se\/english\/wp-json\/wp\/v2\/product_tag?post=24672"}],"curies":[{"name":"wp","href":"https:\/\/api.w.org\/{rel}","templated":true}]}}