{"id":24487,"date":"2017-06-19T09:39:00","date_gmt":"2017-06-19T08:39:00","guid":{"rendered":"https:\/\/c-profil.se\/produkt\/rektangulara-kvadratiska-knockout-punchar\/"},"modified":"2026-03-19T14:44:43","modified_gmt":"2026-03-19T13:44:43","slug":"punches-rectangular","status":"publish","type":"product","link":"https:\/\/c-profil.se\/english\/produkt\/punchar-rektangulara\/","title":{"rendered":"Punches rectangular"},"content":{"rendered":"<p><strong>Rectangular punches and countersinks are intended for precise hole making in sheet metal.<\/strong> such as stainless steel, steel, aluminum and plastic.<br \/>\nThey are used for the assembly of rectangular and square cable glands as well as multi-pole industrial connectors and are adapted for hand hydraulic operation.<\/p>","protected":false},"excerpt":{"rendered":"<p>Punches rectangular and counters make it easy to punch holes in stainless steel (V2A versions), mild steel, aluminum or plastic with max. Plate thickness 3 mm (V2A: max. 2 mm). Available for Rectangular and square punches and doors make it easy to punch holes in stainless steel (V2A versions), mild steel, aluminum or plastic with max. Plate thickness 3 mm (V2A: max. 2 mm).<\/p>\n<p>Available for punching sizes 10, 16 and 24 multi-pin industrial connectors and also for special punching. The punches are therefore suitable for most Icotek cable entry systems. The punches are for hand hydraulic operation only. They are compatible with hand hydraulic punching tools from icotek and also with other manufacturers. Rectangular punches are suitable for our <a href=\"\/english\/product\/punch-tool-set\/\">hydraulic tools<\/a>.<\/p>\n<p><strong>Compatible with:<\/strong> <a href=\"\/english\/product\/punch-tool-set\/\">The punch tool set<\/a><br \/>\n<strong>Suitable for eg article:\u00a0<\/strong>KEL-U and KEL-UB<\/p>\n<p><strong>The delivery includes:<\/strong><\/p>\n<ul>\n<li>Punch, bearing and draw stud \u2205 19 mm (3\/4 \u201dUNF), L: 150 mm<\/li>\n<li>1st Storage bag<\/li>\n<\/ul>\n<p>&nbsp;<\/p>","protected":false},"featured_media":45239,"template":"","meta":{"_acf_changed":false},"product_brand":[740],"product_cat":[762],"product_tag":[940,998,1005,1001],"class_list":{"0":"post-24487","1":"product","2":"type-product","3":"status-publish","4":"has-post-thumbnail","6":"product_brand-icotek","7":"product_cat-verktyg","8":"product_tag-apparatskap","9":"product_tag-haltagning","10":"product_tag-platbearbetning","11":"product_tag-verktyg","13":"first","14":"instock","15":"shipping-taxable","16":"product-type-simple"},"acf":[],"yoast_head":"<!-- This site is optimized with the Yoast SEO Premium plugin v27.5 (Yoast SEO v27.5) - https:\/\/yoast.com\/product\/yoast-seo-premium-wordpress\/ -->\n<title>Punchar rektangul\u00e4ra f\u00f6r h\u00e5lstansning i st\u00e5l och aluminium - C-Pro<\/title>\n<meta name=\"description\" content=\"Punchar rektangul\u00e4ra och motl\u00e4gg g\u00f6r det enkelt att stansa h\u00e5l i rostfritt st\u00e5l (V2A-versioner), mjukt st\u00e5l, aluminium eller plast. L\u00e4s Mer!\" \/>\n<meta name=\"robots\" content=\"index, follow, max-snippet:-1, max-image-preview:large, max-video-preview:-1\" \/>\n<link rel=\"canonical\" href=\"https:\/\/c-profil.se\/english\/product\/punches-rectangular\/\" \/>\n<meta property=\"og:locale\" content=\"en_US\" \/>\n<meta property=\"og:type\" content=\"article\" \/>\n<meta property=\"og:title\" content=\"Punchar rektangul\u00e4ra - C-Pro\" \/>\n<meta property=\"og:description\" content=\"Punchar rektangul\u00e4ra och motl\u00e4gg g\u00f6r det enkelt att stansa h\u00e5l i rostfritt st\u00e5l (V2A-versioner), mjukt st\u00e5l, aluminium eller plast med max. Pl\u00e5t tjocklek 3 mm (V2A: max 2 mm). Finns f\u00f6r Rektangul\u00e4ra och kvadratiska stansar och d\u00f6rrar g\u00f6r det enkelt att stansa h\u00e5l i rostfritt st\u00e5l (V2A-versioner), mjukt st\u00e5l, aluminium eller plast med max. Pl\u00e5t tjocklek 3 mm (V2A: max 2 mm).  Finns f\u00f6r h\u00e5ltagningsstorlek 10, 16 och 24-flerstifts industriella kontakter och \u00e4ven f\u00f6r specialh\u00e5ltagning. Stansarna \u00e4r d\u00e4rf\u00f6r l\u00e4mpliga f\u00f6r de flesta Icotek-kabelgenomf\u00f6ringssystem. Stansarna \u00e4r endast f\u00f6r handhydraulisk drift. De passar ihop med handhydraulisk punchverktyg fr\u00e5n icotek och \u00e4ven med andra tillverkare. Punchar rektangul\u00e4ra passar bl.a. v\u00e5rt hydraulverktyg.  Kompatibla med: Punchvertygsset Passar till t.ex artikel:\u00a0KEL-U och KEL-U-B  I leveransen ing\u00e5r:   Stans, motl\u00e4gg och dragst\u00e5ng \u2205 19 mm (3\/4 &quot;UNF), L: 150 mm  1st F\u00f6rvaringsv\u00e4ska  &nbsp;\" \/>\n<meta property=\"og:url\" content=\"https:\/\/c-profil.se\/english\/product\/punches-rectangular\/\" \/>\n<meta property=\"og:site_name\" content=\"C-Pro\" \/>\n<meta property=\"article:publisher\" content=\"https:\/\/www.facebook.com\/people\/C-Pro\/61561767306874\/\" \/>\n<meta property=\"article:modified_time\" content=\"2026-03-19T13:44:43+00:00\" \/>\n<meta property=\"og:image\" content=\"https:\/\/c-profil.se\/wp-content\/uploads\/2017\/06\/Punchar-Rektangulara.jpg\" \/>\n\t<meta property=\"og:image:width\" content=\"1000\" \/>\n\t<meta property=\"og:image:height\" content=\"1000\" \/>\n\t<meta property=\"og:image:type\" content=\"image\/jpeg\" \/>\n<meta name=\"twitter:card\" content=\"summary_large_image\" \/>\n<meta name=\"twitter:label1\" content=\"Price\" \/>\n\t<meta name=\"twitter:data1\" content=\"\" \/>\n\t<meta name=\"twitter:label2\" content=\"Availability\" \/>\n\t<meta name=\"twitter:data2\" content=\"In stock\" \/>\n<script type=\"application\/ld+json\" class=\"yoast-schema-graph\">{\"@context\":\"https:\\\/\\\/schema.org\",\"@graph\":[{\"@type\":\"WebPage\",\"@id\":\"https:\\\/\\\/c-profil.se\\\/produkt\\\/punchar-rektangulara\\\/\",\"url\":\"https:\\\/\\\/c-profil.se\\\/produkt\\\/punchar-rektangulara\\\/\",\"name\":\"Punchar rektangul\u00e4ra f\u00f6r h\u00e5lstansning i st\u00e5l och aluminium - C-Pro\",\"isPartOf\":{\"@id\":\"https:\\\/\\\/c-profil.se\\\/#website\"},\"primaryImageOfPage\":{\"@id\":\"https:\\\/\\\/c-profil.se\\\/produkt\\\/punchar-rektangulara\\\/#primaryimage\"},\"image\":{\"@id\":\"https:\\\/\\\/c-profil.se\\\/produkt\\\/punchar-rektangulara\\\/#primaryimage\"},\"thumbnailUrl\":\"https:\\\/\\\/c-profil.se\\\/wp-content\\\/uploads\\\/2017\\\/06\\\/Punchar-Rektangulara.jpg\",\"datePublished\":\"2017-06-19T08:39:00+00:00\",\"dateModified\":\"2026-03-19T13:44:43+00:00\",\"description\":\"Punchar rektangul\u00e4ra och motl\u00e4gg g\u00f6r det enkelt att stansa h\u00e5l i rostfritt st\u00e5l (V2A-versioner), mjukt st\u00e5l, aluminium eller plast. L\u00e4s Mer!\",\"breadcrumb\":{\"@id\":\"https:\\\/\\\/c-profil.se\\\/produkt\\\/punchar-rektangulara\\\/#breadcrumb\"},\"inLanguage\":\"en\",\"potentialAction\":[{\"@type\":\"ReadAction\",\"target\":[\"https:\\\/\\\/c-profil.se\\\/produkt\\\/punchar-rektangulara\\\/\"]}]},{\"@type\":\"ImageObject\",\"inLanguage\":\"en\",\"@id\":\"https:\\\/\\\/c-profil.se\\\/produkt\\\/punchar-rektangulara\\\/#primaryimage\",\"url\":\"https:\\\/\\\/c-profil.se\\\/wp-content\\\/uploads\\\/2017\\\/06\\\/Punchar-Rektangulara.jpg\",\"contentUrl\":\"https:\\\/\\\/c-profil.se\\\/wp-content\\\/uploads\\\/2017\\\/06\\\/Punchar-Rektangulara.jpg\",\"width\":1000,\"height\":1000,\"caption\":\"Punchar Rektangul\u00e4ra\"},{\"@type\":\"BreadcrumbList\",\"@id\":\"https:\\\/\\\/c-profil.se\\\/produkt\\\/punchar-rektangulara\\\/#breadcrumb\",\"itemListElement\":[{\"@type\":\"ListItem\",\"position\":1,\"name\":\"Hem\",\"item\":\"https:\\\/\\\/c-profil.se\\\/\"},{\"@type\":\"ListItem\",\"position\":2,\"name\":\"Produkter\",\"item\":\"https:\\\/\\\/c-profil.se\\\/produkter\\\/\"},{\"@type\":\"ListItem\",\"position\":3,\"name\":\"Verktyg\",\"item\":\"https:\\\/\\\/c-profil.se\\\/produkt-kategori\\\/verktyg\\\/\"},{\"@type\":\"ListItem\",\"position\":4,\"name\":\"Punchar rektangul\u00e4ra\"}]},{\"@type\":\"WebSite\",\"@id\":\"https:\\\/\\\/c-profil.se\\\/#website\",\"url\":\"https:\\\/\\\/c-profil.se\\\/\",\"name\":\"C-Pro\",\"description\":\"Produkter f\u00f6r El och Automation\",\"publisher\":{\"@id\":\"https:\\\/\\\/c-profil.se\\\/#organization\"},\"potentialAction\":[{\"@type\":\"SearchAction\",\"target\":{\"@type\":\"EntryPoint\",\"urlTemplate\":\"https:\\\/\\\/c-profil.se\\\/?s={search_term_string}\"},\"query-input\":{\"@type\":\"PropertyValueSpecification\",\"valueRequired\":true,\"valueName\":\"search_term_string\"}}],\"inLanguage\":\"en\"},{\"@type\":\"Organization\",\"@id\":\"https:\\\/\\\/c-profil.se\\\/#organization\",\"name\":\"C-Pro\",\"alternateName\":\"C-PRO\",\"url\":\"https:\\\/\\\/c-profil.se\\\/\",\"logo\":{\"@type\":\"ImageObject\",\"inLanguage\":\"en\",\"@id\":\"https:\\\/\\\/c-profil.se\\\/#\\\/schema\\\/logo\\\/image\\\/\",\"url\":\"https:\\\/\\\/c-profil.se\\\/wp-content\\\/uploads\\\/2022\\\/03\\\/c-pro-logga-liggande-500x500-1.png\",\"contentUrl\":\"https:\\\/\\\/c-profil.se\\\/wp-content\\\/uploads\\\/2022\\\/03\\\/c-pro-logga-liggande-500x500-1.png\",\"width\":500,\"height\":500,\"caption\":\"C-Pro\"},\"image\":{\"@id\":\"https:\\\/\\\/c-profil.se\\\/#\\\/schema\\\/logo\\\/image\\\/\"},\"sameAs\":[\"https:\\\/\\\/www.facebook.com\\\/people\\\/C-Pro\\\/61561767306874\\\/\",\"https:\\\/\\\/www.linkedin.com\\\/company\\\/c-pro-ab\",\"https:\\\/\\\/www.instagram.com\\\/cpro.ab\\\/\"],\"description\":\"C-PRO AB \u00e4r en helt\u00e4ckande leverant\u00f6r av material f\u00f6r applikationer inom el och automation. \u00c4nda sedan starten 1987 har vi f\u00f6rsett den svenska tillverkande industrin med elmaterial. Trots v\u00e5r storlek och ledande position har vi aldrig \u00f6vergett v\u00e5r grundfilosofi, att vara en personlig leverant\u00f6r. Vi p\u00e5 C-PRO \u00e4r l\u00e4tta att komma i kontakt med, \u00e4rliga och brinner f\u00f6r att l\u00f6sa v\u00e5ra kunders problem.\",\"email\":\"info@c-profil.se\",\"telephone\":\"031575785\",\"legalName\":\"C-Profil F\u00f6rl\u00e4ggningsmaterial AB\",\"foundingDate\":\"1987-01-01\"}]}<\/script>\n<meta property=\"product:brand\" content=\"apparatsk\u00e5p\" \/>\n<meta property=\"product:price:currency\" content=\"SEK\" \/>\n<meta property=\"og:availability\" content=\"instock\" \/>\n<meta property=\"product:availability\" content=\"instock\" \/>\n<meta property=\"product:retailer_item_id\" content=\"Punchar rektangul\u00e4ra\" \/>\n<meta property=\"product:condition\" content=\"new\" \/>\n<!-- \/ Yoast SEO Premium plugin. -->","yoast_head_json":{"title":"Punches rectangular for punching holes in steel and aluminum - C-Pro","description":"Punches rectangular and counters make it easy to punch holes in stainless steel (V2A versions), mild steel, aluminum or plastic. Read more!","robots":{"index":"index","follow":"follow","max-snippet":"max-snippet:-1","max-image-preview":"max-image-preview:large","max-video-preview":"max-video-preview:-1"},"canonical":"https:\/\/c-profil.se\/english\/product\/punches-rectangular\/","og_locale":"en_US","og_type":"article","og_title":"Punchar rektangul\u00e4ra - C-Pro","og_description":"Punchar rektangul\u00e4ra och motl\u00e4gg g\u00f6r det enkelt att stansa h\u00e5l i rostfritt st\u00e5l (V2A-versioner), mjukt st\u00e5l, aluminium eller plast med max. Pl\u00e5t tjocklek 3 mm (V2A: max 2 mm). Finns f\u00f6r Rektangul\u00e4ra och kvadratiska stansar och d\u00f6rrar g\u00f6r det enkelt att stansa h\u00e5l i rostfritt st\u00e5l (V2A-versioner), mjukt st\u00e5l, aluminium eller plast med max. Pl\u00e5t tjocklek 3 mm (V2A: max 2 mm).  Finns f\u00f6r h\u00e5ltagningsstorlek 10, 16 och 24-flerstifts industriella kontakter och \u00e4ven f\u00f6r specialh\u00e5ltagning. Stansarna \u00e4r d\u00e4rf\u00f6r l\u00e4mpliga f\u00f6r de flesta Icotek-kabelgenomf\u00f6ringssystem. Stansarna \u00e4r endast f\u00f6r handhydraulisk drift. De passar ihop med handhydraulisk punchverktyg fr\u00e5n icotek och \u00e4ven med andra tillverkare. Punchar rektangul\u00e4ra passar bl.a. v\u00e5rt hydraulverktyg.  Kompatibla med: Punchvertygsset Passar till t.ex artikel:\u00a0KEL-U och KEL-U-B  I leveransen ing\u00e5r:   Stans, motl\u00e4gg och dragst\u00e5ng \u2205 19 mm (3\/4 \"UNF), L: 150 mm  1st F\u00f6rvaringsv\u00e4ska  &nbsp;","og_url":"https:\/\/c-profil.se\/english\/product\/punches-rectangular\/","og_site_name":"C-Pro","article_publisher":"https:\/\/www.facebook.com\/people\/C-Pro\/61561767306874\/","article_modified_time":"2026-03-19T13:44:43+00:00","og_image":[{"width":1000,"height":1000,"url":"https:\/\/c-profil.se\/wp-content\/uploads\/2017\/06\/Punchar-Rektangulara.jpg","type":"image\/jpeg"}],"twitter_card":"summary_large_image","twitter_misc":{"Price":"","Availability":"In stock"},"schema":{"@context":"https:\/\/schema.org","@graph":[{"@type":"WebPage","@id":"https:\/\/c-profil.se\/produkt\/punchar-rektangulara\/","url":"https:\/\/c-profil.se\/produkt\/punchar-rektangulara\/","name":"Punches rectangular for punching holes in steel and aluminum - C-Pro","isPartOf":{"@id":"https:\/\/c-profil.se\/#website"},"primaryImageOfPage":{"@id":"https:\/\/c-profil.se\/produkt\/punchar-rektangulara\/#primaryimage"},"image":{"@id":"https:\/\/c-profil.se\/produkt\/punchar-rektangulara\/#primaryimage"},"thumbnailUrl":"https:\/\/c-profil.se\/wp-content\/uploads\/2017\/06\/Punchar-Rektangulara.jpg","datePublished":"2017-06-19T08:39:00+00:00","dateModified":"2026-03-19T13:44:43+00:00","description":"Punches rectangular and counters make it easy to punch holes in stainless steel (V2A versions), mild steel, aluminum or plastic. Read more!","breadcrumb":{"@id":"https:\/\/c-profil.se\/produkt\/punchar-rektangulara\/#breadcrumb"},"inLanguage":"en","potentialAction":[{"@type":"ReadAction","target":["https:\/\/c-profil.se\/produkt\/punchar-rektangulara\/"]}]},{"@type":"ImageObject","inLanguage":"en","@id":"https:\/\/c-profil.se\/produkt\/punchar-rektangulara\/#primaryimage","url":"https:\/\/c-profil.se\/wp-content\/uploads\/2017\/06\/Punchar-Rektangulara.jpg","contentUrl":"https:\/\/c-profil.se\/wp-content\/uploads\/2017\/06\/Punchar-Rektangulara.jpg","width":1000,"height":1000,"caption":"Punchar Rektangul\u00e4ra"},{"@type":"BreadcrumbList","@id":"https:\/\/c-profil.se\/produkt\/punchar-rektangulara\/#breadcrumb","itemListElement":[{"@type":"ListItem","position":1,"name":"Hem","item":"https:\/\/c-profil.se\/"},{"@type":"ListItem","position":2,"name":"Produkter","item":"https:\/\/c-profil.se\/produkter\/"},{"@type":"ListItem","position":3,"name":"Verktyg","item":"https:\/\/c-profil.se\/produkt-kategori\/verktyg\/"},{"@type":"ListItem","position":4,"name":"Punchar rektangul\u00e4ra"}]},{"@type":"WebSite","@id":"https:\/\/c-profil.se\/#website","url":"https:\/\/c-profil.se\/","name":"C-Pro","description":"Products for Electricity and Automation","publisher":{"@id":"https:\/\/c-profil.se\/#organization"},"potentialAction":[{"@type":"SearchAction","target":{"@type":"EntryPoint","urlTemplate":"https:\/\/c-profil.se\/?s={search_term_string}"},"query-input":{"@type":"PropertyValueSpecification","valueRequired":true,"valueName":"search_term_string"}}],"inLanguage":"en"},{"@type":"Organization","@id":"https:\/\/c-profil.se\/#organization","name":"C-Pro","alternateName":"C-PRO","url":"https:\/\/c-profil.se\/","logo":{"@type":"ImageObject","inLanguage":"en","@id":"https:\/\/c-profil.se\/#\/schema\/logo\/image\/","url":"https:\/\/c-profil.se\/wp-content\/uploads\/2022\/03\/c-pro-logga-liggande-500x500-1.png","contentUrl":"https:\/\/c-profil.se\/wp-content\/uploads\/2022\/03\/c-pro-logga-liggande-500x500-1.png","width":500,"height":500,"caption":"C-Pro"},"image":{"@id":"https:\/\/c-profil.se\/#\/schema\/logo\/image\/"},"sameAs":["https:\/\/www.facebook.com\/people\/C-Pro\/61561767306874\/","https:\/\/www.linkedin.com\/company\/c-pro-ab","https:\/\/www.instagram.com\/cpro.ab\/"],"description":"C-PRO AB is a comprehensive supplier of materials for applications in electricity and automation. Ever since the start in 1987, we have supplied the Swedish manufacturing industry with electrical materials. Despite our size and leading position, we have never abandoned our basic philosophy, to be a personal supplier. We at C-PRO are easy to get in touch with, honest and passionate about solving our customers&#039; problems.","email":"info@c-profil.se","telephone":"031575785","legalName":"C-Profil F\u00f6rl\u00e4ggningsmaterial AB","foundingDate":"1987-01-01"}]},"product_brand":"apparatsk\u00e5p","product_price_currency":"SEK","og_availability":"instock","product_availability":"instock","product_retailer_item_id":"Punchar rektangul\u00e4ra","product_condition":"new"},"_links":{"self":[{"href":"https:\/\/c-profil.se\/english\/wp-json\/wp\/v2\/product\/24487","targetHints":{"allow":["GET"]}}],"collection":[{"href":"https:\/\/c-profil.se\/english\/wp-json\/wp\/v2\/product"}],"about":[{"href":"https:\/\/c-profil.se\/english\/wp-json\/wp\/v2\/types\/product"}],"version-history":[{"count":6,"href":"https:\/\/c-profil.se\/english\/wp-json\/wp\/v2\/product\/24487\/revisions"}],"predecessor-version":[{"id":71837,"href":"https:\/\/c-profil.se\/english\/wp-json\/wp\/v2\/product\/24487\/revisions\/71837"}],"wp:featuredmedia":[{"embeddable":true,"href":"https:\/\/c-profil.se\/english\/wp-json\/wp\/v2\/media\/45239"}],"wp:attachment":[{"href":"https:\/\/c-profil.se\/english\/wp-json\/wp\/v2\/media?parent=24487"}],"wp:term":[{"taxonomy":"product_brand","embeddable":true,"href":"https:\/\/c-profil.se\/english\/wp-json\/wp\/v2\/product_brand?post=24487"},{"taxonomy":"product_cat","embeddable":true,"href":"https:\/\/c-profil.se\/english\/wp-json\/wp\/v2\/product_cat?post=24487"},{"taxonomy":"product_tag","embeddable":true,"href":"https:\/\/c-profil.se\/english\/wp-json\/wp\/v2\/product_tag?post=24487"}],"curies":[{"name":"wp","href":"https:\/\/api.w.org\/{rel}","templated":true}]}}