{"id":24477,"date":"2017-04-21T10:30:00","date_gmt":"2017-04-21T09:30:00","guid":{"rendered":"https:\/\/c-profil.se\/produkt\/kel-ultra-flex\/"},"modified":"2026-04-28T14:47:53","modified_gmt":"2026-04-28T13:47:53","slug":"cable-grommet-pyramid-kel-ultra-flex","status":"publish","type":"product","link":"https:\/\/c-profil.se\/english\/produkt\/kabelgenomforingspyramid-kel-ultra-flex\/","title":{"rendered":"Cable gland pyramid | KEL-ULTRA flex"},"content":{"rendered":"<p><strong>KEL-ULTRA flex is a flexible cable gland for large and rigid cables<\/strong>, specially designed for power and supply cables.<br \/>\nIt enables easy insertion and sealing of large diameter cables where traditional cable glands are difficult to use.<\/p>","protected":false},"excerpt":{"rendered":"<p class=\"ai-optimize-30 ai-optimize-introduction\">Cable entry pyramid \/ KEL-ULTRA flex is designed as a cable outlet for power cable or for a large cable or wire that is difficult to handle. KEL-ULTRA flex is available in two sizes and is ideal for routing and sealing cables and wires with a diameter from 25 to 115 mm. Due to the high flexibility of the elastomer pyramid, it is easier to insert large thick cables with KEL-ULTRA flex than using standard cable glands. Cable entry pyramid \/ KEL-ULTRA flex is assembled quickly and easily with the metal ring and screws after inserting the cable or wire. This ring enables a circular attachment and sealing of the sleeve to the housing wall.<\/p>\n<ul>\n<li class=\"ai-optimize-31\">The ring is supplied with every KEL-ULTRA flex<\/li>\n<li class=\"ai-optimize-32\">Cutting the grommet: Cable diameter less 25%<\/li>\n<li class=\"ai-optimize-33\">It is recommended that additional strain relief be provided for cables as part of the installation<\/li>\n<\/ul>\n<p class=\"ai-optimize-35\"><strong>Advantages:<\/strong><\/p>\n<ul>\n<li class=\"ai-optimize-35\">It is possible to install fixed cables in angles<\/li>\n<li class=\"ai-optimize-35\">Certified protection types IP66 (according to EN 60529)<\/li>\n<\/ul>","protected":false},"featured_media":51250,"template":"","meta":{"_acf_changed":false},"product_brand":[740],"product_cat":[307],"product_tag":[992,938,990,1005,939],"class_list":{"0":"post-24477","1":"product","2":"type-product","3":"status-publish","4":"has-post-thumbnail","6":"product_brand-icotek","7":"product_cat-kabelgenomforingsplattor-multiflansar","8":"product_tag-kabelgenomforing","9":"product_tag-kabelinforing","10":"product_tag-kapsling","11":"product_tag-platbearbetning","12":"product_tag-tatning","14":"first","15":"instock","16":"shipping-taxable","17":"product-type-simple"},"acf":[],"yoast_head":"<!-- This site is optimized with the Yoast SEO Premium plugin v27.5 (Yoast SEO v27.5) - https:\/\/yoast.com\/product\/yoast-seo-premium-wordpress\/ -->\n<title>Kabelgenomf\u00f6ringspyramid | KEL-ULTRA flex - C-Pro<\/title>\n<meta name=\"description\" content=\"Kabelgenomf\u00f6ringspyramid \/ KEL-ULTRA flex \u00e4r som ett kabeluttag f\u00f6r str\u00f6mkabel eller f\u00f6r en stor kabel eller ledning som \u00e4r sv\u00e5r att hantera.\" \/>\n<meta name=\"robots\" content=\"index, follow, max-snippet:-1, max-image-preview:large, max-video-preview:-1\" \/>\n<link rel=\"canonical\" href=\"https:\/\/c-profil.se\/english\/product\/cable-grommet-pyramid-kel-ultra-flex\/\" \/>\n<meta property=\"og:locale\" content=\"en_US\" \/>\n<meta property=\"og:type\" content=\"article\" \/>\n<meta property=\"og:title\" content=\"Kabelgenomf\u00f6ringspyramid | KEL-ULTRA flex - C-Pro\" \/>\n<meta property=\"og:description\" content=\"Kabelgenomf\u00f6ringspyramid \/ KEL-ULTRA flex \u00e4r utformad som ett kabeluttag f\u00f6r str\u00f6mkabel eller f\u00f6r en stor kabel eller ledning som \u00e4r sv\u00e5r att hantera. KEL-ULTRA flex finns i tv\u00e5 storlekar och \u00e4r idealisk f\u00f6r dirigering och t\u00e4tning av kablar och ledningar med en diameter fr\u00e5n 25 till 115 mm.\u00a0P\u00e5 grund av den h\u00f6ga flexibiliteten hos elastomer pyramiden \u00e4r det l\u00e4ttare att s\u00e4tta i stora tjocka kablar med KEL-ULTRA flex \u00e4n att anv\u00e4nda vanliga kabelf\u00f6rskruvningar.\u00a0Kabelgenomf\u00f6ringspyramid \/ KEL-ULTRA flex monteras snabbt och enkelt med metallringen och skruvarna efter inf\u00f6randet av kabel eller ledning. Denna ring m\u00f6jligg\u00f6r en cirkul\u00e4r fasts\u00e4ttning och t\u00e4tning av hylsan vid h\u00f6ljets v\u00e4gg.    Ringen levereras med varje KEL-ULTRA flex  Kapning av genomf\u00f6ringen: Kabeldiameter mindre 25%  Det rekommenderas att extra dragavlastning ges f\u00f6r kablar som en del av installationen  F\u00f6rdelar:    Det \u00e4r m\u00f6jligt att installera fasta kablar i vinklar  Certifierade skydd typer IP66 (efter EN 60529)\" \/>\n<meta property=\"og:url\" content=\"https:\/\/c-profil.se\/english\/product\/cable-grommet-pyramid-kel-ultra-flex\/\" \/>\n<meta property=\"og:site_name\" content=\"C-Pro\" \/>\n<meta property=\"article:publisher\" content=\"https:\/\/www.facebook.com\/people\/C-Pro\/61561767306874\/\" \/>\n<meta property=\"article:modified_time\" content=\"2026-04-28T13:47:53+00:00\" \/>\n<meta property=\"og:image\" content=\"https:\/\/c-profil.se\/wp-content\/uploads\/2017\/04\/Kabelgenomforingspyramid-KEL-ULTRA-flex.jpg\" \/>\n\t<meta property=\"og:image:width\" content=\"1000\" \/>\n\t<meta property=\"og:image:height\" content=\"1000\" \/>\n\t<meta property=\"og:image:type\" content=\"image\/jpeg\" \/>\n<meta name=\"twitter:card\" content=\"summary_large_image\" \/>\n<meta name=\"twitter:label1\" content=\"Price\" \/>\n\t<meta name=\"twitter:data1\" content=\"\" \/>\n\t<meta name=\"twitter:label2\" content=\"Availability\" \/>\n\t<meta name=\"twitter:data2\" content=\"In stock\" \/>\n<script type=\"application\/ld+json\" class=\"yoast-schema-graph\">{\"@context\":\"https:\\\/\\\/schema.org\",\"@graph\":[{\"@type\":\"WebPage\",\"@id\":\"https:\\\/\\\/c-profil.se\\\/produkt\\\/kabelgenomforingspyramid-kel-ultra-flex\\\/\",\"url\":\"https:\\\/\\\/c-profil.se\\\/produkt\\\/kabelgenomforingspyramid-kel-ultra-flex\\\/\",\"name\":\"Kabelgenomf\u00f6ringspyramid | KEL-ULTRA flex - C-Pro\",\"isPartOf\":{\"@id\":\"https:\\\/\\\/c-profil.se\\\/#website\"},\"primaryImageOfPage\":{\"@id\":\"https:\\\/\\\/c-profil.se\\\/produkt\\\/kabelgenomforingspyramid-kel-ultra-flex\\\/#primaryimage\"},\"image\":{\"@id\":\"https:\\\/\\\/c-profil.se\\\/produkt\\\/kabelgenomforingspyramid-kel-ultra-flex\\\/#primaryimage\"},\"thumbnailUrl\":\"https:\\\/\\\/c-profil.se\\\/wp-content\\\/uploads\\\/2017\\\/04\\\/Kabelgenomforingspyramid-KEL-ULTRA-flex.jpg\",\"datePublished\":\"2017-04-21T09:30:00+00:00\",\"dateModified\":\"2026-04-28T13:47:53+00:00\",\"description\":\"Kabelgenomf\u00f6ringspyramid \\\/ KEL-ULTRA flex \u00e4r som ett kabeluttag f\u00f6r str\u00f6mkabel eller f\u00f6r en stor kabel eller ledning som \u00e4r sv\u00e5r att hantera.\",\"breadcrumb\":{\"@id\":\"https:\\\/\\\/c-profil.se\\\/produkt\\\/kabelgenomforingspyramid-kel-ultra-flex\\\/#breadcrumb\"},\"inLanguage\":\"en\",\"potentialAction\":[{\"@type\":\"ReadAction\",\"target\":[\"https:\\\/\\\/c-profil.se\\\/produkt\\\/kabelgenomforingspyramid-kel-ultra-flex\\\/\"]}]},{\"@type\":\"ImageObject\",\"inLanguage\":\"en\",\"@id\":\"https:\\\/\\\/c-profil.se\\\/produkt\\\/kabelgenomforingspyramid-kel-ultra-flex\\\/#primaryimage\",\"url\":\"https:\\\/\\\/c-profil.se\\\/wp-content\\\/uploads\\\/2017\\\/04\\\/Kabelgenomforingspyramid-KEL-ULTRA-flex.jpg\",\"contentUrl\":\"https:\\\/\\\/c-profil.se\\\/wp-content\\\/uploads\\\/2017\\\/04\\\/Kabelgenomforingspyramid-KEL-ULTRA-flex.jpg\",\"width\":1000,\"height\":1000,\"caption\":\"Kabelgenomf\u00f6ringspyramid KEL-ULTRA flex\"},{\"@type\":\"BreadcrumbList\",\"@id\":\"https:\\\/\\\/c-profil.se\\\/produkt\\\/kabelgenomforingspyramid-kel-ultra-flex\\\/#breadcrumb\",\"itemListElement\":[{\"@type\":\"ListItem\",\"position\":1,\"name\":\"Hem\",\"item\":\"https:\\\/\\\/c-profil.se\\\/\"},{\"@type\":\"ListItem\",\"position\":2,\"name\":\"Produkter\",\"item\":\"https:\\\/\\\/c-profil.se\\\/produkter\\\/\"},{\"@type\":\"ListItem\",\"position\":3,\"name\":\"Kabelgenomf\u00f6ringsplattor &amp; multifl\u00e4nsar\",\"item\":\"https:\\\/\\\/c-profil.se\\\/produkt-kategori\\\/kabelgenomforingsplattor-multiflansar\\\/\"},{\"@type\":\"ListItem\",\"position\":4,\"name\":\"Kabelgenomf\u00f6ringspyramid | KEL-ULTRA flex\"}]},{\"@type\":\"WebSite\",\"@id\":\"https:\\\/\\\/c-profil.se\\\/#website\",\"url\":\"https:\\\/\\\/c-profil.se\\\/\",\"name\":\"C-Pro\",\"description\":\"Produkter f\u00f6r El och Automation\",\"publisher\":{\"@id\":\"https:\\\/\\\/c-profil.se\\\/#organization\"},\"potentialAction\":[{\"@type\":\"SearchAction\",\"target\":{\"@type\":\"EntryPoint\",\"urlTemplate\":\"https:\\\/\\\/c-profil.se\\\/?s={search_term_string}\"},\"query-input\":{\"@type\":\"PropertyValueSpecification\",\"valueRequired\":true,\"valueName\":\"search_term_string\"}}],\"inLanguage\":\"en\"},{\"@type\":\"Organization\",\"@id\":\"https:\\\/\\\/c-profil.se\\\/#organization\",\"name\":\"C-Pro\",\"alternateName\":\"C-PRO\",\"url\":\"https:\\\/\\\/c-profil.se\\\/\",\"logo\":{\"@type\":\"ImageObject\",\"inLanguage\":\"en\",\"@id\":\"https:\\\/\\\/c-profil.se\\\/#\\\/schema\\\/logo\\\/image\\\/\",\"url\":\"https:\\\/\\\/c-profil.se\\\/wp-content\\\/uploads\\\/2022\\\/03\\\/c-pro-logga-liggande-500x500-1.png\",\"contentUrl\":\"https:\\\/\\\/c-profil.se\\\/wp-content\\\/uploads\\\/2022\\\/03\\\/c-pro-logga-liggande-500x500-1.png\",\"width\":500,\"height\":500,\"caption\":\"C-Pro\"},\"image\":{\"@id\":\"https:\\\/\\\/c-profil.se\\\/#\\\/schema\\\/logo\\\/image\\\/\"},\"sameAs\":[\"https:\\\/\\\/www.facebook.com\\\/people\\\/C-Pro\\\/61561767306874\\\/\",\"https:\\\/\\\/www.linkedin.com\\\/company\\\/c-pro-ab\",\"https:\\\/\\\/www.instagram.com\\\/cpro.ab\\\/\"],\"description\":\"C-PRO AB \u00e4r en helt\u00e4ckande leverant\u00f6r av material f\u00f6r applikationer inom el och automation. \u00c4nda sedan starten 1987 har vi f\u00f6rsett den svenska tillverkande industrin med elmaterial. Trots v\u00e5r storlek och ledande position har vi aldrig \u00f6vergett v\u00e5r grundfilosofi, att vara en personlig leverant\u00f6r. Vi p\u00e5 C-PRO \u00e4r l\u00e4tta att komma i kontakt med, \u00e4rliga och brinner f\u00f6r att l\u00f6sa v\u00e5ra kunders problem.\",\"email\":\"info@c-profil.se\",\"telephone\":\"031575785\",\"legalName\":\"C-Profil F\u00f6rl\u00e4ggningsmaterial AB\",\"foundingDate\":\"1987-01-01\"}]}<\/script>\n<meta property=\"product:brand\" content=\"kabelgenomf\u00f6ring\" \/>\n<meta property=\"product:price:currency\" content=\"SEK\" \/>\n<meta property=\"og:availability\" content=\"instock\" \/>\n<meta property=\"product:availability\" content=\"instock\" \/>\n<meta property=\"product:retailer_item_id\" content=\"KEL-ULTRA flex\" \/>\n<meta property=\"product:condition\" content=\"new\" \/>\n<!-- \/ Yoast SEO Premium plugin. -->","yoast_head_json":{"title":"Cable gland pyramid | KEL-ULTRA flex - C-Pro","description":"Cable entry grommet pyramid \/ KEL-ULTRA flex is like a cable outlet for power cable or for a large cable or wire that is difficult to handle.","robots":{"index":"index","follow":"follow","max-snippet":"max-snippet:-1","max-image-preview":"max-image-preview:large","max-video-preview":"max-video-preview:-1"},"canonical":"https:\/\/c-profil.se\/english\/product\/cable-grommet-pyramid-kel-ultra-flex\/","og_locale":"en_US","og_type":"article","og_title":"Kabelgenomf\u00f6ringspyramid | KEL-ULTRA flex - C-Pro","og_description":"Kabelgenomf\u00f6ringspyramid \/ KEL-ULTRA flex \u00e4r utformad som ett kabeluttag f\u00f6r str\u00f6mkabel eller f\u00f6r en stor kabel eller ledning som \u00e4r sv\u00e5r att hantera. KEL-ULTRA flex finns i tv\u00e5 storlekar och \u00e4r idealisk f\u00f6r dirigering och t\u00e4tning av kablar och ledningar med en diameter fr\u00e5n 25 till 115 mm.\u00a0P\u00e5 grund av den h\u00f6ga flexibiliteten hos elastomer pyramiden \u00e4r det l\u00e4ttare att s\u00e4tta i stora tjocka kablar med KEL-ULTRA flex \u00e4n att anv\u00e4nda vanliga kabelf\u00f6rskruvningar.\u00a0Kabelgenomf\u00f6ringspyramid \/ KEL-ULTRA flex monteras snabbt och enkelt med metallringen och skruvarna efter inf\u00f6randet av kabel eller ledning. Denna ring m\u00f6jligg\u00f6r en cirkul\u00e4r fasts\u00e4ttning och t\u00e4tning av hylsan vid h\u00f6ljets v\u00e4gg.    Ringen levereras med varje KEL-ULTRA flex  Kapning av genomf\u00f6ringen: Kabeldiameter mindre 25%  Det rekommenderas att extra dragavlastning ges f\u00f6r kablar som en del av installationen  F\u00f6rdelar:    Det \u00e4r m\u00f6jligt att installera fasta kablar i vinklar  Certifierade skydd typer IP66 (efter EN 60529)","og_url":"https:\/\/c-profil.se\/english\/product\/cable-grommet-pyramid-kel-ultra-flex\/","og_site_name":"C-Pro","article_publisher":"https:\/\/www.facebook.com\/people\/C-Pro\/61561767306874\/","article_modified_time":"2026-04-28T13:47:53+00:00","og_image":[{"width":1000,"height":1000,"url":"https:\/\/c-profil.se\/wp-content\/uploads\/2017\/04\/Kabelgenomforingspyramid-KEL-ULTRA-flex.jpg","type":"image\/jpeg"}],"twitter_card":"summary_large_image","twitter_misc":{"Price":"","Availability":"In stock"},"schema":{"@context":"https:\/\/schema.org","@graph":[{"@type":"WebPage","@id":"https:\/\/c-profil.se\/produkt\/kabelgenomforingspyramid-kel-ultra-flex\/","url":"https:\/\/c-profil.se\/produkt\/kabelgenomforingspyramid-kel-ultra-flex\/","name":"Cable gland pyramid | KEL-ULTRA flex - C-Pro","isPartOf":{"@id":"https:\/\/c-profil.se\/#website"},"primaryImageOfPage":{"@id":"https:\/\/c-profil.se\/produkt\/kabelgenomforingspyramid-kel-ultra-flex\/#primaryimage"},"image":{"@id":"https:\/\/c-profil.se\/produkt\/kabelgenomforingspyramid-kel-ultra-flex\/#primaryimage"},"thumbnailUrl":"https:\/\/c-profil.se\/wp-content\/uploads\/2017\/04\/Kabelgenomforingspyramid-KEL-ULTRA-flex.jpg","datePublished":"2017-04-21T09:30:00+00:00","dateModified":"2026-04-28T13:47:53+00:00","description":"Cable entry grommet pyramid \/ KEL-ULTRA flex is like a cable outlet for power cable or for a large cable or wire that is difficult to handle.","breadcrumb":{"@id":"https:\/\/c-profil.se\/produkt\/kabelgenomforingspyramid-kel-ultra-flex\/#breadcrumb"},"inLanguage":"en","potentialAction":[{"@type":"ReadAction","target":["https:\/\/c-profil.se\/produkt\/kabelgenomforingspyramid-kel-ultra-flex\/"]}]},{"@type":"ImageObject","inLanguage":"en","@id":"https:\/\/c-profil.se\/produkt\/kabelgenomforingspyramid-kel-ultra-flex\/#primaryimage","url":"https:\/\/c-profil.se\/wp-content\/uploads\/2017\/04\/Kabelgenomforingspyramid-KEL-ULTRA-flex.jpg","contentUrl":"https:\/\/c-profil.se\/wp-content\/uploads\/2017\/04\/Kabelgenomforingspyramid-KEL-ULTRA-flex.jpg","width":1000,"height":1000,"caption":"Kabelgenomf\u00f6ringspyramid KEL-ULTRA flex"},{"@type":"BreadcrumbList","@id":"https:\/\/c-profil.se\/produkt\/kabelgenomforingspyramid-kel-ultra-flex\/#breadcrumb","itemListElement":[{"@type":"ListItem","position":1,"name":"Hem","item":"https:\/\/c-profil.se\/"},{"@type":"ListItem","position":2,"name":"Produkter","item":"https:\/\/c-profil.se\/produkter\/"},{"@type":"ListItem","position":3,"name":"Kabelgenomf\u00f6ringsplattor &amp; multifl\u00e4nsar","item":"https:\/\/c-profil.se\/produkt-kategori\/kabelgenomforingsplattor-multiflansar\/"},{"@type":"ListItem","position":4,"name":"Kabelgenomf\u00f6ringspyramid | KEL-ULTRA flex"}]},{"@type":"WebSite","@id":"https:\/\/c-profil.se\/#website","url":"https:\/\/c-profil.se\/","name":"C-Pro","description":"Products for Electricity and Automation","publisher":{"@id":"https:\/\/c-profil.se\/#organization"},"potentialAction":[{"@type":"SearchAction","target":{"@type":"EntryPoint","urlTemplate":"https:\/\/c-profil.se\/?s={search_term_string}"},"query-input":{"@type":"PropertyValueSpecification","valueRequired":true,"valueName":"search_term_string"}}],"inLanguage":"en"},{"@type":"Organization","@id":"https:\/\/c-profil.se\/#organization","name":"C-Pro","alternateName":"C-PRO","url":"https:\/\/c-profil.se\/","logo":{"@type":"ImageObject","inLanguage":"en","@id":"https:\/\/c-profil.se\/#\/schema\/logo\/image\/","url":"https:\/\/c-profil.se\/wp-content\/uploads\/2022\/03\/c-pro-logga-liggande-500x500-1.png","contentUrl":"https:\/\/c-profil.se\/wp-content\/uploads\/2022\/03\/c-pro-logga-liggande-500x500-1.png","width":500,"height":500,"caption":"C-Pro"},"image":{"@id":"https:\/\/c-profil.se\/#\/schema\/logo\/image\/"},"sameAs":["https:\/\/www.facebook.com\/people\/C-Pro\/61561767306874\/","https:\/\/www.linkedin.com\/company\/c-pro-ab","https:\/\/www.instagram.com\/cpro.ab\/"],"description":"C-PRO AB is a comprehensive supplier of materials for applications in electricity and automation. Ever since the start in 1987, we have supplied the Swedish manufacturing industry with electrical materials. Despite our size and leading position, we have never abandoned our basic philosophy, to be a personal supplier. We at C-PRO are easy to get in touch with, honest and passionate about solving our customers&#039; problems.","email":"info@c-profil.se","telephone":"031575785","legalName":"C-Profil F\u00f6rl\u00e4ggningsmaterial AB","foundingDate":"1987-01-01"}]},"product_brand":"kabelgenomf\u00f6ring","product_price_currency":"SEK","og_availability":"instock","product_availability":"instock","product_retailer_item_id":"KEL-ULTRA flex","product_condition":"new"},"_links":{"self":[{"href":"https:\/\/c-profil.se\/english\/wp-json\/wp\/v2\/product\/24477","targetHints":{"allow":["GET"]}}],"collection":[{"href":"https:\/\/c-profil.se\/english\/wp-json\/wp\/v2\/product"}],"about":[{"href":"https:\/\/c-profil.se\/english\/wp-json\/wp\/v2\/types\/product"}],"version-history":[{"count":8,"href":"https:\/\/c-profil.se\/english\/wp-json\/wp\/v2\/product\/24477\/revisions"}],"predecessor-version":[{"id":75244,"href":"https:\/\/c-profil.se\/english\/wp-json\/wp\/v2\/product\/24477\/revisions\/75244"}],"wp:featuredmedia":[{"embeddable":true,"href":"https:\/\/c-profil.se\/english\/wp-json\/wp\/v2\/media\/51250"}],"wp:attachment":[{"href":"https:\/\/c-profil.se\/english\/wp-json\/wp\/v2\/media?parent=24477"}],"wp:term":[{"taxonomy":"product_brand","embeddable":true,"href":"https:\/\/c-profil.se\/english\/wp-json\/wp\/v2\/product_brand?post=24477"},{"taxonomy":"product_cat","embeddable":true,"href":"https:\/\/c-profil.se\/english\/wp-json\/wp\/v2\/product_cat?post=24477"},{"taxonomy":"product_tag","embeddable":true,"href":"https:\/\/c-profil.se\/english\/wp-json\/wp\/v2\/product_tag?post=24477"}],"curies":[{"name":"wp","href":"https:\/\/api.w.org\/{rel}","templated":true}]}}