{"id":24447,"date":"2017-03-31T13:35:00","date_gmt":"2017-03-31T12:35:00","guid":{"rendered":"https:\/\/c-profil.se\/produkt\/kel-dpf\/"},"modified":"2026-04-28T14:34:56","modified_gmt":"2026-04-28T13:34:56","slug":"cable-grommet-pyramid-kel-dpf","status":"publish","type":"product","link":"https:\/\/c-profil.se\/english\/produkt\/kabelgenomforingspyramid-kel-dpf\/","title":{"rendered":"Cable gland pyramid | KEL-DPF"},"content":{"rendered":"<p><strong>KEL-DPF is a flexible cable entry pyramid for large or unknown cable diameters<\/strong>, developed for easy insertion of thick cables into control cabinets and machines.<br \/>\nThe pyramid-shaped design enables quick assembly, high flexibility and secure sealing even when cabling at an angle.<\/p>","protected":false},"excerpt":{"rendered":"<p class=\"ai-optimize-31\">Cable entry grommet pyramid \/ KEL-DPF has been specially developed to route large or unknown sizes of cables into a switch cabinet or machine (max. cable diameter 70 mm). Due to its flexibility and its unique pyramid-shaped design, the use is much easier compared to using conventional cable glands. Also perfect for bundling or holding large cables.<\/p>\n<ul>\n<li class=\"ai-optimize-32\">The corresponding diameters are marked on the grommet<\/li>\n<li class=\"ai-optimize-33\">It is recommended that additional strain relief be provided for cables as part of the installation<\/li>\n<li class=\"ai-optimize-34\">For the installation of new cable entry pyramid \/ KEL-DPF sizes, we can offer suitable keys with the width M75 and M85 for plastic lock nuts<\/li>\n<\/ul>\n<p class=\"ai-optimize-35\"><strong>Advantages:<\/strong><\/p>\n<ul>\n<li class=\"ai-optimize-36\">Quick and tool-free assembly<\/li>\n<li class=\"ai-optimize-37\">It is possible to install fixed cables in angles<\/li>\n<li class=\"ai-optimize-38\">Suitable for metric hole punching<\/li>\n<li class=\"ai-optimize-39\">Lock nuts in Polyamide are included in delivery<\/li>\n<\/ul>","protected":false},"featured_media":51242,"template":"","meta":{"_acf_changed":false},"product_brand":[740],"product_cat":[307],"product_tag":[992,938,990,1005,939],"class_list":{"0":"post-24447","1":"product","2":"type-product","3":"status-publish","4":"has-post-thumbnail","6":"product_brand-icotek","7":"product_cat-kabelgenomforingsplattor-multiflansar","8":"product_tag-kabelgenomforing","9":"product_tag-kabelinforing","10":"product_tag-kapsling","11":"product_tag-platbearbetning","12":"product_tag-tatning","14":"first","15":"instock","16":"shipping-taxable","17":"product-type-simple"},"acf":[],"yoast_head":"<!-- This site is optimized with the Yoast SEO Premium plugin v27.5 (Yoast SEO v27.5) - https:\/\/yoast.com\/product\/yoast-seo-premium-wordpress\/ -->\n<title>Kabelgenomf\u00f6ringspyramid | KEL-DPF - C-Pro<\/title>\n<meta name=\"description\" content=\"Kabelgenomf\u00f6ringspyramid \/ KEL-DPF har utvecklats f\u00f6r att dirigera stora eller ok\u00e4nda storlekar av kablar in i ett kopplingssk\u00e5p eller maskin.\" \/>\n<meta name=\"robots\" content=\"index, follow, max-snippet:-1, max-image-preview:large, max-video-preview:-1\" \/>\n<link rel=\"canonical\" href=\"https:\/\/c-profil.se\/english\/product\/cable-grommet-pyramid-kel-dpf\/\" \/>\n<meta property=\"og:locale\" content=\"en_US\" \/>\n<meta property=\"og:type\" content=\"article\" \/>\n<meta property=\"og:title\" content=\"Kabelgenomf\u00f6ringspyramid | KEL-DPF - C-Pro\" \/>\n<meta property=\"og:description\" content=\"Kabelgenomf\u00f6ringspyramid \/ KEL-DPF har utvecklats s\u00e4rskilt f\u00f6r att dirigera stora eller ok\u00e4nda storlekar av kablar in i ett kopplingssk\u00e5p eller maskin (max. Kabeldiameter 70 mm). P\u00e5 grund av sin flexibilitet och sin unika pyramidformade utformning \u00e4r anv\u00e4ndandet mycket l\u00e4ttare j\u00e4mf\u00f6rt med att anv\u00e4nda konventionella kabelgenomf\u00f6ringar. \u00c4ven perfekt f\u00f6r buntning eller f\u00f6r att h\u00e5lla fast stora kablar.    De motsvarande diametrarna \u00e4r markerade p\u00e5 genomf\u00f6ringen  Det rekommenderas att ytterligare dragavlastning anordnas f\u00f6r kablar som en del av installationen  F\u00f6r montering av nya Kabelgenomf\u00f6ringspyramid \/ KEL-DPF storlekar kan vi erbjuda l\u00e4mpliga nycklar med bredden M75 och M85 f\u00f6r l\u00e5smuttrar i plast  F\u00f6rdelar:    Snabb och verktygsl\u00f6s montering  Det \u00e4r m\u00f6jligt att installera fasta kablar i vinklar  L\u00e4mplig f\u00f6r metrisk h\u00e5ltagning  L\u00e5smuttrar i Polyamid\u00a0ing\u00e5r vid leverans\" \/>\n<meta property=\"og:url\" content=\"https:\/\/c-profil.se\/english\/product\/cable-grommet-pyramid-kel-dpf\/\" \/>\n<meta property=\"og:site_name\" content=\"C-Pro\" \/>\n<meta property=\"article:publisher\" content=\"https:\/\/www.facebook.com\/people\/C-Pro\/61561767306874\/\" \/>\n<meta property=\"article:modified_time\" content=\"2026-04-28T13:34:56+00:00\" \/>\n<meta property=\"og:image\" content=\"https:\/\/c-profil.se\/wp-content\/uploads\/2017\/03\/Kabelgenomforingspyramid-KEL-DPF.jpg\" \/>\n\t<meta property=\"og:image:width\" content=\"1000\" \/>\n\t<meta property=\"og:image:height\" content=\"1000\" \/>\n\t<meta property=\"og:image:type\" content=\"image\/jpeg\" \/>\n<meta name=\"twitter:card\" content=\"summary_large_image\" \/>\n<meta name=\"twitter:label1\" content=\"Price\" \/>\n\t<meta name=\"twitter:data1\" content=\"\" \/>\n\t<meta name=\"twitter:label2\" content=\"Availability\" \/>\n\t<meta name=\"twitter:data2\" content=\"In stock\" \/>\n<script type=\"application\/ld+json\" class=\"yoast-schema-graph\">{\"@context\":\"https:\\\/\\\/schema.org\",\"@graph\":[{\"@type\":\"WebPage\",\"@id\":\"https:\\\/\\\/c-profil.se\\\/produkt\\\/kabelgenomforingspyramid-kel-dpf\\\/\",\"url\":\"https:\\\/\\\/c-profil.se\\\/produkt\\\/kabelgenomforingspyramid-kel-dpf\\\/\",\"name\":\"Kabelgenomf\u00f6ringspyramid | KEL-DPF - C-Pro\",\"isPartOf\":{\"@id\":\"https:\\\/\\\/c-profil.se\\\/#website\"},\"primaryImageOfPage\":{\"@id\":\"https:\\\/\\\/c-profil.se\\\/produkt\\\/kabelgenomforingspyramid-kel-dpf\\\/#primaryimage\"},\"image\":{\"@id\":\"https:\\\/\\\/c-profil.se\\\/produkt\\\/kabelgenomforingspyramid-kel-dpf\\\/#primaryimage\"},\"thumbnailUrl\":\"https:\\\/\\\/c-profil.se\\\/wp-content\\\/uploads\\\/2017\\\/03\\\/Kabelgenomforingspyramid-KEL-DPF.jpg\",\"datePublished\":\"2017-03-31T12:35:00+00:00\",\"dateModified\":\"2026-04-28T13:34:56+00:00\",\"description\":\"Kabelgenomf\u00f6ringspyramid \\\/ KEL-DPF har utvecklats f\u00f6r att dirigera stora eller ok\u00e4nda storlekar av kablar in i ett kopplingssk\u00e5p eller maskin.\",\"breadcrumb\":{\"@id\":\"https:\\\/\\\/c-profil.se\\\/produkt\\\/kabelgenomforingspyramid-kel-dpf\\\/#breadcrumb\"},\"inLanguage\":\"en\",\"potentialAction\":[{\"@type\":\"ReadAction\",\"target\":[\"https:\\\/\\\/c-profil.se\\\/produkt\\\/kabelgenomforingspyramid-kel-dpf\\\/\"]}]},{\"@type\":\"ImageObject\",\"inLanguage\":\"en\",\"@id\":\"https:\\\/\\\/c-profil.se\\\/produkt\\\/kabelgenomforingspyramid-kel-dpf\\\/#primaryimage\",\"url\":\"https:\\\/\\\/c-profil.se\\\/wp-content\\\/uploads\\\/2017\\\/03\\\/Kabelgenomforingspyramid-KEL-DPF.jpg\",\"contentUrl\":\"https:\\\/\\\/c-profil.se\\\/wp-content\\\/uploads\\\/2017\\\/03\\\/Kabelgenomforingspyramid-KEL-DPF.jpg\",\"width\":1000,\"height\":1000,\"caption\":\"Kabelgenomf\u00f6ringspyramid\"},{\"@type\":\"BreadcrumbList\",\"@id\":\"https:\\\/\\\/c-profil.se\\\/produkt\\\/kabelgenomforingspyramid-kel-dpf\\\/#breadcrumb\",\"itemListElement\":[{\"@type\":\"ListItem\",\"position\":1,\"name\":\"Hem\",\"item\":\"https:\\\/\\\/c-profil.se\\\/\"},{\"@type\":\"ListItem\",\"position\":2,\"name\":\"Produkter\",\"item\":\"https:\\\/\\\/c-profil.se\\\/produkter\\\/\"},{\"@type\":\"ListItem\",\"position\":3,\"name\":\"Kabelgenomf\u00f6ringsplattor &amp; multifl\u00e4nsar\",\"item\":\"https:\\\/\\\/c-profil.se\\\/produkt-kategori\\\/kabelgenomforingsplattor-multiflansar\\\/\"},{\"@type\":\"ListItem\",\"position\":4,\"name\":\"Kabelgenomf\u00f6ringspyramid | KEL-DPF\"}]},{\"@type\":\"WebSite\",\"@id\":\"https:\\\/\\\/c-profil.se\\\/#website\",\"url\":\"https:\\\/\\\/c-profil.se\\\/\",\"name\":\"C-Pro\",\"description\":\"Produkter f\u00f6r El och Automation\",\"publisher\":{\"@id\":\"https:\\\/\\\/c-profil.se\\\/#organization\"},\"potentialAction\":[{\"@type\":\"SearchAction\",\"target\":{\"@type\":\"EntryPoint\",\"urlTemplate\":\"https:\\\/\\\/c-profil.se\\\/?s={search_term_string}\"},\"query-input\":{\"@type\":\"PropertyValueSpecification\",\"valueRequired\":true,\"valueName\":\"search_term_string\"}}],\"inLanguage\":\"en\"},{\"@type\":\"Organization\",\"@id\":\"https:\\\/\\\/c-profil.se\\\/#organization\",\"name\":\"C-Pro\",\"alternateName\":\"C-PRO\",\"url\":\"https:\\\/\\\/c-profil.se\\\/\",\"logo\":{\"@type\":\"ImageObject\",\"inLanguage\":\"en\",\"@id\":\"https:\\\/\\\/c-profil.se\\\/#\\\/schema\\\/logo\\\/image\\\/\",\"url\":\"https:\\\/\\\/c-profil.se\\\/wp-content\\\/uploads\\\/2022\\\/03\\\/c-pro-logga-liggande-500x500-1.png\",\"contentUrl\":\"https:\\\/\\\/c-profil.se\\\/wp-content\\\/uploads\\\/2022\\\/03\\\/c-pro-logga-liggande-500x500-1.png\",\"width\":500,\"height\":500,\"caption\":\"C-Pro\"},\"image\":{\"@id\":\"https:\\\/\\\/c-profil.se\\\/#\\\/schema\\\/logo\\\/image\\\/\"},\"sameAs\":[\"https:\\\/\\\/www.facebook.com\\\/people\\\/C-Pro\\\/61561767306874\\\/\",\"https:\\\/\\\/www.linkedin.com\\\/company\\\/c-pro-ab\",\"https:\\\/\\\/www.instagram.com\\\/cpro.ab\\\/\"],\"description\":\"C-PRO AB \u00e4r en helt\u00e4ckande leverant\u00f6r av material f\u00f6r applikationer inom el och automation. \u00c4nda sedan starten 1987 har vi f\u00f6rsett den svenska tillverkande industrin med elmaterial. Trots v\u00e5r storlek och ledande position har vi aldrig \u00f6vergett v\u00e5r grundfilosofi, att vara en personlig leverant\u00f6r. Vi p\u00e5 C-PRO \u00e4r l\u00e4tta att komma i kontakt med, \u00e4rliga och brinner f\u00f6r att l\u00f6sa v\u00e5ra kunders problem.\",\"email\":\"info@c-profil.se\",\"telephone\":\"031575785\",\"legalName\":\"C-Profil F\u00f6rl\u00e4ggningsmaterial AB\",\"foundingDate\":\"1987-01-01\"}]}<\/script>\n<meta property=\"product:brand\" content=\"kabelgenomf\u00f6ring\" \/>\n<meta property=\"product:price:currency\" content=\"SEK\" \/>\n<meta property=\"og:availability\" content=\"instock\" \/>\n<meta property=\"product:availability\" content=\"instock\" \/>\n<meta property=\"product:retailer_item_id\" content=\"KEL-DPF\" \/>\n<meta property=\"product:condition\" content=\"new\" \/>\n<!-- \/ Yoast SEO Premium plugin. -->","yoast_head_json":{"title":"Cable gland pyramid | KEL-DPF - C-Pro","description":"Cable entry grommet pyramid \/ KEL-DPFhas been developed to route large or unknown sizes of cables into a switch cabinet or machine.","robots":{"index":"index","follow":"follow","max-snippet":"max-snippet:-1","max-image-preview":"max-image-preview:large","max-video-preview":"max-video-preview:-1"},"canonical":"https:\/\/c-profil.se\/english\/product\/cable-grommet-pyramid-kel-dpf\/","og_locale":"en_US","og_type":"article","og_title":"Kabelgenomf\u00f6ringspyramid | KEL-DPF - C-Pro","og_description":"Kabelgenomf\u00f6ringspyramid \/ KEL-DPF har utvecklats s\u00e4rskilt f\u00f6r att dirigera stora eller ok\u00e4nda storlekar av kablar in i ett kopplingssk\u00e5p eller maskin (max. Kabeldiameter 70 mm). P\u00e5 grund av sin flexibilitet och sin unika pyramidformade utformning \u00e4r anv\u00e4ndandet mycket l\u00e4ttare j\u00e4mf\u00f6rt med att anv\u00e4nda konventionella kabelgenomf\u00f6ringar. \u00c4ven perfekt f\u00f6r buntning eller f\u00f6r att h\u00e5lla fast stora kablar.    De motsvarande diametrarna \u00e4r markerade p\u00e5 genomf\u00f6ringen  Det rekommenderas att ytterligare dragavlastning anordnas f\u00f6r kablar som en del av installationen  F\u00f6r montering av nya Kabelgenomf\u00f6ringspyramid \/ KEL-DPF storlekar kan vi erbjuda l\u00e4mpliga nycklar med bredden M75 och M85 f\u00f6r l\u00e5smuttrar i plast  F\u00f6rdelar:    Snabb och verktygsl\u00f6s montering  Det \u00e4r m\u00f6jligt att installera fasta kablar i vinklar  L\u00e4mplig f\u00f6r metrisk h\u00e5ltagning  L\u00e5smuttrar i Polyamid\u00a0ing\u00e5r vid leverans","og_url":"https:\/\/c-profil.se\/english\/product\/cable-grommet-pyramid-kel-dpf\/","og_site_name":"C-Pro","article_publisher":"https:\/\/www.facebook.com\/people\/C-Pro\/61561767306874\/","article_modified_time":"2026-04-28T13:34:56+00:00","og_image":[{"width":1000,"height":1000,"url":"https:\/\/c-profil.se\/wp-content\/uploads\/2017\/03\/Kabelgenomforingspyramid-KEL-DPF.jpg","type":"image\/jpeg"}],"twitter_card":"summary_large_image","twitter_misc":{"Price":"","Availability":"In stock"},"schema":{"@context":"https:\/\/schema.org","@graph":[{"@type":"WebPage","@id":"https:\/\/c-profil.se\/produkt\/kabelgenomforingspyramid-kel-dpf\/","url":"https:\/\/c-profil.se\/produkt\/kabelgenomforingspyramid-kel-dpf\/","name":"Cable gland pyramid | KEL-DPF - C-Pro","isPartOf":{"@id":"https:\/\/c-profil.se\/#website"},"primaryImageOfPage":{"@id":"https:\/\/c-profil.se\/produkt\/kabelgenomforingspyramid-kel-dpf\/#primaryimage"},"image":{"@id":"https:\/\/c-profil.se\/produkt\/kabelgenomforingspyramid-kel-dpf\/#primaryimage"},"thumbnailUrl":"https:\/\/c-profil.se\/wp-content\/uploads\/2017\/03\/Kabelgenomforingspyramid-KEL-DPF.jpg","datePublished":"2017-03-31T12:35:00+00:00","dateModified":"2026-04-28T13:34:56+00:00","description":"Cable entry grommet pyramid \/ KEL-DPFhas been developed to route large or unknown sizes of cables into a switch cabinet or machine.","breadcrumb":{"@id":"https:\/\/c-profil.se\/produkt\/kabelgenomforingspyramid-kel-dpf\/#breadcrumb"},"inLanguage":"en","potentialAction":[{"@type":"ReadAction","target":["https:\/\/c-profil.se\/produkt\/kabelgenomforingspyramid-kel-dpf\/"]}]},{"@type":"ImageObject","inLanguage":"en","@id":"https:\/\/c-profil.se\/produkt\/kabelgenomforingspyramid-kel-dpf\/#primaryimage","url":"https:\/\/c-profil.se\/wp-content\/uploads\/2017\/03\/Kabelgenomforingspyramid-KEL-DPF.jpg","contentUrl":"https:\/\/c-profil.se\/wp-content\/uploads\/2017\/03\/Kabelgenomforingspyramid-KEL-DPF.jpg","width":1000,"height":1000,"caption":"Kabelgenomf\u00f6ringspyramid"},{"@type":"BreadcrumbList","@id":"https:\/\/c-profil.se\/produkt\/kabelgenomforingspyramid-kel-dpf\/#breadcrumb","itemListElement":[{"@type":"ListItem","position":1,"name":"Hem","item":"https:\/\/c-profil.se\/"},{"@type":"ListItem","position":2,"name":"Produkter","item":"https:\/\/c-profil.se\/produkter\/"},{"@type":"ListItem","position":3,"name":"Kabelgenomf\u00f6ringsplattor &amp; multifl\u00e4nsar","item":"https:\/\/c-profil.se\/produkt-kategori\/kabelgenomforingsplattor-multiflansar\/"},{"@type":"ListItem","position":4,"name":"Kabelgenomf\u00f6ringspyramid | KEL-DPF"}]},{"@type":"WebSite","@id":"https:\/\/c-profil.se\/#website","url":"https:\/\/c-profil.se\/","name":"C-Pro","description":"Products for Electricity and Automation","publisher":{"@id":"https:\/\/c-profil.se\/#organization"},"potentialAction":[{"@type":"SearchAction","target":{"@type":"EntryPoint","urlTemplate":"https:\/\/c-profil.se\/?s={search_term_string}"},"query-input":{"@type":"PropertyValueSpecification","valueRequired":true,"valueName":"search_term_string"}}],"inLanguage":"en"},{"@type":"Organization","@id":"https:\/\/c-profil.se\/#organization","name":"C-Pro","alternateName":"C-PRO","url":"https:\/\/c-profil.se\/","logo":{"@type":"ImageObject","inLanguage":"en","@id":"https:\/\/c-profil.se\/#\/schema\/logo\/image\/","url":"https:\/\/c-profil.se\/wp-content\/uploads\/2022\/03\/c-pro-logga-liggande-500x500-1.png","contentUrl":"https:\/\/c-profil.se\/wp-content\/uploads\/2022\/03\/c-pro-logga-liggande-500x500-1.png","width":500,"height":500,"caption":"C-Pro"},"image":{"@id":"https:\/\/c-profil.se\/#\/schema\/logo\/image\/"},"sameAs":["https:\/\/www.facebook.com\/people\/C-Pro\/61561767306874\/","https:\/\/www.linkedin.com\/company\/c-pro-ab","https:\/\/www.instagram.com\/cpro.ab\/"],"description":"C-PRO AB is a comprehensive supplier of materials for applications in electricity and automation. Ever since the start in 1987, we have supplied the Swedish manufacturing industry with electrical materials. Despite our size and leading position, we have never abandoned our basic philosophy, to be a personal supplier. We at C-PRO are easy to get in touch with, honest and passionate about solving our customers&#039; problems.","email":"info@c-profil.se","telephone":"031575785","legalName":"C-Profil F\u00f6rl\u00e4ggningsmaterial AB","foundingDate":"1987-01-01"}]},"product_brand":"kabelgenomf\u00f6ring","product_price_currency":"SEK","og_availability":"instock","product_availability":"instock","product_retailer_item_id":"KEL-DPF","product_condition":"new"},"_links":{"self":[{"href":"https:\/\/c-profil.se\/english\/wp-json\/wp\/v2\/product\/24447","targetHints":{"allow":["GET"]}}],"collection":[{"href":"https:\/\/c-profil.se\/english\/wp-json\/wp\/v2\/product"}],"about":[{"href":"https:\/\/c-profil.se\/english\/wp-json\/wp\/v2\/types\/product"}],"version-history":[{"count":9,"href":"https:\/\/c-profil.se\/english\/wp-json\/wp\/v2\/product\/24447\/revisions"}],"predecessor-version":[{"id":75242,"href":"https:\/\/c-profil.se\/english\/wp-json\/wp\/v2\/product\/24447\/revisions\/75242"}],"wp:featuredmedia":[{"embeddable":true,"href":"https:\/\/c-profil.se\/english\/wp-json\/wp\/v2\/media\/51242"}],"wp:attachment":[{"href":"https:\/\/c-profil.se\/english\/wp-json\/wp\/v2\/media?parent=24447"}],"wp:term":[{"taxonomy":"product_brand","embeddable":true,"href":"https:\/\/c-profil.se\/english\/wp-json\/wp\/v2\/product_brand?post=24447"},{"taxonomy":"product_cat","embeddable":true,"href":"https:\/\/c-profil.se\/english\/wp-json\/wp\/v2\/product_cat?post=24447"},{"taxonomy":"product_tag","embeddable":true,"href":"https:\/\/c-profil.se\/english\/wp-json\/wp\/v2\/product_tag?post=24447"}],"curies":[{"name":"wp","href":"https:\/\/api.w.org\/{rel}","templated":true}]}}