{"id":24335,"date":"2017-01-10T13:40:00","date_gmt":"2017-01-10T12:40:00","guid":{"rendered":"https:\/\/c-profil.se\/produkt\/galvadets-k6f\/"},"modified":"2026-03-18T14:56:11","modified_gmt":"2026-03-18T13:56:11","slug":"din-rail-k6f","status":"publish","type":"product","link":"https:\/\/c-profil.se\/english\/produkt\/din-profil-k6f\/","title":{"rendered":"DIN Profile | TS"},"content":{"rendered":"<p><strong>DIN-Profil \/ TS-K6F are galvanized DIN rails for mounting in control cabinets, control panels and junction boxes.<\/strong>.<br \/>\nThey are available in several designs with different hole patterns and can be cut or adapted to specific installation requirements.<\/p>","protected":false},"excerpt":{"rendered":"<p>DIN Rail \/ TS-K6F is galvanized and is available in a variety of dimensions and designs for e.g. control cabinets and junction boxes.<\/p>\n<ul>\n<li>Can be obtained with the hole image:\n<ul>\n<li>4.2 x 1 2.2 mm<\/li>\n<li>5.2 x 18 mm, cc25<\/li>\n<li>5.2 x 25 mm, cc36<\/li>\n<li>6.3 x 18 mm, cc25<\/li>\n<li>6.3 x 25 mm, cc25<\/li>\n<\/ul>\n<\/li>\n<\/ul>\n<p><strong>We also perform cuts and adjustments of DIN rails according to your wishes.<\/strong><\/p>","protected":false},"featured_media":51538,"template":"","meta":{"_acf_changed":false},"product_brand":[745],"product_cat":[201],"product_tag":[940,959,968,982],"class_list":{"0":"post-24335","1":"product","2":"type-product","3":"status-publish","4":"has-post-thumbnail","6":"product_brand-profilati","7":"product_cat-din-profiler","8":"product_tag-apparatskap","9":"product_tag-din-skena","10":"product_tag-montage","11":"product_tag-panelmontage","13":"first","14":"instock","15":"shipping-taxable","16":"product-type-simple"},"acf":[],"yoast_head":"<!-- This site is optimized with the Yoast SEO Premium plugin v27.4 (Yoast SEO v27.4) - https:\/\/yoast.com\/product\/yoast-seo-premium-wordpress\/ -->\n<title>DIN-Profil \/ K6F - C-Pro<\/title>\n<meta name=\"description\" content=\"DIN-Profil \/ TS-K6F \u00e4r galvaniserade och finns i en m\u00e4ngd olika dimensioner och utf\u00f6randen f\u00f6r t.ex. apparatsk\u00e5p, och kopplingsl\u00e5dor.\" \/>\n<meta name=\"robots\" content=\"index, follow, max-snippet:-1, max-image-preview:large, max-video-preview:-1\" \/>\n<link rel=\"canonical\" href=\"https:\/\/c-profil.se\/english\/product\/din-rail-k6f\/\" \/>\n<meta property=\"og:locale\" content=\"en_US\" \/>\n<meta property=\"og:type\" content=\"article\" \/>\n<meta property=\"og:title\" content=\"DIN-Profil | TS - C-Pro\" \/>\n<meta property=\"og:description\" content=\"DIN-Profil \/ TS-K6F \u00e4r galvaniserade och finns i en m\u00e4ngd olika dimensioner och utf\u00f6randen f\u00f6r t.ex. apparatsk\u00e5p, centraler och kopplingsl\u00e5dor.   G\u00e5r att f\u00e5 med h\u00e5lbilden:   4,2 x 1 2,2 mm  5,2 x 18 mm, cc25  5,2 x 25 mm, cc36  6,3 x 18 mm, cc25  6,3 x 25 mm, cc25    Vi utf\u00f6r \u00e4ven kapningar och anpassningar av DIN-profiler efter era \u00f6nskem\u00e5l.\" \/>\n<meta property=\"og:url\" content=\"https:\/\/c-profil.se\/english\/product\/din-rail-k6f\/\" \/>\n<meta property=\"og:site_name\" content=\"C-Pro\" \/>\n<meta property=\"article:publisher\" content=\"https:\/\/www.facebook.com\/people\/C-Pro\/61561767306874\/\" \/>\n<meta property=\"article:modified_time\" content=\"2026-03-18T13:56:11+00:00\" \/>\n<meta property=\"og:image\" content=\"https:\/\/c-profil.se\/wp-content\/uploads\/2017\/01\/DIN-Profil-K6F.jpg\" \/>\n\t<meta property=\"og:image:width\" content=\"1000\" \/>\n\t<meta property=\"og:image:height\" content=\"1000\" \/>\n\t<meta property=\"og:image:type\" content=\"image\/jpeg\" \/>\n<meta name=\"twitter:card\" content=\"summary_large_image\" \/>\n<meta name=\"twitter:label1\" content=\"Price\" \/>\n\t<meta name=\"twitter:data1\" content=\"\" \/>\n\t<meta name=\"twitter:label2\" content=\"Availability\" \/>\n\t<meta name=\"twitter:data2\" content=\"In stock\" \/>\n<script type=\"application\/ld+json\" class=\"yoast-schema-graph\">{\"@context\":\"https:\\\/\\\/schema.org\",\"@graph\":[{\"@type\":\"WebPage\",\"@id\":\"https:\\\/\\\/c-profil.se\\\/produkt\\\/din-profil-k6f\\\/\",\"url\":\"https:\\\/\\\/c-profil.se\\\/produkt\\\/din-profil-k6f\\\/\",\"name\":\"DIN-Profil \\\/ K6F - C-Pro\",\"isPartOf\":{\"@id\":\"https:\\\/\\\/c-profil.se\\\/#website\"},\"primaryImageOfPage\":{\"@id\":\"https:\\\/\\\/c-profil.se\\\/produkt\\\/din-profil-k6f\\\/#primaryimage\"},\"image\":{\"@id\":\"https:\\\/\\\/c-profil.se\\\/produkt\\\/din-profil-k6f\\\/#primaryimage\"},\"thumbnailUrl\":\"https:\\\/\\\/c-profil.se\\\/wp-content\\\/uploads\\\/2017\\\/01\\\/DIN-Profil-K6F.jpg\",\"datePublished\":\"2017-01-10T12:40:00+00:00\",\"dateModified\":\"2026-03-18T13:56:11+00:00\",\"description\":\"DIN-Profil \\\/ TS-K6F \u00e4r galvaniserade och finns i en m\u00e4ngd olika dimensioner och utf\u00f6randen f\u00f6r t.ex. apparatsk\u00e5p, och kopplingsl\u00e5dor.\",\"breadcrumb\":{\"@id\":\"https:\\\/\\\/c-profil.se\\\/produkt\\\/din-profil-k6f\\\/#breadcrumb\"},\"inLanguage\":\"en\",\"potentialAction\":[{\"@type\":\"ReadAction\",\"target\":[\"https:\\\/\\\/c-profil.se\\\/produkt\\\/din-profil-k6f\\\/\"]}]},{\"@type\":\"ImageObject\",\"inLanguage\":\"en\",\"@id\":\"https:\\\/\\\/c-profil.se\\\/produkt\\\/din-profil-k6f\\\/#primaryimage\",\"url\":\"https:\\\/\\\/c-profil.se\\\/wp-content\\\/uploads\\\/2017\\\/01\\\/DIN-Profil-K6F.jpg\",\"contentUrl\":\"https:\\\/\\\/c-profil.se\\\/wp-content\\\/uploads\\\/2017\\\/01\\\/DIN-Profil-K6F.jpg\",\"width\":1000,\"height\":1000,\"caption\":\"DIN-Profil K6F\"},{\"@type\":\"BreadcrumbList\",\"@id\":\"https:\\\/\\\/c-profil.se\\\/produkt\\\/din-profil-k6f\\\/#breadcrumb\",\"itemListElement\":[{\"@type\":\"ListItem\",\"position\":1,\"name\":\"Hem\",\"item\":\"https:\\\/\\\/c-profil.se\\\/\"},{\"@type\":\"ListItem\",\"position\":2,\"name\":\"Produkter\",\"item\":\"https:\\\/\\\/c-profil.se\\\/produkter\\\/\"},{\"@type\":\"ListItem\",\"position\":3,\"name\":\"DIN-Profiler\",\"item\":\"https:\\\/\\\/c-profil.se\\\/produkt-kategori\\\/din-profiler\\\/\"},{\"@type\":\"ListItem\",\"position\":4,\"name\":\"DIN-Profil | TS\"}]},{\"@type\":\"WebSite\",\"@id\":\"https:\\\/\\\/c-profil.se\\\/#website\",\"url\":\"https:\\\/\\\/c-profil.se\\\/\",\"name\":\"C-Pro\",\"description\":\"Produkter f\u00f6r El och Automation\",\"publisher\":{\"@id\":\"https:\\\/\\\/c-profil.se\\\/#organization\"},\"potentialAction\":[{\"@type\":\"SearchAction\",\"target\":{\"@type\":\"EntryPoint\",\"urlTemplate\":\"https:\\\/\\\/c-profil.se\\\/?s={search_term_string}\"},\"query-input\":{\"@type\":\"PropertyValueSpecification\",\"valueRequired\":true,\"valueName\":\"search_term_string\"}}],\"inLanguage\":\"en\"},{\"@type\":\"Organization\",\"@id\":\"https:\\\/\\\/c-profil.se\\\/#organization\",\"name\":\"C-Pro\",\"alternateName\":\"C-PRO\",\"url\":\"https:\\\/\\\/c-profil.se\\\/\",\"logo\":{\"@type\":\"ImageObject\",\"inLanguage\":\"en\",\"@id\":\"https:\\\/\\\/c-profil.se\\\/#\\\/schema\\\/logo\\\/image\\\/\",\"url\":\"https:\\\/\\\/c-profil.se\\\/wp-content\\\/uploads\\\/2022\\\/03\\\/c-pro-logga-liggande-500x500-1.png\",\"contentUrl\":\"https:\\\/\\\/c-profil.se\\\/wp-content\\\/uploads\\\/2022\\\/03\\\/c-pro-logga-liggande-500x500-1.png\",\"width\":500,\"height\":500,\"caption\":\"C-Pro\"},\"image\":{\"@id\":\"https:\\\/\\\/c-profil.se\\\/#\\\/schema\\\/logo\\\/image\\\/\"},\"sameAs\":[\"https:\\\/\\\/www.facebook.com\\\/people\\\/C-Pro\\\/61561767306874\\\/\",\"https:\\\/\\\/www.linkedin.com\\\/company\\\/c-pro-ab\",\"https:\\\/\\\/www.instagram.com\\\/cpro.ab\\\/\"],\"description\":\"C-PRO AB \u00e4r en helt\u00e4ckande leverant\u00f6r av material f\u00f6r applikationer inom el och automation. \u00c4nda sedan starten 1987 har vi f\u00f6rsett den svenska tillverkande industrin med elmaterial. Trots v\u00e5r storlek och ledande position har vi aldrig \u00f6vergett v\u00e5r grundfilosofi, att vara en personlig leverant\u00f6r. Vi p\u00e5 C-PRO \u00e4r l\u00e4tta att komma i kontakt med, \u00e4rliga och brinner f\u00f6r att l\u00f6sa v\u00e5ra kunders problem.\",\"email\":\"info@c-profil.se\",\"telephone\":\"031575785\",\"legalName\":\"C-Profil F\u00f6rl\u00e4ggningsmaterial AB\",\"foundingDate\":\"1987-01-01\"}]}<\/script>\n<meta property=\"product:brand\" content=\"apparatsk\u00e5p\" \/>\n<meta property=\"product:price:currency\" content=\"SEK\" \/>\n<meta property=\"og:availability\" content=\"instock\" \/>\n<meta property=\"product:availability\" content=\"instock\" \/>\n<meta property=\"product:retailer_item_id\" content=\"TS\" \/>\n<meta property=\"product:condition\" content=\"new\" \/>\n<!-- \/ Yoast SEO Premium plugin. -->","yoast_head_json":{"title":"DIN Rail \/ K6F - C-Pro","description":"DIN Rail \/ TS-SZ is Sendzimir galvanized and is available in a variety of dimensions and designs for e.g. control cabinets and junction boxes.","robots":{"index":"index","follow":"follow","max-snippet":"max-snippet:-1","max-image-preview":"max-image-preview:large","max-video-preview":"max-video-preview:-1"},"canonical":"https:\/\/c-profil.se\/english\/product\/din-rail-k6f\/","og_locale":"en_US","og_type":"article","og_title":"DIN-Profil | TS - C-Pro","og_description":"DIN-Profil \/ TS-K6F \u00e4r galvaniserade och finns i en m\u00e4ngd olika dimensioner och utf\u00f6randen f\u00f6r t.ex. apparatsk\u00e5p, centraler och kopplingsl\u00e5dor.   G\u00e5r att f\u00e5 med h\u00e5lbilden:   4,2 x 1 2,2 mm  5,2 x 18 mm, cc25  5,2 x 25 mm, cc36  6,3 x 18 mm, cc25  6,3 x 25 mm, cc25    Vi utf\u00f6r \u00e4ven kapningar och anpassningar av DIN-profiler efter era \u00f6nskem\u00e5l.","og_url":"https:\/\/c-profil.se\/english\/product\/din-rail-k6f\/","og_site_name":"C-Pro","article_publisher":"https:\/\/www.facebook.com\/people\/C-Pro\/61561767306874\/","article_modified_time":"2026-03-18T13:56:11+00:00","og_image":[{"width":1000,"height":1000,"url":"https:\/\/c-profil.se\/wp-content\/uploads\/2017\/01\/DIN-Profil-K6F.jpg","type":"image\/jpeg"}],"twitter_card":"summary_large_image","twitter_misc":{"Price":"","Availability":"In stock"},"schema":{"@context":"https:\/\/schema.org","@graph":[{"@type":"WebPage","@id":"https:\/\/c-profil.se\/produkt\/din-profil-k6f\/","url":"https:\/\/c-profil.se\/produkt\/din-profil-k6f\/","name":"DIN Rail \/ K6F - C-Pro","isPartOf":{"@id":"https:\/\/c-profil.se\/#website"},"primaryImageOfPage":{"@id":"https:\/\/c-profil.se\/produkt\/din-profil-k6f\/#primaryimage"},"image":{"@id":"https:\/\/c-profil.se\/produkt\/din-profil-k6f\/#primaryimage"},"thumbnailUrl":"https:\/\/c-profil.se\/wp-content\/uploads\/2017\/01\/DIN-Profil-K6F.jpg","datePublished":"2017-01-10T12:40:00+00:00","dateModified":"2026-03-18T13:56:11+00:00","description":"DIN Rail \/ TS-SZ is Sendzimir galvanized and is available in a variety of dimensions and designs for e.g. control cabinets and junction boxes.","breadcrumb":{"@id":"https:\/\/c-profil.se\/produkt\/din-profil-k6f\/#breadcrumb"},"inLanguage":"en","potentialAction":[{"@type":"ReadAction","target":["https:\/\/c-profil.se\/produkt\/din-profil-k6f\/"]}]},{"@type":"ImageObject","inLanguage":"en","@id":"https:\/\/c-profil.se\/produkt\/din-profil-k6f\/#primaryimage","url":"https:\/\/c-profil.se\/wp-content\/uploads\/2017\/01\/DIN-Profil-K6F.jpg","contentUrl":"https:\/\/c-profil.se\/wp-content\/uploads\/2017\/01\/DIN-Profil-K6F.jpg","width":1000,"height":1000,"caption":"DIN-Profil K6F"},{"@type":"BreadcrumbList","@id":"https:\/\/c-profil.se\/produkt\/din-profil-k6f\/#breadcrumb","itemListElement":[{"@type":"ListItem","position":1,"name":"Hem","item":"https:\/\/c-profil.se\/"},{"@type":"ListItem","position":2,"name":"Produkter","item":"https:\/\/c-profil.se\/produkter\/"},{"@type":"ListItem","position":3,"name":"DIN-Profiler","item":"https:\/\/c-profil.se\/produkt-kategori\/din-profiler\/"},{"@type":"ListItem","position":4,"name":"DIN-Profil | TS"}]},{"@type":"WebSite","@id":"https:\/\/c-profil.se\/#website","url":"https:\/\/c-profil.se\/","name":"C-Pro","description":"Products for Electricity and Automation","publisher":{"@id":"https:\/\/c-profil.se\/#organization"},"potentialAction":[{"@type":"SearchAction","target":{"@type":"EntryPoint","urlTemplate":"https:\/\/c-profil.se\/?s={search_term_string}"},"query-input":{"@type":"PropertyValueSpecification","valueRequired":true,"valueName":"search_term_string"}}],"inLanguage":"en"},{"@type":"Organization","@id":"https:\/\/c-profil.se\/#organization","name":"C-Pro","alternateName":"C-PRO","url":"https:\/\/c-profil.se\/","logo":{"@type":"ImageObject","inLanguage":"en","@id":"https:\/\/c-profil.se\/#\/schema\/logo\/image\/","url":"https:\/\/c-profil.se\/wp-content\/uploads\/2022\/03\/c-pro-logga-liggande-500x500-1.png","contentUrl":"https:\/\/c-profil.se\/wp-content\/uploads\/2022\/03\/c-pro-logga-liggande-500x500-1.png","width":500,"height":500,"caption":"C-Pro"},"image":{"@id":"https:\/\/c-profil.se\/#\/schema\/logo\/image\/"},"sameAs":["https:\/\/www.facebook.com\/people\/C-Pro\/61561767306874\/","https:\/\/www.linkedin.com\/company\/c-pro-ab","https:\/\/www.instagram.com\/cpro.ab\/"],"description":"C-PRO AB is a comprehensive supplier of materials for applications in electricity and automation. Ever since the start in 1987, we have supplied the Swedish manufacturing industry with electrical materials. Despite our size and leading position, we have never abandoned our basic philosophy, to be a personal supplier. We at C-PRO are easy to get in touch with, honest and passionate about solving our customers&#039; problems.","email":"info@c-profil.se","telephone":"031575785","legalName":"C-Profil F\u00f6rl\u00e4ggningsmaterial AB","foundingDate":"1987-01-01"}]},"product_brand":"apparatsk\u00e5p","product_price_currency":"SEK","og_availability":"instock","product_availability":"instock","product_retailer_item_id":"TS","product_condition":"new"},"_links":{"self":[{"href":"https:\/\/c-profil.se\/english\/wp-json\/wp\/v2\/product\/24335","targetHints":{"allow":["GET"]}}],"collection":[{"href":"https:\/\/c-profil.se\/english\/wp-json\/wp\/v2\/product"}],"about":[{"href":"https:\/\/c-profil.se\/english\/wp-json\/wp\/v2\/types\/product"}],"version-history":[{"count":12,"href":"https:\/\/c-profil.se\/english\/wp-json\/wp\/v2\/product\/24335\/revisions"}],"predecessor-version":[{"id":74410,"href":"https:\/\/c-profil.se\/english\/wp-json\/wp\/v2\/product\/24335\/revisions\/74410"}],"wp:featuredmedia":[{"embeddable":true,"href":"https:\/\/c-profil.se\/english\/wp-json\/wp\/v2\/media\/51538"}],"wp:attachment":[{"href":"https:\/\/c-profil.se\/english\/wp-json\/wp\/v2\/media?parent=24335"}],"wp:term":[{"taxonomy":"product_brand","embeddable":true,"href":"https:\/\/c-profil.se\/english\/wp-json\/wp\/v2\/product_brand?post=24335"},{"taxonomy":"product_cat","embeddable":true,"href":"https:\/\/c-profil.se\/english\/wp-json\/wp\/v2\/product_cat?post=24335"},{"taxonomy":"product_tag","embeddable":true,"href":"https:\/\/c-profil.se\/english\/wp-json\/wp\/v2\/product_tag?post=24335"}],"curies":[{"name":"wp","href":"https:\/\/api.w.org\/{rel}","templated":true}]}}