{"id":24329,"date":"2017-01-10T12:13:00","date_gmt":"2017-01-10T11:13:00","guid":{"rendered":"https:\/\/c-profil.se\/produkt\/forzinkade-ts-sz\/"},"modified":"2026-05-04T12:19:03","modified_gmt":"2026-05-04T11:19:03","slug":"din-rail-ts-sz","status":"publish","type":"product","link":"https:\/\/c-profil.se\/english\/produkt\/din-profil-ts-sz\/","title":{"rendered":"DIN Profile | TS-SZ"},"content":{"rendered":"<p><strong>DIN Profile | TS-SZ are zinc-plated DIN rails adapted for flexible mounting in control cabinets and electrical installations<\/strong>.<br \/>\nThe profiles are available with different hole patterns and can be delivered cut or customized as needed.<\/p>","protected":false},"excerpt":{"rendered":"<p style=\"text-align: left;\">DIN Profile | TS-SZ is galvanized and available in a variety of dimensions and designs for e.g. device cabinets, control cabinets, and junction boxes.<\/p>\n<ul>\n<li style=\"text-align: left;\">Can be obtained with the hole image:\n<ul>\n<li>5.2 x 18 mm, cc25<\/li>\n<li>5.2 x 25 mm, cc36<\/li>\n<\/ul>\n<\/li>\n<\/ul>\n<p><strong>We also perform cuts and adjustments of DIN rails according to your wishes.<\/strong><\/p>\n<p>&nbsp;<\/p>","protected":false},"featured_media":51540,"template":"","meta":{"_acf_changed":false},"product_brand":[745],"product_cat":[201],"product_tag":[940,959,968,982],"class_list":{"0":"post-24329","1":"product","2":"type-product","3":"status-publish","4":"has-post-thumbnail","6":"product_brand-profilati","7":"product_cat-din-profiler","8":"product_tag-apparatskap","9":"product_tag-din-skena","10":"product_tag-montage","11":"product_tag-panelmontage","13":"first","14":"instock","15":"shipping-taxable","16":"product-type-simple"},"acf":[],"yoast_head":"<!-- This site is optimized with the Yoast SEO Premium plugin v27.5 (Yoast SEO v27.5) - https:\/\/yoast.com\/product\/yoast-seo-premium-wordpress\/ -->\n<title>DIN-Profil | TS-SZ - C-Pro<\/title>\n<meta name=\"description\" content=\"DIN-Profil | TS-SZ \u00e4r Sendzimirf\u00f6rzinkad och finns i en m\u00e4ngd olika dimensioner och utf\u00f6randen f\u00f6r t.ex. apparatsk\u00e5p och kopplingsl\u00e5dor.\" \/>\n<meta name=\"robots\" content=\"index, follow, max-snippet:-1, max-image-preview:large, max-video-preview:-1\" \/>\n<link rel=\"canonical\" href=\"https:\/\/c-profil.se\/english\/product\/din-rail-ts-sz\/\" \/>\n<meta property=\"og:locale\" content=\"en_US\" \/>\n<meta property=\"og:type\" content=\"article\" \/>\n<meta property=\"og:title\" content=\"DIN-Profil | TS-SZ - C-Pro\" \/>\n<meta property=\"og:description\" content=\"DIN-Profil | TS-SZ \u00e4r f\u00f6rzinkad och finns i en m\u00e4ngd olika dimensioner och utf\u00f6randen f\u00f6r t.ex. apparatsk\u00e5p, centraler och kopplingsl\u00e5dor.    G\u00e5r att f\u00e5 med h\u00e5lbilden:   5,2 x 18 mm, cc25  5,2 x 25 mm, cc36    Vi utf\u00f6r \u00e4ven kapningar och anpassningar av DIN-profiler efter era \u00f6nskem\u00e5l.  &nbsp;\" \/>\n<meta property=\"og:url\" content=\"https:\/\/c-profil.se\/english\/product\/din-rail-ts-sz\/\" \/>\n<meta property=\"og:site_name\" content=\"C-Pro\" \/>\n<meta property=\"article:publisher\" content=\"https:\/\/www.facebook.com\/people\/C-Pro\/61561767306874\/\" \/>\n<meta property=\"article:modified_time\" content=\"2026-05-04T11:19:03+00:00\" \/>\n<meta property=\"og:image\" content=\"https:\/\/c-profil.se\/wp-content\/uploads\/2017\/01\/DIN-Profil-TS-SZ.jpg\" \/>\n\t<meta property=\"og:image:width\" content=\"1000\" \/>\n\t<meta property=\"og:image:height\" content=\"1000\" \/>\n\t<meta property=\"og:image:type\" content=\"image\/jpeg\" \/>\n<meta name=\"twitter:card\" content=\"summary_large_image\" \/>\n<meta name=\"twitter:label1\" content=\"Price\" \/>\n\t<meta name=\"twitter:data1\" content=\"\" \/>\n\t<meta name=\"twitter:label2\" content=\"Availability\" \/>\n\t<meta name=\"twitter:data2\" content=\"In stock\" \/>\n<script type=\"application\/ld+json\" class=\"yoast-schema-graph\">{\"@context\":\"https:\\\/\\\/schema.org\",\"@graph\":[{\"@type\":\"WebPage\",\"@id\":\"https:\\\/\\\/c-profil.se\\\/produkt\\\/din-profil-ts-sz\\\/\",\"url\":\"https:\\\/\\\/c-profil.se\\\/produkt\\\/din-profil-ts-sz\\\/\",\"name\":\"DIN-Profil | TS-SZ - C-Pro\",\"isPartOf\":{\"@id\":\"https:\\\/\\\/c-profil.se\\\/#website\"},\"primaryImageOfPage\":{\"@id\":\"https:\\\/\\\/c-profil.se\\\/produkt\\\/din-profil-ts-sz\\\/#primaryimage\"},\"image\":{\"@id\":\"https:\\\/\\\/c-profil.se\\\/produkt\\\/din-profil-ts-sz\\\/#primaryimage\"},\"thumbnailUrl\":\"https:\\\/\\\/c-profil.se\\\/wp-content\\\/uploads\\\/2017\\\/01\\\/DIN-Profil-TS-SZ.jpg\",\"datePublished\":\"2017-01-10T11:13:00+00:00\",\"dateModified\":\"2026-05-04T11:19:03+00:00\",\"description\":\"DIN-Profil | TS-SZ \u00e4r Sendzimirf\u00f6rzinkad och finns i en m\u00e4ngd olika dimensioner och utf\u00f6randen f\u00f6r t.ex. apparatsk\u00e5p och kopplingsl\u00e5dor.\",\"breadcrumb\":{\"@id\":\"https:\\\/\\\/c-profil.se\\\/produkt\\\/din-profil-ts-sz\\\/#breadcrumb\"},\"inLanguage\":\"en\",\"potentialAction\":[{\"@type\":\"ReadAction\",\"target\":[\"https:\\\/\\\/c-profil.se\\\/produkt\\\/din-profil-ts-sz\\\/\"]}]},{\"@type\":\"ImageObject\",\"inLanguage\":\"en\",\"@id\":\"https:\\\/\\\/c-profil.se\\\/produkt\\\/din-profil-ts-sz\\\/#primaryimage\",\"url\":\"https:\\\/\\\/c-profil.se\\\/wp-content\\\/uploads\\\/2017\\\/01\\\/DIN-Profil-TS-SZ.jpg\",\"contentUrl\":\"https:\\\/\\\/c-profil.se\\\/wp-content\\\/uploads\\\/2017\\\/01\\\/DIN-Profil-TS-SZ.jpg\",\"width\":1000,\"height\":1000,\"caption\":\"DIN-Profil TS-SZ\"},{\"@type\":\"BreadcrumbList\",\"@id\":\"https:\\\/\\\/c-profil.se\\\/produkt\\\/din-profil-ts-sz\\\/#breadcrumb\",\"itemListElement\":[{\"@type\":\"ListItem\",\"position\":1,\"name\":\"Hem\",\"item\":\"https:\\\/\\\/c-profil.se\\\/\"},{\"@type\":\"ListItem\",\"position\":2,\"name\":\"Produkter\",\"item\":\"https:\\\/\\\/c-profil.se\\\/produkter\\\/\"},{\"@type\":\"ListItem\",\"position\":3,\"name\":\"DIN-Profiler\",\"item\":\"https:\\\/\\\/c-profil.se\\\/produkt-kategori\\\/din-profiler\\\/\"},{\"@type\":\"ListItem\",\"position\":4,\"name\":\"DIN-Profil | TS-SZ\"}]},{\"@type\":\"WebSite\",\"@id\":\"https:\\\/\\\/c-profil.se\\\/#website\",\"url\":\"https:\\\/\\\/c-profil.se\\\/\",\"name\":\"C-Pro\",\"description\":\"Produkter f\u00f6r El och Automation\",\"publisher\":{\"@id\":\"https:\\\/\\\/c-profil.se\\\/#organization\"},\"potentialAction\":[{\"@type\":\"SearchAction\",\"target\":{\"@type\":\"EntryPoint\",\"urlTemplate\":\"https:\\\/\\\/c-profil.se\\\/?s={search_term_string}\"},\"query-input\":{\"@type\":\"PropertyValueSpecification\",\"valueRequired\":true,\"valueName\":\"search_term_string\"}}],\"inLanguage\":\"en\"},{\"@type\":\"Organization\",\"@id\":\"https:\\\/\\\/c-profil.se\\\/#organization\",\"name\":\"C-Pro\",\"alternateName\":\"C-PRO\",\"url\":\"https:\\\/\\\/c-profil.se\\\/\",\"logo\":{\"@type\":\"ImageObject\",\"inLanguage\":\"en\",\"@id\":\"https:\\\/\\\/c-profil.se\\\/#\\\/schema\\\/logo\\\/image\\\/\",\"url\":\"https:\\\/\\\/c-profil.se\\\/wp-content\\\/uploads\\\/2022\\\/03\\\/c-pro-logga-liggande-500x500-1.png\",\"contentUrl\":\"https:\\\/\\\/c-profil.se\\\/wp-content\\\/uploads\\\/2022\\\/03\\\/c-pro-logga-liggande-500x500-1.png\",\"width\":500,\"height\":500,\"caption\":\"C-Pro\"},\"image\":{\"@id\":\"https:\\\/\\\/c-profil.se\\\/#\\\/schema\\\/logo\\\/image\\\/\"},\"sameAs\":[\"https:\\\/\\\/www.facebook.com\\\/people\\\/C-Pro\\\/61561767306874\\\/\",\"https:\\\/\\\/www.linkedin.com\\\/company\\\/c-pro-ab\",\"https:\\\/\\\/www.instagram.com\\\/cpro.ab\\\/\"],\"description\":\"C-PRO AB \u00e4r en helt\u00e4ckande leverant\u00f6r av material f\u00f6r applikationer inom el och automation. \u00c4nda sedan starten 1987 har vi f\u00f6rsett den svenska tillverkande industrin med elmaterial. Trots v\u00e5r storlek och ledande position har vi aldrig \u00f6vergett v\u00e5r grundfilosofi, att vara en personlig leverant\u00f6r. Vi p\u00e5 C-PRO \u00e4r l\u00e4tta att komma i kontakt med, \u00e4rliga och brinner f\u00f6r att l\u00f6sa v\u00e5ra kunders problem.\",\"email\":\"info@c-profil.se\",\"telephone\":\"031575785\",\"legalName\":\"C-Profil F\u00f6rl\u00e4ggningsmaterial AB\",\"foundingDate\":\"1987-01-01\"}]}<\/script>\n<meta property=\"product:brand\" content=\"apparatsk\u00e5p\" \/>\n<meta property=\"product:price:currency\" content=\"SEK\" \/>\n<meta property=\"og:availability\" content=\"instock\" \/>\n<meta property=\"product:availability\" content=\"instock\" \/>\n<meta property=\"product:retailer_item_id\" content=\"TS-SZ\" \/>\n<meta property=\"product:condition\" content=\"new\" \/>\n<!-- \/ Yoast SEO Premium plugin. -->","yoast_head_json":{"title":"DIN Profile | TS-SZ - C-Pro","description":"DIN Profile | TS-SZ is Sendzimir galvanized and is available in a variety of dimensions and designs for e.g. control cabinets and junction boxes.","robots":{"index":"index","follow":"follow","max-snippet":"max-snippet:-1","max-image-preview":"max-image-preview:large","max-video-preview":"max-video-preview:-1"},"canonical":"https:\/\/c-profil.se\/english\/product\/din-rail-ts-sz\/","og_locale":"en_US","og_type":"article","og_title":"DIN-Profil | TS-SZ - C-Pro","og_description":"DIN-Profil | TS-SZ \u00e4r f\u00f6rzinkad och finns i en m\u00e4ngd olika dimensioner och utf\u00f6randen f\u00f6r t.ex. apparatsk\u00e5p, centraler och kopplingsl\u00e5dor.    G\u00e5r att f\u00e5 med h\u00e5lbilden:   5,2 x 18 mm, cc25  5,2 x 25 mm, cc36    Vi utf\u00f6r \u00e4ven kapningar och anpassningar av DIN-profiler efter era \u00f6nskem\u00e5l.  &nbsp;","og_url":"https:\/\/c-profil.se\/english\/product\/din-rail-ts-sz\/","og_site_name":"C-Pro","article_publisher":"https:\/\/www.facebook.com\/people\/C-Pro\/61561767306874\/","article_modified_time":"2026-05-04T11:19:03+00:00","og_image":[{"width":1000,"height":1000,"url":"https:\/\/c-profil.se\/wp-content\/uploads\/2017\/01\/DIN-Profil-TS-SZ.jpg","type":"image\/jpeg"}],"twitter_card":"summary_large_image","twitter_misc":{"Price":"","Availability":"In stock"},"schema":{"@context":"https:\/\/schema.org","@graph":[{"@type":"WebPage","@id":"https:\/\/c-profil.se\/produkt\/din-profil-ts-sz\/","url":"https:\/\/c-profil.se\/produkt\/din-profil-ts-sz\/","name":"DIN Profile | TS-SZ - C-Pro","isPartOf":{"@id":"https:\/\/c-profil.se\/#website"},"primaryImageOfPage":{"@id":"https:\/\/c-profil.se\/produkt\/din-profil-ts-sz\/#primaryimage"},"image":{"@id":"https:\/\/c-profil.se\/produkt\/din-profil-ts-sz\/#primaryimage"},"thumbnailUrl":"https:\/\/c-profil.se\/wp-content\/uploads\/2017\/01\/DIN-Profil-TS-SZ.jpg","datePublished":"2017-01-10T11:13:00+00:00","dateModified":"2026-05-04T11:19:03+00:00","description":"DIN Profile | TS-SZ is Sendzimir galvanized and is available in a variety of dimensions and designs for e.g. control cabinets and junction boxes.","breadcrumb":{"@id":"https:\/\/c-profil.se\/produkt\/din-profil-ts-sz\/#breadcrumb"},"inLanguage":"en","potentialAction":[{"@type":"ReadAction","target":["https:\/\/c-profil.se\/produkt\/din-profil-ts-sz\/"]}]},{"@type":"ImageObject","inLanguage":"en","@id":"https:\/\/c-profil.se\/produkt\/din-profil-ts-sz\/#primaryimage","url":"https:\/\/c-profil.se\/wp-content\/uploads\/2017\/01\/DIN-Profil-TS-SZ.jpg","contentUrl":"https:\/\/c-profil.se\/wp-content\/uploads\/2017\/01\/DIN-Profil-TS-SZ.jpg","width":1000,"height":1000,"caption":"DIN-Profil TS-SZ"},{"@type":"BreadcrumbList","@id":"https:\/\/c-profil.se\/produkt\/din-profil-ts-sz\/#breadcrumb","itemListElement":[{"@type":"ListItem","position":1,"name":"Hem","item":"https:\/\/c-profil.se\/"},{"@type":"ListItem","position":2,"name":"Produkter","item":"https:\/\/c-profil.se\/produkter\/"},{"@type":"ListItem","position":3,"name":"DIN-Profiler","item":"https:\/\/c-profil.se\/produkt-kategori\/din-profiler\/"},{"@type":"ListItem","position":4,"name":"DIN-Profil | TS-SZ"}]},{"@type":"WebSite","@id":"https:\/\/c-profil.se\/#website","url":"https:\/\/c-profil.se\/","name":"C-Pro","description":"Products for Electricity and Automation","publisher":{"@id":"https:\/\/c-profil.se\/#organization"},"potentialAction":[{"@type":"SearchAction","target":{"@type":"EntryPoint","urlTemplate":"https:\/\/c-profil.se\/?s={search_term_string}"},"query-input":{"@type":"PropertyValueSpecification","valueRequired":true,"valueName":"search_term_string"}}],"inLanguage":"en"},{"@type":"Organization","@id":"https:\/\/c-profil.se\/#organization","name":"C-Pro","alternateName":"C-PRO","url":"https:\/\/c-profil.se\/","logo":{"@type":"ImageObject","inLanguage":"en","@id":"https:\/\/c-profil.se\/#\/schema\/logo\/image\/","url":"https:\/\/c-profil.se\/wp-content\/uploads\/2022\/03\/c-pro-logga-liggande-500x500-1.png","contentUrl":"https:\/\/c-profil.se\/wp-content\/uploads\/2022\/03\/c-pro-logga-liggande-500x500-1.png","width":500,"height":500,"caption":"C-Pro"},"image":{"@id":"https:\/\/c-profil.se\/#\/schema\/logo\/image\/"},"sameAs":["https:\/\/www.facebook.com\/people\/C-Pro\/61561767306874\/","https:\/\/www.linkedin.com\/company\/c-pro-ab","https:\/\/www.instagram.com\/cpro.ab\/"],"description":"C-PRO AB is a comprehensive supplier of materials for applications in electricity and automation. Ever since the start in 1987, we have supplied the Swedish manufacturing industry with electrical materials. Despite our size and leading position, we have never abandoned our basic philosophy, to be a personal supplier. We at C-PRO are easy to get in touch with, honest and passionate about solving our customers&#039; problems.","email":"info@c-profil.se","telephone":"031575785","legalName":"C-Profil F\u00f6rl\u00e4ggningsmaterial AB","foundingDate":"1987-01-01"}]},"product_brand":"apparatsk\u00e5p","product_price_currency":"SEK","og_availability":"instock","product_availability":"instock","product_retailer_item_id":"TS-SZ","product_condition":"new"},"_links":{"self":[{"href":"https:\/\/c-profil.se\/english\/wp-json\/wp\/v2\/product\/24329","targetHints":{"allow":["GET"]}}],"collection":[{"href":"https:\/\/c-profil.se\/english\/wp-json\/wp\/v2\/product"}],"about":[{"href":"https:\/\/c-profil.se\/english\/wp-json\/wp\/v2\/types\/product"}],"version-history":[{"count":15,"href":"https:\/\/c-profil.se\/english\/wp-json\/wp\/v2\/product\/24329\/revisions"}],"predecessor-version":[{"id":75298,"href":"https:\/\/c-profil.se\/english\/wp-json\/wp\/v2\/product\/24329\/revisions\/75298"}],"wp:featuredmedia":[{"embeddable":true,"href":"https:\/\/c-profil.se\/english\/wp-json\/wp\/v2\/media\/51540"}],"wp:attachment":[{"href":"https:\/\/c-profil.se\/english\/wp-json\/wp\/v2\/media?parent=24329"}],"wp:term":[{"taxonomy":"product_brand","embeddable":true,"href":"https:\/\/c-profil.se\/english\/wp-json\/wp\/v2\/product_brand?post=24329"},{"taxonomy":"product_cat","embeddable":true,"href":"https:\/\/c-profil.se\/english\/wp-json\/wp\/v2\/product_cat?post=24329"},{"taxonomy":"product_tag","embeddable":true,"href":"https:\/\/c-profil.se\/english\/wp-json\/wp\/v2\/product_tag?post=24329"}],"curies":[{"name":"wp","href":"https:\/\/api.w.org\/{rel}","templated":true}]}}