{"id":24298,"date":"2017-01-03T11:44:00","date_gmt":"2017-01-03T10:44:00","guid":{"rendered":"https:\/\/c-profil.se\/produkt\/multiflans-fl21-2\/"},"modified":"2026-03-19T15:15:49","modified_gmt":"2026-03-19T14:15:49","slug":"fl21-multi-flange-18300","status":"publish","type":"product","link":"https:\/\/c-profil.se\/english\/produkt\/fl21-multiflans-18300\/","title":{"rendered":"FL21 Multiflange | 18300.."},"content":{"rendered":"<p><strong>FL21 multi-flange 18300 is a cable gland flange with restrictor nipples in soft PVC<\/strong>, designed for tight and flexible cable entry in FL21 cutouts.<br \/>\nThe foamed polyurethane seal provides high enclosure class and reliable protection in industrial applications.<\/p>","protected":false},"excerpt":{"rendered":"<p class=\"ai-optimize-25 translation-block\" style=\"text-align: left\">FL21 Multiflange \/ 18300 with choke nipples in soft PVC. <br> A PC-foamed seal in polyurethane means that the flanges have a high IP class.<\/p>\n<ul>\n<li class=\"ai-optimize-27\">Flange rivet are not included and must be purchased separately.<\/li>\n<\/ul>","protected":false},"featured_media":51151,"template":"","meta":{"_acf_changed":false},"product_brand":[],"product_cat":[307],"product_tag":[992,938,990,1005,939],"class_list":{"0":"post-24298","1":"product","2":"type-product","3":"status-publish","4":"has-post-thumbnail","6":"product_cat-kabelgenomforingsplattor-multiflansar","7":"product_tag-kabelgenomforing","8":"product_tag-kabelinforing","9":"product_tag-kapsling","10":"product_tag-platbearbetning","11":"product_tag-tatning","13":"first","14":"instock","15":"shipping-taxable","16":"product-type-simple"},"acf":[],"yoast_head":"<!-- This site is optimized with the Yoast SEO Premium plugin v27.6 (Yoast SEO v27.6) - https:\/\/yoast.com\/product\/yoast-seo-premium-wordpress\/ -->\n<title>FL21 Multifl\u00e4ns \/ 18300 - C-Pro<\/title>\n<meta name=\"description\" content=\"FL21 Multifl\u00e4ns \/ 18300\u00a0med strypnipplar i mjuk PVC. En PC-skummad t\u00e4tning i polyuretan g\u00f6r att fl\u00e4nsarna har h\u00f6g IP-klass. L\u00e4s Mer!\" \/>\n<meta name=\"robots\" content=\"index, follow, max-snippet:-1, max-image-preview:large, max-video-preview:-1\" \/>\n<link rel=\"canonical\" href=\"https:\/\/c-profil.se\/english\/product\/fl21-multi-flange-18300\/\" \/>\n<meta property=\"og:locale\" content=\"en_US\" \/>\n<meta property=\"og:type\" content=\"article\" \/>\n<meta property=\"og:title\" content=\"FL21 Multifl\u00e4ns | 18300.. - C-Pro\" \/>\n<meta property=\"og:description\" content=\"FL21 Multifl\u00e4ns \/ 18300\u00a0med strypnipplar i mjuk PVC. En PC-skummad t\u00e4tning i polyuretan g\u00f6r att fl\u00e4nsarna har h\u00f6g IP-klass.    Fl\u00e4nsnit ing\u00e5r inte och m\u00e5ste k\u00f6pas separat.\" \/>\n<meta property=\"og:url\" content=\"https:\/\/c-profil.se\/english\/product\/fl21-multi-flange-18300\/\" \/>\n<meta property=\"og:site_name\" content=\"C-Pro\" \/>\n<meta property=\"article:publisher\" content=\"https:\/\/www.facebook.com\/people\/C-Pro\/61561767306874\/\" \/>\n<meta property=\"article:modified_time\" content=\"2026-03-19T14:15:49+00:00\" \/>\n<meta property=\"og:image\" content=\"https:\/\/c-profil.se\/wp-content\/uploads\/2017\/01\/FL21-Multiflans-18300.jpg\" \/>\n\t<meta property=\"og:image:width\" content=\"1000\" \/>\n\t<meta property=\"og:image:height\" content=\"1000\" \/>\n\t<meta property=\"og:image:type\" content=\"image\/jpeg\" \/>\n<meta name=\"twitter:card\" content=\"summary_large_image\" \/>\n<meta name=\"twitter:label1\" content=\"Price\" \/>\n\t<meta name=\"twitter:data1\" content=\"\" \/>\n\t<meta name=\"twitter:label2\" content=\"Availability\" \/>\n\t<meta name=\"twitter:data2\" content=\"In stock\" \/>\n<script type=\"application\/ld+json\" class=\"yoast-schema-graph\">{\"@context\":\"https:\\\/\\\/schema.org\",\"@graph\":[{\"@type\":\"WebPage\",\"@id\":\"https:\\\/\\\/c-profil.se\\\/produkt\\\/fl21-multiflans-18300\\\/\",\"url\":\"https:\\\/\\\/c-profil.se\\\/produkt\\\/fl21-multiflans-18300\\\/\",\"name\":\"FL21 Multifl\u00e4ns \\\/ 18300 - C-Pro\",\"isPartOf\":{\"@id\":\"https:\\\/\\\/c-profil.se\\\/#website\"},\"primaryImageOfPage\":{\"@id\":\"https:\\\/\\\/c-profil.se\\\/produkt\\\/fl21-multiflans-18300\\\/#primaryimage\"},\"image\":{\"@id\":\"https:\\\/\\\/c-profil.se\\\/produkt\\\/fl21-multiflans-18300\\\/#primaryimage\"},\"thumbnailUrl\":\"https:\\\/\\\/c-profil.se\\\/wp-content\\\/uploads\\\/2017\\\/01\\\/FL21-Multiflans-18300.jpg\",\"datePublished\":\"2017-01-03T10:44:00+00:00\",\"dateModified\":\"2026-03-19T14:15:49+00:00\",\"description\":\"FL21 Multifl\u00e4ns \\\/ 18300\u00a0med strypnipplar i mjuk PVC. En PC-skummad t\u00e4tning i polyuretan g\u00f6r att fl\u00e4nsarna har h\u00f6g IP-klass. L\u00e4s Mer!\",\"breadcrumb\":{\"@id\":\"https:\\\/\\\/c-profil.se\\\/produkt\\\/fl21-multiflans-18300\\\/#breadcrumb\"},\"inLanguage\":\"en\",\"potentialAction\":[{\"@type\":\"ReadAction\",\"target\":[\"https:\\\/\\\/c-profil.se\\\/produkt\\\/fl21-multiflans-18300\\\/\"]}]},{\"@type\":\"ImageObject\",\"inLanguage\":\"en\",\"@id\":\"https:\\\/\\\/c-profil.se\\\/produkt\\\/fl21-multiflans-18300\\\/#primaryimage\",\"url\":\"https:\\\/\\\/c-profil.se\\\/wp-content\\\/uploads\\\/2017\\\/01\\\/FL21-Multiflans-18300.jpg\",\"contentUrl\":\"https:\\\/\\\/c-profil.se\\\/wp-content\\\/uploads\\\/2017\\\/01\\\/FL21-Multiflans-18300.jpg\",\"width\":1000,\"height\":1000,\"caption\":\"FL21 Multifl\u00e4ns 18300\"},{\"@type\":\"BreadcrumbList\",\"@id\":\"https:\\\/\\\/c-profil.se\\\/produkt\\\/fl21-multiflans-18300\\\/#breadcrumb\",\"itemListElement\":[{\"@type\":\"ListItem\",\"position\":1,\"name\":\"Hem\",\"item\":\"https:\\\/\\\/c-profil.se\\\/\"},{\"@type\":\"ListItem\",\"position\":2,\"name\":\"Produkter\",\"item\":\"https:\\\/\\\/c-profil.se\\\/produkter\\\/\"},{\"@type\":\"ListItem\",\"position\":3,\"name\":\"Kabelgenomf\u00f6ringsplattor &amp; multifl\u00e4nsar\",\"item\":\"https:\\\/\\\/c-profil.se\\\/produkt-kategori\\\/kabelgenomforingsplattor-multiflansar\\\/\"},{\"@type\":\"ListItem\",\"position\":4,\"name\":\"FL21 Multifl\u00e4ns | 18300..\"}]},{\"@type\":\"WebSite\",\"@id\":\"https:\\\/\\\/c-profil.se\\\/#website\",\"url\":\"https:\\\/\\\/c-profil.se\\\/\",\"name\":\"C-Pro\",\"description\":\"Produkter f\u00f6r El och Automation\",\"publisher\":{\"@id\":\"https:\\\/\\\/c-profil.se\\\/#organization\"},\"potentialAction\":[{\"@type\":\"SearchAction\",\"target\":{\"@type\":\"EntryPoint\",\"urlTemplate\":\"https:\\\/\\\/c-profil.se\\\/?s={search_term_string}\"},\"query-input\":{\"@type\":\"PropertyValueSpecification\",\"valueRequired\":true,\"valueName\":\"search_term_string\"}}],\"inLanguage\":\"en\"},{\"@type\":\"Organization\",\"@id\":\"https:\\\/\\\/c-profil.se\\\/#organization\",\"name\":\"C-Pro\",\"alternateName\":\"C-PRO\",\"url\":\"https:\\\/\\\/c-profil.se\\\/\",\"logo\":{\"@type\":\"ImageObject\",\"inLanguage\":\"en\",\"@id\":\"https:\\\/\\\/c-profil.se\\\/#\\\/schema\\\/logo\\\/image\\\/\",\"url\":\"https:\\\/\\\/c-profil.se\\\/wp-content\\\/uploads\\\/2022\\\/03\\\/c-pro-logga-liggande-500x500-1.png\",\"contentUrl\":\"https:\\\/\\\/c-profil.se\\\/wp-content\\\/uploads\\\/2022\\\/03\\\/c-pro-logga-liggande-500x500-1.png\",\"width\":500,\"height\":500,\"caption\":\"C-Pro\"},\"image\":{\"@id\":\"https:\\\/\\\/c-profil.se\\\/#\\\/schema\\\/logo\\\/image\\\/\"},\"sameAs\":[\"https:\\\/\\\/www.facebook.com\\\/people\\\/C-Pro\\\/61561767306874\\\/\",\"https:\\\/\\\/www.linkedin.com\\\/company\\\/c-pro-ab\",\"https:\\\/\\\/www.instagram.com\\\/cpro.ab\\\/\"],\"description\":\"C-PRO AB \u00e4r en helt\u00e4ckande leverant\u00f6r av material f\u00f6r applikationer inom el och automation. \u00c4nda sedan starten 1987 har vi f\u00f6rsett den svenska tillverkande industrin med elmaterial. Trots v\u00e5r storlek och ledande position har vi aldrig \u00f6vergett v\u00e5r grundfilosofi, att vara en personlig leverant\u00f6r. Vi p\u00e5 C-PRO \u00e4r l\u00e4tta att komma i kontakt med, \u00e4rliga och brinner f\u00f6r att l\u00f6sa v\u00e5ra kunders problem.\",\"email\":\"info@c-profil.se\",\"telephone\":\"031575785\",\"legalName\":\"C-Profil F\u00f6rl\u00e4ggningsmaterial AB\",\"foundingDate\":\"1987-01-01\"}]}<\/script>\n<meta property=\"product:brand\" content=\"kabelgenomf\u00f6ring\" \/>\n<meta property=\"product:price:currency\" content=\"SEK\" \/>\n<meta property=\"og:availability\" content=\"instock\" \/>\n<meta property=\"product:availability\" content=\"instock\" \/>\n<meta property=\"product:retailer_item_id\" content=\"18300..\" \/>\n<meta property=\"product:condition\" content=\"new\" \/>\n<!-- \/ Yoast SEO Premium plugin. -->","yoast_head_json":{"title":"FL21 Multi flange \/ 18300","description":"FL21 Multiflange \/ 18300 with soft PVC throttle nipples. A PC foamed polyurethane seal gives the flanges a high IP rating. Read More!","robots":{"index":"index","follow":"follow","max-snippet":"max-snippet:-1","max-image-preview":"max-image-preview:large","max-video-preview":"max-video-preview:-1"},"canonical":"https:\/\/c-profil.se\/english\/product\/fl21-multi-flange-18300\/","og_locale":"en_US","og_type":"article","og_title":"FL21 Multifl\u00e4ns | 18300.. - C-Pro","og_description":"FL21 Multifl\u00e4ns \/ 18300\u00a0med strypnipplar i mjuk PVC. En PC-skummad t\u00e4tning i polyuretan g\u00f6r att fl\u00e4nsarna har h\u00f6g IP-klass.    Fl\u00e4nsnit ing\u00e5r inte och m\u00e5ste k\u00f6pas separat.","og_url":"https:\/\/c-profil.se\/english\/product\/fl21-multi-flange-18300\/","og_site_name":"C-Pro","article_publisher":"https:\/\/www.facebook.com\/people\/C-Pro\/61561767306874\/","article_modified_time":"2026-03-19T14:15:49+00:00","og_image":[{"width":1000,"height":1000,"url":"https:\/\/c-profil.se\/wp-content\/uploads\/2017\/01\/FL21-Multiflans-18300.jpg","type":"image\/jpeg"}],"twitter_card":"summary_large_image","twitter_misc":{"Price":"","Availability":"In stock"},"schema":{"@context":"https:\/\/schema.org","@graph":[{"@type":"WebPage","@id":"https:\/\/c-profil.se\/produkt\/fl21-multiflans-18300\/","url":"https:\/\/c-profil.se\/produkt\/fl21-multiflans-18300\/","name":"FL21 Multi flange \/ 18300","isPartOf":{"@id":"https:\/\/c-profil.se\/#website"},"primaryImageOfPage":{"@id":"https:\/\/c-profil.se\/produkt\/fl21-multiflans-18300\/#primaryimage"},"image":{"@id":"https:\/\/c-profil.se\/produkt\/fl21-multiflans-18300\/#primaryimage"},"thumbnailUrl":"https:\/\/c-profil.se\/wp-content\/uploads\/2017\/01\/FL21-Multiflans-18300.jpg","datePublished":"2017-01-03T10:44:00+00:00","dateModified":"2026-03-19T14:15:49+00:00","description":"FL21 Multiflange \/ 18300 with soft PVC throttle nipples. A PC foamed polyurethane seal gives the flanges a high IP rating. Read More!","breadcrumb":{"@id":"https:\/\/c-profil.se\/produkt\/fl21-multiflans-18300\/#breadcrumb"},"inLanguage":"en","potentialAction":[{"@type":"ReadAction","target":["https:\/\/c-profil.se\/produkt\/fl21-multiflans-18300\/"]}]},{"@type":"ImageObject","inLanguage":"en","@id":"https:\/\/c-profil.se\/produkt\/fl21-multiflans-18300\/#primaryimage","url":"https:\/\/c-profil.se\/wp-content\/uploads\/2017\/01\/FL21-Multiflans-18300.jpg","contentUrl":"https:\/\/c-profil.se\/wp-content\/uploads\/2017\/01\/FL21-Multiflans-18300.jpg","width":1000,"height":1000,"caption":"FL21 Multifl\u00e4ns 18300"},{"@type":"BreadcrumbList","@id":"https:\/\/c-profil.se\/produkt\/fl21-multiflans-18300\/#breadcrumb","itemListElement":[{"@type":"ListItem","position":1,"name":"Hem","item":"https:\/\/c-profil.se\/"},{"@type":"ListItem","position":2,"name":"Produkter","item":"https:\/\/c-profil.se\/produkter\/"},{"@type":"ListItem","position":3,"name":"Kabelgenomf\u00f6ringsplattor &amp; multifl\u00e4nsar","item":"https:\/\/c-profil.se\/produkt-kategori\/kabelgenomforingsplattor-multiflansar\/"},{"@type":"ListItem","position":4,"name":"FL21 Multifl\u00e4ns | 18300.."}]},{"@type":"WebSite","@id":"https:\/\/c-profil.se\/#website","url":"https:\/\/c-profil.se\/","name":"C-Pro","description":"Products for Electricity and Automation","publisher":{"@id":"https:\/\/c-profil.se\/#organization"},"potentialAction":[{"@type":"SearchAction","target":{"@type":"EntryPoint","urlTemplate":"https:\/\/c-profil.se\/?s={search_term_string}"},"query-input":{"@type":"PropertyValueSpecification","valueRequired":true,"valueName":"search_term_string"}}],"inLanguage":"en"},{"@type":"Organization","@id":"https:\/\/c-profil.se\/#organization","name":"C-Pro","alternateName":"C-PRO","url":"https:\/\/c-profil.se\/","logo":{"@type":"ImageObject","inLanguage":"en","@id":"https:\/\/c-profil.se\/#\/schema\/logo\/image\/","url":"https:\/\/c-profil.se\/wp-content\/uploads\/2022\/03\/c-pro-logga-liggande-500x500-1.png","contentUrl":"https:\/\/c-profil.se\/wp-content\/uploads\/2022\/03\/c-pro-logga-liggande-500x500-1.png","width":500,"height":500,"caption":"C-Pro"},"image":{"@id":"https:\/\/c-profil.se\/#\/schema\/logo\/image\/"},"sameAs":["https:\/\/www.facebook.com\/people\/C-Pro\/61561767306874\/","https:\/\/www.linkedin.com\/company\/c-pro-ab","https:\/\/www.instagram.com\/cpro.ab\/"],"description":"C-PRO AB is a comprehensive supplier of materials for applications in electricity and automation. Ever since the start in 1987, we have supplied the Swedish manufacturing industry with electrical materials. Despite our size and leading position, we have never abandoned our basic philosophy, to be a personal supplier. We at C-PRO are easy to get in touch with, honest and passionate about solving our customers&#039; problems.","email":"info@c-profil.se","telephone":"031575785","legalName":"C-Profil F\u00f6rl\u00e4ggningsmaterial AB","foundingDate":"1987-01-01"}]},"product_brand":"kabelgenomf\u00f6ring","product_price_currency":"SEK","og_availability":"instock","product_availability":"instock","product_retailer_item_id":"18300..","product_condition":"new"},"_links":{"self":[{"href":"https:\/\/c-profil.se\/english\/wp-json\/wp\/v2\/product\/24298","targetHints":{"allow":["GET"]}}],"collection":[{"href":"https:\/\/c-profil.se\/english\/wp-json\/wp\/v2\/product"}],"about":[{"href":"https:\/\/c-profil.se\/english\/wp-json\/wp\/v2\/types\/product"}],"version-history":[{"count":9,"href":"https:\/\/c-profil.se\/english\/wp-json\/wp\/v2\/product\/24298\/revisions"}],"predecessor-version":[{"id":74560,"href":"https:\/\/c-profil.se\/english\/wp-json\/wp\/v2\/product\/24298\/revisions\/74560"}],"wp:featuredmedia":[{"embeddable":true,"href":"https:\/\/c-profil.se\/english\/wp-json\/wp\/v2\/media\/51151"}],"wp:attachment":[{"href":"https:\/\/c-profil.se\/english\/wp-json\/wp\/v2\/media?parent=24298"}],"wp:term":[{"taxonomy":"product_brand","embeddable":true,"href":"https:\/\/c-profil.se\/english\/wp-json\/wp\/v2\/product_brand?post=24298"},{"taxonomy":"product_cat","embeddable":true,"href":"https:\/\/c-profil.se\/english\/wp-json\/wp\/v2\/product_cat?post=24298"},{"taxonomy":"product_tag","embeddable":true,"href":"https:\/\/c-profil.se\/english\/wp-json\/wp\/v2\/product_tag?post=24298"}],"curies":[{"name":"wp","href":"https:\/\/api.w.org\/{rel}","templated":true}]}}