{"id":23943,"date":"2016-08-18T11:06:00","date_gmt":"2016-08-18T10:06:00","guid":{"rendered":"https:\/\/c-profil.se\/produkt\/skyddshuvar-av\/"},"modified":"2026-03-19T15:40:23","modified_gmt":"2026-03-19T14:40:23","slug":"stainless-steel-protective-hood","status":"publish","type":"product","link":"https:\/\/c-profil.se\/english\/produkt\/rostfri-skyddshuv-av\/","title":{"rendered":"Stainless Steel Protective Hood | AV"},"content":{"rendered":"<p><strong>Stainless Steel Protective Hood \/ AV is a stainless steel protective hood that increases the protection degree to IP55.<\/strong><br \/>\nIt is intended for outdoor use and the food industry and protects against water jets and heavy rain.<\/p>","protected":false},"excerpt":{"rendered":"<p>Stainless Steel Protective Hood \/ AV adds a layer of rugged protection to your <a href=\"https:\/\/c-profil.se\/english\/product\/filter-fan-lv\/\">Filter fans<\/a> and <a href=\"https:\/\/c-profil.se\/english\/product\/exhaust-filter-gv\/\">exhaust filter<\/a>, which raises their IP55 rating. Designed for outdoor use and the demanding food industry, this stainless steel protective hood protects against water jets and extreme weather conditions. With its durable construction and reliable performance, it ensures uninterrupted airflow while protecting your equipment from moisture and other external elements. Trust the expertise of our brand to provide comprehensive solutions that improve the lifespan and functionality of your filtration system. Invest in the Stainless Steel Protective Hood \/ AV knowing that your equipment is well protected even in the harshest environments.<\/p>\n<p>Supplied with: Mounting accessories and foam seal.<\/p>\n<ul>\n<li>Protective hood to increase the degree of protection for filter fans and exhaust filters up to IP 55<\/li>\n<li>For outdoor use and the food industry<\/li>\n<li>Protection from hose water and extreme rain<\/li>\n<\/ul>\n<div id=\"gtx-trans\" style=\"position: absolute;left: 88px;top: 38px\">\n<div class=\"gtx-trans-icon\"><\/div>\n<\/div>","protected":false},"featured_media":46047,"template":"","meta":{"_acf_changed":false},"product_brand":[746],"product_cat":[203],"product_tag":[940,963,964],"class_list":{"0":"post-23943","1":"product","2":"type-product","3":"status-publish","4":"has-post-thumbnail","6":"product_brand-rubsamen-herr","7":"product_cat-filterflaktar","8":"product_tag-apparatskap","9":"product_tag-klimatisering-av-apparatskap","10":"product_tag-ventilation","12":"first","13":"instock","14":"shipping-taxable","15":"product-type-simple"},"acf":[],"yoast_head":"<!-- This site is optimized with the Yoast SEO Premium plugin v27.6 (Yoast SEO v27.6) - https:\/\/yoast.com\/product\/yoast-seo-premium-wordpress\/ -->\n<title>Rostfri Skyddshuv \/ AV - C-Pro<\/title>\n<meta name=\"description\" content=\"Rostfri Skyddshuv \/ AV f\u00f6r filterfl\u00e4ktar och utbl\u00e5sfilter. Framtagen f\u00f6r utomhusmontering och livsmedelsindustrin. L\u00e4s Mer!\" \/>\n<meta name=\"robots\" content=\"index, follow, max-snippet:-1, max-image-preview:large, max-video-preview:-1\" \/>\n<link rel=\"canonical\" href=\"https:\/\/c-profil.se\/english\/product\/stainless-steel-protective-hood\/\" \/>\n<meta property=\"og:locale\" content=\"en_US\" \/>\n<meta property=\"og:type\" content=\"article\" \/>\n<meta property=\"og:title\" content=\"Rostfri Skyddshuv | AV - C-Pro\" \/>\n<meta property=\"og:description\" content=\"Rostfri Skyddshuv \/ AV l\u00e4gger till ett lager av robust skydd till dina filterfl\u00e4ktar och utbl\u00e5sfilter, vilket h\u00f6jer deras IP55-klassning. Designad f\u00f6r utomhusbruk och den kr\u00e4vande livsmedelsindustrin, denna skyddande huva i rostfritt st\u00e5l skyddar mot vattenstr\u00e5lar och extrema v\u00e4derf\u00f6rh\u00e5llanden. Med sin h\u00e5llbara konstruktion och p\u00e5litliga prestanda s\u00e4kerst\u00e4ller den ett oavbrutet luftfl\u00f6de samtidigt som den skyddar din utrustning fr\u00e5n fukt och andra yttre element. Lita p\u00e5 expertis hos v\u00e5rt varum\u00e4rke f\u00f6r att tillhandah\u00e5lla omfattande l\u00f6sningar som f\u00f6rb\u00e4ttrar livsl\u00e4ngden och funktionaliteten hos ditt filtreringssystem. Investera i Rostfri Skyddshuv \/ AV med vetskapen om att din utrustning \u00e4r v\u00e4l skyddad \u00e4ven i de tuffaste milj\u00f6erna.  Levereras med: Monteringstillbeh\u00f6r och skumt\u00e4tning.   Skyddshuv f\u00f6r att \u00f6ka skyddsgraden f\u00f6r filterfl\u00e4ktar och utbl\u00e5sfilter upp till IP 55  F\u00f6r utomhusbruk och livsmedelsindustri  Skydd f\u00f6r slangvatten och extremt regn\" \/>\n<meta property=\"og:url\" content=\"https:\/\/c-profil.se\/english\/product\/stainless-steel-protective-hood\/\" \/>\n<meta property=\"og:site_name\" content=\"C-Pro\" \/>\n<meta property=\"article:publisher\" content=\"https:\/\/www.facebook.com\/people\/C-Pro\/61561767306874\/\" \/>\n<meta property=\"article:modified_time\" content=\"2026-03-19T14:40:23+00:00\" \/>\n<meta property=\"og:image\" content=\"https:\/\/c-profil.se\/wp-content\/uploads\/2016\/08\/Rostfri-Skyddshuv-AV.jpg\" \/>\n\t<meta property=\"og:image:width\" content=\"1000\" \/>\n\t<meta property=\"og:image:height\" content=\"1000\" \/>\n\t<meta property=\"og:image:type\" content=\"image\/jpeg\" \/>\n<meta name=\"twitter:card\" content=\"summary_large_image\" \/>\n<meta name=\"twitter:label1\" content=\"Price\" \/>\n\t<meta name=\"twitter:data1\" content=\"\" \/>\n\t<meta name=\"twitter:label2\" content=\"Availability\" \/>\n\t<meta name=\"twitter:data2\" content=\"In stock\" \/>\n<script type=\"application\/ld+json\" class=\"yoast-schema-graph\">{\"@context\":\"https:\\\/\\\/schema.org\",\"@graph\":[{\"@type\":\"WebPage\",\"@id\":\"https:\\\/\\\/c-profil.se\\\/produkt\\\/rostfri-skyddshuv-av\\\/\",\"url\":\"https:\\\/\\\/c-profil.se\\\/produkt\\\/rostfri-skyddshuv-av\\\/\",\"name\":\"Rostfri Skyddshuv \\\/ AV - C-Pro\",\"isPartOf\":{\"@id\":\"https:\\\/\\\/c-profil.se\\\/#website\"},\"primaryImageOfPage\":{\"@id\":\"https:\\\/\\\/c-profil.se\\\/produkt\\\/rostfri-skyddshuv-av\\\/#primaryimage\"},\"image\":{\"@id\":\"https:\\\/\\\/c-profil.se\\\/produkt\\\/rostfri-skyddshuv-av\\\/#primaryimage\"},\"thumbnailUrl\":\"https:\\\/\\\/c-profil.se\\\/wp-content\\\/uploads\\\/2016\\\/08\\\/Rostfri-Skyddshuv-AV.jpg\",\"datePublished\":\"2016-08-18T10:06:00+00:00\",\"dateModified\":\"2026-03-19T14:40:23+00:00\",\"description\":\"Rostfri Skyddshuv \\\/ AV f\u00f6r filterfl\u00e4ktar och utbl\u00e5sfilter. Framtagen f\u00f6r utomhusmontering och livsmedelsindustrin. L\u00e4s Mer!\",\"breadcrumb\":{\"@id\":\"https:\\\/\\\/c-profil.se\\\/produkt\\\/rostfri-skyddshuv-av\\\/#breadcrumb\"},\"inLanguage\":\"en\",\"potentialAction\":[{\"@type\":\"ReadAction\",\"target\":[\"https:\\\/\\\/c-profil.se\\\/produkt\\\/rostfri-skyddshuv-av\\\/\"]}]},{\"@type\":\"ImageObject\",\"inLanguage\":\"en\",\"@id\":\"https:\\\/\\\/c-profil.se\\\/produkt\\\/rostfri-skyddshuv-av\\\/#primaryimage\",\"url\":\"https:\\\/\\\/c-profil.se\\\/wp-content\\\/uploads\\\/2016\\\/08\\\/Rostfri-Skyddshuv-AV.jpg\",\"contentUrl\":\"https:\\\/\\\/c-profil.se\\\/wp-content\\\/uploads\\\/2016\\\/08\\\/Rostfri-Skyddshuv-AV.jpg\",\"width\":1000,\"height\":1000,\"caption\":\"Rostfri Skyddshuv AV\"},{\"@type\":\"BreadcrumbList\",\"@id\":\"https:\\\/\\\/c-profil.se\\\/produkt\\\/rostfri-skyddshuv-av\\\/#breadcrumb\",\"itemListElement\":[{\"@type\":\"ListItem\",\"position\":1,\"name\":\"Hem\",\"item\":\"https:\\\/\\\/c-profil.se\\\/\"},{\"@type\":\"ListItem\",\"position\":2,\"name\":\"Produkter\",\"item\":\"https:\\\/\\\/c-profil.se\\\/produkter\\\/\"},{\"@type\":\"ListItem\",\"position\":3,\"name\":\"Filterfl\u00e4ktar\",\"item\":\"https:\\\/\\\/c-profil.se\\\/produkt-kategori\\\/filterflaktar\\\/\"},{\"@type\":\"ListItem\",\"position\":4,\"name\":\"Rostfri Skyddshuv | AV\"}]},{\"@type\":\"WebSite\",\"@id\":\"https:\\\/\\\/c-profil.se\\\/#website\",\"url\":\"https:\\\/\\\/c-profil.se\\\/\",\"name\":\"C-Pro\",\"description\":\"Produkter f\u00f6r El och Automation\",\"publisher\":{\"@id\":\"https:\\\/\\\/c-profil.se\\\/#organization\"},\"potentialAction\":[{\"@type\":\"SearchAction\",\"target\":{\"@type\":\"EntryPoint\",\"urlTemplate\":\"https:\\\/\\\/c-profil.se\\\/?s={search_term_string}\"},\"query-input\":{\"@type\":\"PropertyValueSpecification\",\"valueRequired\":true,\"valueName\":\"search_term_string\"}}],\"inLanguage\":\"en\"},{\"@type\":\"Organization\",\"@id\":\"https:\\\/\\\/c-profil.se\\\/#organization\",\"name\":\"C-Pro\",\"alternateName\":\"C-PRO\",\"url\":\"https:\\\/\\\/c-profil.se\\\/\",\"logo\":{\"@type\":\"ImageObject\",\"inLanguage\":\"en\",\"@id\":\"https:\\\/\\\/c-profil.se\\\/#\\\/schema\\\/logo\\\/image\\\/\",\"url\":\"https:\\\/\\\/c-profil.se\\\/wp-content\\\/uploads\\\/2022\\\/03\\\/c-pro-logga-liggande-500x500-1.png\",\"contentUrl\":\"https:\\\/\\\/c-profil.se\\\/wp-content\\\/uploads\\\/2022\\\/03\\\/c-pro-logga-liggande-500x500-1.png\",\"width\":500,\"height\":500,\"caption\":\"C-Pro\"},\"image\":{\"@id\":\"https:\\\/\\\/c-profil.se\\\/#\\\/schema\\\/logo\\\/image\\\/\"},\"sameAs\":[\"https:\\\/\\\/www.facebook.com\\\/people\\\/C-Pro\\\/61561767306874\\\/\",\"https:\\\/\\\/www.linkedin.com\\\/company\\\/c-pro-ab\",\"https:\\\/\\\/www.instagram.com\\\/cpro.ab\\\/\"],\"description\":\"C-PRO AB \u00e4r en helt\u00e4ckande leverant\u00f6r av material f\u00f6r applikationer inom el och automation. \u00c4nda sedan starten 1987 har vi f\u00f6rsett den svenska tillverkande industrin med elmaterial. Trots v\u00e5r storlek och ledande position har vi aldrig \u00f6vergett v\u00e5r grundfilosofi, att vara en personlig leverant\u00f6r. Vi p\u00e5 C-PRO \u00e4r l\u00e4tta att komma i kontakt med, \u00e4rliga och brinner f\u00f6r att l\u00f6sa v\u00e5ra kunders problem.\",\"email\":\"info@c-profil.se\",\"telephone\":\"031575785\",\"legalName\":\"C-Profil F\u00f6rl\u00e4ggningsmaterial AB\",\"foundingDate\":\"1987-01-01\"}]}<\/script>\n<meta property=\"product:brand\" content=\"apparatsk\u00e5p\" \/>\n<meta property=\"product:price:currency\" content=\"SEK\" \/>\n<meta property=\"og:availability\" content=\"instock\" \/>\n<meta property=\"product:availability\" content=\"instock\" \/>\n<meta property=\"product:retailer_item_id\" content=\"AV\" \/>\n<meta property=\"product:condition\" content=\"new\" \/>\n<!-- \/ Yoast SEO Premium plugin. -->","yoast_head_json":{"title":"Stainless Steel Protective Hood \/ AV - C-Pro","description":"Stainless steel protective hood \/ AV for filter fans and exhaust filters. Designed for outdoor installation and the food industry. Read More!","robots":{"index":"index","follow":"follow","max-snippet":"max-snippet:-1","max-image-preview":"max-image-preview:large","max-video-preview":"max-video-preview:-1"},"canonical":"https:\/\/c-profil.se\/english\/product\/stainless-steel-protective-hood\/","og_locale":"en_US","og_type":"article","og_title":"Rostfri Skyddshuv | AV - C-Pro","og_description":"Rostfri Skyddshuv \/ AV l\u00e4gger till ett lager av robust skydd till dina filterfl\u00e4ktar och utbl\u00e5sfilter, vilket h\u00f6jer deras IP55-klassning. Designad f\u00f6r utomhusbruk och den kr\u00e4vande livsmedelsindustrin, denna skyddande huva i rostfritt st\u00e5l skyddar mot vattenstr\u00e5lar och extrema v\u00e4derf\u00f6rh\u00e5llanden. Med sin h\u00e5llbara konstruktion och p\u00e5litliga prestanda s\u00e4kerst\u00e4ller den ett oavbrutet luftfl\u00f6de samtidigt som den skyddar din utrustning fr\u00e5n fukt och andra yttre element. Lita p\u00e5 expertis hos v\u00e5rt varum\u00e4rke f\u00f6r att tillhandah\u00e5lla omfattande l\u00f6sningar som f\u00f6rb\u00e4ttrar livsl\u00e4ngden och funktionaliteten hos ditt filtreringssystem. Investera i Rostfri Skyddshuv \/ AV med vetskapen om att din utrustning \u00e4r v\u00e4l skyddad \u00e4ven i de tuffaste milj\u00f6erna.  Levereras med: Monteringstillbeh\u00f6r och skumt\u00e4tning.   Skyddshuv f\u00f6r att \u00f6ka skyddsgraden f\u00f6r filterfl\u00e4ktar och utbl\u00e5sfilter upp till IP 55  F\u00f6r utomhusbruk och livsmedelsindustri  Skydd f\u00f6r slangvatten och extremt regn","og_url":"https:\/\/c-profil.se\/english\/product\/stainless-steel-protective-hood\/","og_site_name":"C-Pro","article_publisher":"https:\/\/www.facebook.com\/people\/C-Pro\/61561767306874\/","article_modified_time":"2026-03-19T14:40:23+00:00","og_image":[{"width":1000,"height":1000,"url":"https:\/\/c-profil.se\/wp-content\/uploads\/2016\/08\/Rostfri-Skyddshuv-AV.jpg","type":"image\/jpeg"}],"twitter_card":"summary_large_image","twitter_misc":{"Price":"","Availability":"In stock"},"schema":{"@context":"https:\/\/schema.org","@graph":[{"@type":"WebPage","@id":"https:\/\/c-profil.se\/produkt\/rostfri-skyddshuv-av\/","url":"https:\/\/c-profil.se\/produkt\/rostfri-skyddshuv-av\/","name":"Stainless Steel Protective Hood \/ AV - C-Pro","isPartOf":{"@id":"https:\/\/c-profil.se\/#website"},"primaryImageOfPage":{"@id":"https:\/\/c-profil.se\/produkt\/rostfri-skyddshuv-av\/#primaryimage"},"image":{"@id":"https:\/\/c-profil.se\/produkt\/rostfri-skyddshuv-av\/#primaryimage"},"thumbnailUrl":"https:\/\/c-profil.se\/wp-content\/uploads\/2016\/08\/Rostfri-Skyddshuv-AV.jpg","datePublished":"2016-08-18T10:06:00+00:00","dateModified":"2026-03-19T14:40:23+00:00","description":"Stainless steel protective hood \/ AV for filter fans and exhaust filters. Designed for outdoor installation and the food industry. Read More!","breadcrumb":{"@id":"https:\/\/c-profil.se\/produkt\/rostfri-skyddshuv-av\/#breadcrumb"},"inLanguage":"en","potentialAction":[{"@type":"ReadAction","target":["https:\/\/c-profil.se\/produkt\/rostfri-skyddshuv-av\/"]}]},{"@type":"ImageObject","inLanguage":"en","@id":"https:\/\/c-profil.se\/produkt\/rostfri-skyddshuv-av\/#primaryimage","url":"https:\/\/c-profil.se\/wp-content\/uploads\/2016\/08\/Rostfri-Skyddshuv-AV.jpg","contentUrl":"https:\/\/c-profil.se\/wp-content\/uploads\/2016\/08\/Rostfri-Skyddshuv-AV.jpg","width":1000,"height":1000,"caption":"Rostfri Skyddshuv AV"},{"@type":"BreadcrumbList","@id":"https:\/\/c-profil.se\/produkt\/rostfri-skyddshuv-av\/#breadcrumb","itemListElement":[{"@type":"ListItem","position":1,"name":"Hem","item":"https:\/\/c-profil.se\/"},{"@type":"ListItem","position":2,"name":"Produkter","item":"https:\/\/c-profil.se\/produkter\/"},{"@type":"ListItem","position":3,"name":"Filterfl\u00e4ktar","item":"https:\/\/c-profil.se\/produkt-kategori\/filterflaktar\/"},{"@type":"ListItem","position":4,"name":"Rostfri Skyddshuv | AV"}]},{"@type":"WebSite","@id":"https:\/\/c-profil.se\/#website","url":"https:\/\/c-profil.se\/","name":"C-Pro","description":"Products for Electricity and Automation","publisher":{"@id":"https:\/\/c-profil.se\/#organization"},"potentialAction":[{"@type":"SearchAction","target":{"@type":"EntryPoint","urlTemplate":"https:\/\/c-profil.se\/?s={search_term_string}"},"query-input":{"@type":"PropertyValueSpecification","valueRequired":true,"valueName":"search_term_string"}}],"inLanguage":"en"},{"@type":"Organization","@id":"https:\/\/c-profil.se\/#organization","name":"C-Pro","alternateName":"C-PRO","url":"https:\/\/c-profil.se\/","logo":{"@type":"ImageObject","inLanguage":"en","@id":"https:\/\/c-profil.se\/#\/schema\/logo\/image\/","url":"https:\/\/c-profil.se\/wp-content\/uploads\/2022\/03\/c-pro-logga-liggande-500x500-1.png","contentUrl":"https:\/\/c-profil.se\/wp-content\/uploads\/2022\/03\/c-pro-logga-liggande-500x500-1.png","width":500,"height":500,"caption":"C-Pro"},"image":{"@id":"https:\/\/c-profil.se\/#\/schema\/logo\/image\/"},"sameAs":["https:\/\/www.facebook.com\/people\/C-Pro\/61561767306874\/","https:\/\/www.linkedin.com\/company\/c-pro-ab","https:\/\/www.instagram.com\/cpro.ab\/"],"description":"C-PRO AB is a comprehensive supplier of materials for applications in electricity and automation. Ever since the start in 1987, we have supplied the Swedish manufacturing industry with electrical materials. Despite our size and leading position, we have never abandoned our basic philosophy, to be a personal supplier. We at C-PRO are easy to get in touch with, honest and passionate about solving our customers&#039; problems.","email":"info@c-profil.se","telephone":"031575785","legalName":"C-Profil F\u00f6rl\u00e4ggningsmaterial AB","foundingDate":"1987-01-01"}]},"product_brand":"apparatsk\u00e5p","product_price_currency":"SEK","og_availability":"instock","product_availability":"instock","product_retailer_item_id":"AV","product_condition":"new"},"_links":{"self":[{"href":"https:\/\/c-profil.se\/english\/wp-json\/wp\/v2\/product\/23943","targetHints":{"allow":["GET"]}}],"collection":[{"href":"https:\/\/c-profil.se\/english\/wp-json\/wp\/v2\/product"}],"about":[{"href":"https:\/\/c-profil.se\/english\/wp-json\/wp\/v2\/types\/product"}],"version-history":[{"count":6,"href":"https:\/\/c-profil.se\/english\/wp-json\/wp\/v2\/product\/23943\/revisions"}],"predecessor-version":[{"id":74367,"href":"https:\/\/c-profil.se\/english\/wp-json\/wp\/v2\/product\/23943\/revisions\/74367"}],"wp:featuredmedia":[{"embeddable":true,"href":"https:\/\/c-profil.se\/english\/wp-json\/wp\/v2\/media\/46047"}],"wp:attachment":[{"href":"https:\/\/c-profil.se\/english\/wp-json\/wp\/v2\/media?parent=23943"}],"wp:term":[{"taxonomy":"product_brand","embeddable":true,"href":"https:\/\/c-profil.se\/english\/wp-json\/wp\/v2\/product_brand?post=23943"},{"taxonomy":"product_cat","embeddable":true,"href":"https:\/\/c-profil.se\/english\/wp-json\/wp\/v2\/product_cat?post=23943"},{"taxonomy":"product_tag","embeddable":true,"href":"https:\/\/c-profil.se\/english\/wp-json\/wp\/v2\/product_tag?post=23943"}],"curies":[{"name":"wp","href":"https:\/\/api.w.org\/{rel}","templated":true}]}}