{"id":23881,"date":"2015-10-21T09:27:00","date_gmt":"2015-10-21T08:27:00","guid":{"rendered":"https:\/\/c-profil.se\/produkt\/kabelhallare-cl\/"},"modified":"2026-03-19T15:04:59","modified_gmt":"2026-03-19T14:04:59","slug":"cable-retainer-iboco-cl","status":"publish","type":"product","link":"https:\/\/c-profil.se\/english\/produkt\/kabelhallare-iboco-cl\/","title":{"rendered":"Cable holder IBOCO | CL"},"content":{"rendered":"<p><strong>Cable holder CL is a patented accessory for IBOCO cable ducts T1 and T1-E<\/strong>, intended for fixing and relieving cables during installation.<br \/>\nThe integrated ZP1 fastener enables quick installation and prevents cables from squeezing out of the channel slots.<\/p>","protected":false},"excerpt":{"rendered":"<p class=\"ai-optimize-31 ai-optimize-introduction\"><strong>Cable holder \/ CL<\/strong> \u2013 Smart cable relief for T1 and T1-E cable ducts.<\/p>\n<p class=\"ai-optimize-37\">Cable holder CL is a patented and effective accessory for cable ducts of type T1 and T1-E. With the unique integrated fastener ZP1 you get a stable and easy mounting that both facilitates installation and improves cable management.<\/p>\n<p class=\"ai-optimize-38\"><strong>Advantages of IBOCO CL cable holder:<\/strong><\/p>\n<ul>\n<li class=\"ai-optimize-39\"><strong>Patented system with ZP1 fasteners<\/strong> \u2013 Simple and secure attachment directly into the cable duct.<\/li>\n<li class=\"ai-optimize-39\"><strong>Holds cables in place during installation<\/strong> \u2013 Perfect for routing and organizing cables in control cabinets and electrical cabinets.<\/li>\n<li class=\"ai-optimize-39\"><strong>Protects cable duct slots<\/strong> \u2013 Prevents bulging against the sidewalls and provides better durability over time.<\/li>\n<li class=\"ai-optimize-39\"><strong>Available in several sizes<\/strong> \u2013 Matches our entire range of IBOCO cable ducts, including T1 and T1-E.<\/li>\n<li class=\"ai-optimize-43\"><strong>Time-saving solution<\/strong> \u2013 Quick assembly that makes a difference in both small and large installation projects.<\/li>\n<\/ul>\n<p class=\"ai-optimize-44\">Our cable holders are delivered in a dark gray shade (RAL 7021) and are designed to meet both functional and aesthetic requirements in professional electrical installations.<\/p>","protected":false},"featured_media":51327,"template":"","meta":{"_acf_changed":false},"product_brand":[739],"product_cat":[189],"product_tag":[970,975,1002],"class_list":{"0":"post-23881","1":"product","2":"type-product","3":"status-publish","4":"has-post-thumbnail","6":"product_brand-iboco","7":"product_cat-kabelkanaler-iboco","8":"product_tag-dragning-av-kablage","9":"product_tag-fastsattning","10":"product_tag-kabelkanaler","12":"first","13":"instock","14":"shipping-taxable","15":"product-type-simple"},"acf":[],"yoast_head":"<!-- This site is optimized with the Yoast SEO Premium plugin v27.5 (Yoast SEO v27.5) - https:\/\/yoast.com\/product\/yoast-seo-premium-wordpress\/ -->\n<title>Kabelh\u00e5llare \/ CL - C-Pro<\/title>\n<meta name=\"description\" content=\"Kabelh\u00e5llare \/ CL f\u00f6r kabelkanaler typ: T1 och T1-E.Kabelh\u00e5llarna CL har ett unikt patenterat system, med inbyggda f\u00e4stelement ZP1.\" \/>\n<meta name=\"robots\" content=\"index, follow, max-snippet:-1, max-image-preview:large, max-video-preview:-1\" \/>\n<link rel=\"canonical\" href=\"https:\/\/c-profil.se\/english\/product\/cable-retainer-iboco-cl\/\" \/>\n<meta property=\"og:locale\" content=\"en_US\" \/>\n<meta property=\"og:type\" content=\"article\" \/>\n<meta property=\"og:title\" content=\"Kabelh\u00e5llare IBOCO | CL - C-Pro\" \/>\n<meta property=\"og:description\" content=\"Kabelh\u00e5llare \/ CL \u2013 Smart kabelavlastning f\u00f6r T1 och T1-E kabelkanaler. Kabelh\u00e5llare CL \u00e4r ett patenterat och effektivt tillbeh\u00f6r f\u00f6r kabelkanaler av typ T1 och T1-E. Med det unika integrerade f\u00e4stelementet ZP1 f\u00e5r du en stabil och enkel montering som b\u00e5de underl\u00e4ttar installationen och f\u00f6rb\u00e4ttrar kabelhanteringen. F\u00f6rdelar med IBOCO CL kabelh\u00e5llare:    Patenterat system med ZP1-f\u00e4stelement \u2013 Enkel och s\u00e4ker fasts\u00e4ttning direkt i kabelkanalen.  H\u00e5ller kablar p\u00e5 plats under installation \u2013 Perfekt vid dragning och organisering av kablar i apparatsk\u00e5p och elsk\u00e5p.  Skyddar kabelkanalens slitsar \u2013 F\u00f6rhindrar utbuktning mot sidov\u00e4ggarna och ger b\u00e4ttre h\u00e5llbarhet \u00f6ver tid.  Finns i flera storlekar \u2013 Matchar hela v\u00e5rt sortiment av IBOCO kabelkanaler, inklusive T1 och T1-E.  Tidsbesparande l\u00f6sning \u2013 Snabb montering som g\u00f6r skillnad i b\u00e5de sm\u00e5 och stora installationsprojekt.  V\u00e5ra kabelh\u00e5llare levereras i en m\u00f6rkgr\u00e5 nyans (RAL 7021) och \u00e4r utformade f\u00f6r att uppfylla b\u00e5de funktionella och estetiska krav vid professionella elinstallationer.\" \/>\n<meta property=\"og:url\" content=\"https:\/\/c-profil.se\/english\/product\/cable-retainer-iboco-cl\/\" \/>\n<meta property=\"og:site_name\" content=\"C-Pro\" \/>\n<meta property=\"article:publisher\" content=\"https:\/\/www.facebook.com\/people\/C-Pro\/61561767306874\/\" \/>\n<meta property=\"article:modified_time\" content=\"2026-03-19T14:04:59+00:00\" \/>\n<meta property=\"og:image\" content=\"https:\/\/c-profil.se\/wp-content\/uploads\/2015\/10\/Kabelhallare-IBOCO-CL-1.jpg\" \/>\n\t<meta property=\"og:image:width\" content=\"1000\" \/>\n\t<meta property=\"og:image:height\" content=\"1000\" \/>\n\t<meta property=\"og:image:type\" content=\"image\/jpeg\" \/>\n<meta name=\"twitter:card\" content=\"summary_large_image\" \/>\n<meta name=\"twitter:label1\" content=\"Price\" \/>\n\t<meta name=\"twitter:data1\" content=\"\" \/>\n\t<meta name=\"twitter:label2\" content=\"Availability\" \/>\n\t<meta name=\"twitter:data2\" content=\"In stock\" \/>\n<script type=\"application\/ld+json\" class=\"yoast-schema-graph\">{\"@context\":\"https:\\\/\\\/schema.org\",\"@graph\":[{\"@type\":\"WebPage\",\"@id\":\"https:\\\/\\\/c-profil.se\\\/produkt\\\/kabelhallare-iboco-cl\\\/\",\"url\":\"https:\\\/\\\/c-profil.se\\\/produkt\\\/kabelhallare-iboco-cl\\\/\",\"name\":\"Kabelh\u00e5llare \\\/ CL - C-Pro\",\"isPartOf\":{\"@id\":\"https:\\\/\\\/c-profil.se\\\/#website\"},\"primaryImageOfPage\":{\"@id\":\"https:\\\/\\\/c-profil.se\\\/produkt\\\/kabelhallare-iboco-cl\\\/#primaryimage\"},\"image\":{\"@id\":\"https:\\\/\\\/c-profil.se\\\/produkt\\\/kabelhallare-iboco-cl\\\/#primaryimage\"},\"thumbnailUrl\":\"https:\\\/\\\/c-profil.se\\\/wp-content\\\/uploads\\\/2015\\\/10\\\/Kabelhallare-IBOCO-CL-1.jpg\",\"datePublished\":\"2015-10-21T08:27:00+00:00\",\"dateModified\":\"2026-03-19T14:04:59+00:00\",\"description\":\"Kabelh\u00e5llare \\\/ CL f\u00f6r kabelkanaler typ: T1 och T1-E.Kabelh\u00e5llarna CL har ett unikt patenterat system, med inbyggda f\u00e4stelement ZP1.\",\"breadcrumb\":{\"@id\":\"https:\\\/\\\/c-profil.se\\\/produkt\\\/kabelhallare-iboco-cl\\\/#breadcrumb\"},\"inLanguage\":\"en\",\"potentialAction\":[{\"@type\":\"ReadAction\",\"target\":[\"https:\\\/\\\/c-profil.se\\\/produkt\\\/kabelhallare-iboco-cl\\\/\"]}]},{\"@type\":\"ImageObject\",\"inLanguage\":\"en\",\"@id\":\"https:\\\/\\\/c-profil.se\\\/produkt\\\/kabelhallare-iboco-cl\\\/#primaryimage\",\"url\":\"https:\\\/\\\/c-profil.se\\\/wp-content\\\/uploads\\\/2015\\\/10\\\/Kabelhallare-IBOCO-CL-1.jpg\",\"contentUrl\":\"https:\\\/\\\/c-profil.se\\\/wp-content\\\/uploads\\\/2015\\\/10\\\/Kabelhallare-IBOCO-CL-1.jpg\",\"width\":1000,\"height\":1000,\"caption\":\"Kabelh\u00e5llare IBOCO CL\"},{\"@type\":\"BreadcrumbList\",\"@id\":\"https:\\\/\\\/c-profil.se\\\/produkt\\\/kabelhallare-iboco-cl\\\/#breadcrumb\",\"itemListElement\":[{\"@type\":\"ListItem\",\"position\":1,\"name\":\"Hem\",\"item\":\"https:\\\/\\\/c-profil.se\\\/\"},{\"@type\":\"ListItem\",\"position\":2,\"name\":\"Produkter\",\"item\":\"https:\\\/\\\/c-profil.se\\\/produkter\\\/\"},{\"@type\":\"ListItem\",\"position\":3,\"name\":\"Kabelkanaler IBOCO\",\"item\":\"https:\\\/\\\/c-profil.se\\\/produkt-kategori\\\/kabelkanaler-iboco\\\/\"},{\"@type\":\"ListItem\",\"position\":4,\"name\":\"Kabelh\u00e5llare IBOCO | CL\"}]},{\"@type\":\"WebSite\",\"@id\":\"https:\\\/\\\/c-profil.se\\\/#website\",\"url\":\"https:\\\/\\\/c-profil.se\\\/\",\"name\":\"C-Pro\",\"description\":\"Produkter f\u00f6r El och Automation\",\"publisher\":{\"@id\":\"https:\\\/\\\/c-profil.se\\\/#organization\"},\"potentialAction\":[{\"@type\":\"SearchAction\",\"target\":{\"@type\":\"EntryPoint\",\"urlTemplate\":\"https:\\\/\\\/c-profil.se\\\/?s={search_term_string}\"},\"query-input\":{\"@type\":\"PropertyValueSpecification\",\"valueRequired\":true,\"valueName\":\"search_term_string\"}}],\"inLanguage\":\"en\"},{\"@type\":\"Organization\",\"@id\":\"https:\\\/\\\/c-profil.se\\\/#organization\",\"name\":\"C-Pro\",\"alternateName\":\"C-PRO\",\"url\":\"https:\\\/\\\/c-profil.se\\\/\",\"logo\":{\"@type\":\"ImageObject\",\"inLanguage\":\"en\",\"@id\":\"https:\\\/\\\/c-profil.se\\\/#\\\/schema\\\/logo\\\/image\\\/\",\"url\":\"https:\\\/\\\/c-profil.se\\\/wp-content\\\/uploads\\\/2022\\\/03\\\/c-pro-logga-liggande-500x500-1.png\",\"contentUrl\":\"https:\\\/\\\/c-profil.se\\\/wp-content\\\/uploads\\\/2022\\\/03\\\/c-pro-logga-liggande-500x500-1.png\",\"width\":500,\"height\":500,\"caption\":\"C-Pro\"},\"image\":{\"@id\":\"https:\\\/\\\/c-profil.se\\\/#\\\/schema\\\/logo\\\/image\\\/\"},\"sameAs\":[\"https:\\\/\\\/www.facebook.com\\\/people\\\/C-Pro\\\/61561767306874\\\/\",\"https:\\\/\\\/www.linkedin.com\\\/company\\\/c-pro-ab\",\"https:\\\/\\\/www.instagram.com\\\/cpro.ab\\\/\"],\"description\":\"C-PRO AB \u00e4r en helt\u00e4ckande leverant\u00f6r av material f\u00f6r applikationer inom el och automation. \u00c4nda sedan starten 1987 har vi f\u00f6rsett den svenska tillverkande industrin med elmaterial. Trots v\u00e5r storlek och ledande position har vi aldrig \u00f6vergett v\u00e5r grundfilosofi, att vara en personlig leverant\u00f6r. Vi p\u00e5 C-PRO \u00e4r l\u00e4tta att komma i kontakt med, \u00e4rliga och brinner f\u00f6r att l\u00f6sa v\u00e5ra kunders problem.\",\"email\":\"info@c-profil.se\",\"telephone\":\"031575785\",\"legalName\":\"C-Profil F\u00f6rl\u00e4ggningsmaterial AB\",\"foundingDate\":\"1987-01-01\"}]}<\/script>\n<meta property=\"product:brand\" content=\"dragning av kablage\" \/>\n<meta property=\"product:price:currency\" content=\"SEK\" \/>\n<meta property=\"og:availability\" content=\"instock\" \/>\n<meta property=\"product:availability\" content=\"instock\" \/>\n<meta property=\"product:retailer_item_id\" content=\"CL\" \/>\n<meta property=\"product:condition\" content=\"new\" \/>\n<!-- \/ Yoast SEO Premium plugin. -->","yoast_head_json":{"title":"Cable holder \/ CL - C-Pro","description":"Cable holders \/ CL for cable ducts type: T1 and T1-E. The cable holders CL have a unique patented system, with built-in fastening elements ZP1.","robots":{"index":"index","follow":"follow","max-snippet":"max-snippet:-1","max-image-preview":"max-image-preview:large","max-video-preview":"max-video-preview:-1"},"canonical":"https:\/\/c-profil.se\/english\/product\/cable-retainer-iboco-cl\/","og_locale":"en_US","og_type":"article","og_title":"Kabelh\u00e5llare IBOCO | CL - C-Pro","og_description":"Kabelh\u00e5llare \/ CL \u2013 Smart kabelavlastning f\u00f6r T1 och T1-E kabelkanaler. Kabelh\u00e5llare CL \u00e4r ett patenterat och effektivt tillbeh\u00f6r f\u00f6r kabelkanaler av typ T1 och T1-E. Med det unika integrerade f\u00e4stelementet ZP1 f\u00e5r du en stabil och enkel montering som b\u00e5de underl\u00e4ttar installationen och f\u00f6rb\u00e4ttrar kabelhanteringen. F\u00f6rdelar med IBOCO CL kabelh\u00e5llare:    Patenterat system med ZP1-f\u00e4stelement \u2013 Enkel och s\u00e4ker fasts\u00e4ttning direkt i kabelkanalen.  H\u00e5ller kablar p\u00e5 plats under installation \u2013 Perfekt vid dragning och organisering av kablar i apparatsk\u00e5p och elsk\u00e5p.  Skyddar kabelkanalens slitsar \u2013 F\u00f6rhindrar utbuktning mot sidov\u00e4ggarna och ger b\u00e4ttre h\u00e5llbarhet \u00f6ver tid.  Finns i flera storlekar \u2013 Matchar hela v\u00e5rt sortiment av IBOCO kabelkanaler, inklusive T1 och T1-E.  Tidsbesparande l\u00f6sning \u2013 Snabb montering som g\u00f6r skillnad i b\u00e5de sm\u00e5 och stora installationsprojekt.  V\u00e5ra kabelh\u00e5llare levereras i en m\u00f6rkgr\u00e5 nyans (RAL 7021) och \u00e4r utformade f\u00f6r att uppfylla b\u00e5de funktionella och estetiska krav vid professionella elinstallationer.","og_url":"https:\/\/c-profil.se\/english\/product\/cable-retainer-iboco-cl\/","og_site_name":"C-Pro","article_publisher":"https:\/\/www.facebook.com\/people\/C-Pro\/61561767306874\/","article_modified_time":"2026-03-19T14:04:59+00:00","og_image":[{"width":1000,"height":1000,"url":"https:\/\/c-profil.se\/wp-content\/uploads\/2015\/10\/Kabelhallare-IBOCO-CL-1.jpg","type":"image\/jpeg"}],"twitter_card":"summary_large_image","twitter_misc":{"Price":"","Availability":"In stock"},"schema":{"@context":"https:\/\/schema.org","@graph":[{"@type":"WebPage","@id":"https:\/\/c-profil.se\/produkt\/kabelhallare-iboco-cl\/","url":"https:\/\/c-profil.se\/produkt\/kabelhallare-iboco-cl\/","name":"Cable holder \/ CL - C-Pro","isPartOf":{"@id":"https:\/\/c-profil.se\/#website"},"primaryImageOfPage":{"@id":"https:\/\/c-profil.se\/produkt\/kabelhallare-iboco-cl\/#primaryimage"},"image":{"@id":"https:\/\/c-profil.se\/produkt\/kabelhallare-iboco-cl\/#primaryimage"},"thumbnailUrl":"https:\/\/c-profil.se\/wp-content\/uploads\/2015\/10\/Kabelhallare-IBOCO-CL-1.jpg","datePublished":"2015-10-21T08:27:00+00:00","dateModified":"2026-03-19T14:04:59+00:00","description":"Cable holders \/ CL for cable ducts type: T1 and T1-E. The cable holders CL have a unique patented system, with built-in fastening elements ZP1.","breadcrumb":{"@id":"https:\/\/c-profil.se\/produkt\/kabelhallare-iboco-cl\/#breadcrumb"},"inLanguage":"en","potentialAction":[{"@type":"ReadAction","target":["https:\/\/c-profil.se\/produkt\/kabelhallare-iboco-cl\/"]}]},{"@type":"ImageObject","inLanguage":"en","@id":"https:\/\/c-profil.se\/produkt\/kabelhallare-iboco-cl\/#primaryimage","url":"https:\/\/c-profil.se\/wp-content\/uploads\/2015\/10\/Kabelhallare-IBOCO-CL-1.jpg","contentUrl":"https:\/\/c-profil.se\/wp-content\/uploads\/2015\/10\/Kabelhallare-IBOCO-CL-1.jpg","width":1000,"height":1000,"caption":"Kabelh\u00e5llare IBOCO CL"},{"@type":"BreadcrumbList","@id":"https:\/\/c-profil.se\/produkt\/kabelhallare-iboco-cl\/#breadcrumb","itemListElement":[{"@type":"ListItem","position":1,"name":"Hem","item":"https:\/\/c-profil.se\/"},{"@type":"ListItem","position":2,"name":"Produkter","item":"https:\/\/c-profil.se\/produkter\/"},{"@type":"ListItem","position":3,"name":"Kabelkanaler IBOCO","item":"https:\/\/c-profil.se\/produkt-kategori\/kabelkanaler-iboco\/"},{"@type":"ListItem","position":4,"name":"Kabelh\u00e5llare IBOCO | CL"}]},{"@type":"WebSite","@id":"https:\/\/c-profil.se\/#website","url":"https:\/\/c-profil.se\/","name":"C-Pro","description":"Products for Electricity and Automation","publisher":{"@id":"https:\/\/c-profil.se\/#organization"},"potentialAction":[{"@type":"SearchAction","target":{"@type":"EntryPoint","urlTemplate":"https:\/\/c-profil.se\/?s={search_term_string}"},"query-input":{"@type":"PropertyValueSpecification","valueRequired":true,"valueName":"search_term_string"}}],"inLanguage":"en"},{"@type":"Organization","@id":"https:\/\/c-profil.se\/#organization","name":"C-Pro","alternateName":"C-PRO","url":"https:\/\/c-profil.se\/","logo":{"@type":"ImageObject","inLanguage":"en","@id":"https:\/\/c-profil.se\/#\/schema\/logo\/image\/","url":"https:\/\/c-profil.se\/wp-content\/uploads\/2022\/03\/c-pro-logga-liggande-500x500-1.png","contentUrl":"https:\/\/c-profil.se\/wp-content\/uploads\/2022\/03\/c-pro-logga-liggande-500x500-1.png","width":500,"height":500,"caption":"C-Pro"},"image":{"@id":"https:\/\/c-profil.se\/#\/schema\/logo\/image\/"},"sameAs":["https:\/\/www.facebook.com\/people\/C-Pro\/61561767306874\/","https:\/\/www.linkedin.com\/company\/c-pro-ab","https:\/\/www.instagram.com\/cpro.ab\/"],"description":"C-PRO AB is a comprehensive supplier of materials for applications in electricity and automation. Ever since the start in 1987, we have supplied the Swedish manufacturing industry with electrical materials. Despite our size and leading position, we have never abandoned our basic philosophy, to be a personal supplier. We at C-PRO are easy to get in touch with, honest and passionate about solving our customers&#039; problems.","email":"info@c-profil.se","telephone":"031575785","legalName":"C-Profil F\u00f6rl\u00e4ggningsmaterial AB","foundingDate":"1987-01-01"}]},"product_brand":"dragning av kablage","product_price_currency":"SEK","og_availability":"instock","product_availability":"instock","product_retailer_item_id":"CL","product_condition":"new"},"_links":{"self":[{"href":"https:\/\/c-profil.se\/english\/wp-json\/wp\/v2\/product\/23881","targetHints":{"allow":["GET"]}}],"collection":[{"href":"https:\/\/c-profil.se\/english\/wp-json\/wp\/v2\/product"}],"about":[{"href":"https:\/\/c-profil.se\/english\/wp-json\/wp\/v2\/types\/product"}],"version-history":[{"count":8,"href":"https:\/\/c-profil.se\/english\/wp-json\/wp\/v2\/product\/23881\/revisions"}],"predecessor-version":[{"id":74333,"href":"https:\/\/c-profil.se\/english\/wp-json\/wp\/v2\/product\/23881\/revisions\/74333"}],"wp:featuredmedia":[{"embeddable":true,"href":"https:\/\/c-profil.se\/english\/wp-json\/wp\/v2\/media\/51327"}],"wp:attachment":[{"href":"https:\/\/c-profil.se\/english\/wp-json\/wp\/v2\/media?parent=23881"}],"wp:term":[{"taxonomy":"product_brand","embeddable":true,"href":"https:\/\/c-profil.se\/english\/wp-json\/wp\/v2\/product_brand?post=23881"},{"taxonomy":"product_cat","embeddable":true,"href":"https:\/\/c-profil.se\/english\/wp-json\/wp\/v2\/product_cat?post=23881"},{"taxonomy":"product_tag","embeddable":true,"href":"https:\/\/c-profil.se\/english\/wp-json\/wp\/v2\/product_tag?post=23881"}],"curies":[{"name":"wp","href":"https:\/\/api.w.org\/{rel}","templated":true}]}}