{"id":23879,"date":"2015-10-21T09:27:00","date_gmt":"2015-10-21T08:27:00","guid":{"rendered":"https:\/\/c-profil.se\/produkt\/kanallock-cov\/"},"modified":"2026-03-19T15:05:00","modified_gmt":"2026-03-19T14:05:00","slug":"cable-duct-cover-iboco-cov","status":"publish","type":"product","link":"https:\/\/c-profil.se\/english\/produkt\/kabelkanallock-iboco-cov\/","title":{"rendered":"Cable duct cover IBOCO | COV"},"content":{"rendered":"<p><strong>Cable duct cover COV is a loose cover for IBOCO cable ducts in rigid PVC.<\/strong>, designed for safe and durable cable coverage.<br \/>\nThe cover is self-extinguishing, UL and RoHS approved and can be cut to the desired length during installation.<\/p>","protected":false},"excerpt":{"rendered":"<p class=\"ai-optimize-30\"><strong>Cable duct cover \/ COV<\/strong> are loose covers for IBOCO PVC cable ducts. The covers are RoHS and UL approved, CSA certified and meet UL 94V0 for flame retardancy. The cover is held firmly on the cable duct and is made of rigid PVC plastic (self-extinguishing). Please note that IBOCO&#039;s cable duct is always supplied with a cover. However, we also offer the option to purchase loose covers separately to suit your needs. Don&#039;t wait, buy your loose covers at C-Pro!<\/p>\n<ul>\n<li class=\"ai-optimize-32\">We also perform cuts and adjustments according to your wishes<\/li>\n<\/ul>","protected":false},"featured_media":51309,"template":"","meta":{"_acf_changed":false},"product_brand":[739],"product_cat":[189],"product_tag":[970,1002],"class_list":{"0":"post-23879","1":"product","2":"type-product","3":"status-publish","4":"has-post-thumbnail","6":"product_brand-iboco","7":"product_cat-kabelkanaler-iboco","8":"product_tag-dragning-av-kablage","9":"product_tag-kabelkanaler","11":"first","12":"instock","13":"shipping-taxable","14":"product-type-simple"},"acf":[],"yoast_head":"<!-- This site is optimized with the Yoast SEO Premium plugin v27.4 (Yoast SEO v27.4) - https:\/\/yoast.com\/product\/yoast-seo-premium-wordpress\/ -->\n<title>Kabelkanallock IBOCO \/ COV - C-Pro<\/title>\n<meta name=\"description\" content=\"Kabelkanallock \/ COV \u00e4r l\u00f6sa lock f\u00f6r IBOCO kabelkanaler i PVC. Locken \u00e4r\u00a0RoHS och UL-godk\u00e4nda, CSA-certifierad och uppfyller UL 94V0.\" \/>\n<meta name=\"robots\" content=\"index, follow, max-snippet:-1, max-image-preview:large, max-video-preview:-1\" \/>\n<link rel=\"canonical\" href=\"https:\/\/c-profil.se\/english\/product\/cable-duct-cover-iboco-cov\/\" \/>\n<meta property=\"og:locale\" content=\"en_US\" \/>\n<meta property=\"og:type\" content=\"article\" \/>\n<meta property=\"og:title\" content=\"Kabelkanallock IBOCO | COV - C-Pro\" \/>\n<meta property=\"og:description\" content=\"Kabelkanallock \/ COV \u00e4r l\u00f6sa lock f\u00f6r IBOCO kabelkanaler i PVC. Locken \u00e4r RoHS och UL-godk\u00e4nda, CSA-certifierad och uppfyller UL 94V0 f\u00f6r flamskydd. Locket h\u00e5lls stadigt p\u00e5 kabelkanalen och \u00e4r i Styv PVC-plast (sj\u00e4lvslocknande). Observera att IBOCO&#039;s kabelkanal alltid levereras med lock. Men vi erbjuder ocks\u00e5 m\u00f6jligheten att k\u00f6pa l\u00f6sa lock separat f\u00f6r att passa dina behov. V\u00e4nta inte k\u00f6p dina l\u00f6sa lock hos C-Pro!    Vi utf\u00f6r kapningar och anpassningar efter era \u00f6nskem\u00e5l\" \/>\n<meta property=\"og:url\" content=\"https:\/\/c-profil.se\/english\/product\/cable-duct-cover-iboco-cov\/\" \/>\n<meta property=\"og:site_name\" content=\"C-Pro\" \/>\n<meta property=\"article:publisher\" content=\"https:\/\/www.facebook.com\/people\/C-Pro\/61561767306874\/\" \/>\n<meta property=\"article:modified_time\" content=\"2026-03-19T14:05:00+00:00\" \/>\n<meta property=\"og:image\" content=\"https:\/\/c-profil.se\/wp-content\/uploads\/2015\/10\/Kabelkanallock-IBOCO-COV.jpg\" \/>\n\t<meta property=\"og:image:width\" content=\"1000\" \/>\n\t<meta property=\"og:image:height\" content=\"1000\" \/>\n\t<meta property=\"og:image:type\" content=\"image\/jpeg\" \/>\n<meta name=\"twitter:card\" content=\"summary_large_image\" \/>\n<meta name=\"twitter:label1\" content=\"Price\" \/>\n\t<meta name=\"twitter:data1\" content=\"\" \/>\n\t<meta name=\"twitter:label2\" content=\"Availability\" \/>\n\t<meta name=\"twitter:data2\" content=\"In stock\" \/>\n<script type=\"application\/ld+json\" class=\"yoast-schema-graph\">{\"@context\":\"https:\\\/\\\/schema.org\",\"@graph\":[{\"@type\":\"WebPage\",\"@id\":\"https:\\\/\\\/c-profil.se\\\/produkt\\\/kabelkanallock-iboco-cov\\\/\",\"url\":\"https:\\\/\\\/c-profil.se\\\/produkt\\\/kabelkanallock-iboco-cov\\\/\",\"name\":\"Kabelkanallock IBOCO \\\/ COV - C-Pro\",\"isPartOf\":{\"@id\":\"https:\\\/\\\/c-profil.se\\\/#website\"},\"primaryImageOfPage\":{\"@id\":\"https:\\\/\\\/c-profil.se\\\/produkt\\\/kabelkanallock-iboco-cov\\\/#primaryimage\"},\"image\":{\"@id\":\"https:\\\/\\\/c-profil.se\\\/produkt\\\/kabelkanallock-iboco-cov\\\/#primaryimage\"},\"thumbnailUrl\":\"https:\\\/\\\/c-profil.se\\\/wp-content\\\/uploads\\\/2015\\\/10\\\/Kabelkanallock-IBOCO-COV.jpg\",\"datePublished\":\"2015-10-21T08:27:00+00:00\",\"dateModified\":\"2026-03-19T14:05:00+00:00\",\"description\":\"Kabelkanallock \\\/ COV \u00e4r l\u00f6sa lock f\u00f6r IBOCO kabelkanaler i PVC. Locken \u00e4r\u00a0RoHS och UL-godk\u00e4nda, CSA-certifierad och uppfyller UL 94V0.\",\"breadcrumb\":{\"@id\":\"https:\\\/\\\/c-profil.se\\\/produkt\\\/kabelkanallock-iboco-cov\\\/#breadcrumb\"},\"inLanguage\":\"en\",\"potentialAction\":[{\"@type\":\"ReadAction\",\"target\":[\"https:\\\/\\\/c-profil.se\\\/produkt\\\/kabelkanallock-iboco-cov\\\/\"]}]},{\"@type\":\"ImageObject\",\"inLanguage\":\"en\",\"@id\":\"https:\\\/\\\/c-profil.se\\\/produkt\\\/kabelkanallock-iboco-cov\\\/#primaryimage\",\"url\":\"https:\\\/\\\/c-profil.se\\\/wp-content\\\/uploads\\\/2015\\\/10\\\/Kabelkanallock-IBOCO-COV.jpg\",\"contentUrl\":\"https:\\\/\\\/c-profil.se\\\/wp-content\\\/uploads\\\/2015\\\/10\\\/Kabelkanallock-IBOCO-COV.jpg\",\"width\":1000,\"height\":1000,\"caption\":\"Kabelkanallock IBOCO COV\"},{\"@type\":\"BreadcrumbList\",\"@id\":\"https:\\\/\\\/c-profil.se\\\/produkt\\\/kabelkanallock-iboco-cov\\\/#breadcrumb\",\"itemListElement\":[{\"@type\":\"ListItem\",\"position\":1,\"name\":\"Hem\",\"item\":\"https:\\\/\\\/c-profil.se\\\/\"},{\"@type\":\"ListItem\",\"position\":2,\"name\":\"Produkter\",\"item\":\"https:\\\/\\\/c-profil.se\\\/produkter\\\/\"},{\"@type\":\"ListItem\",\"position\":3,\"name\":\"Kabelkanaler IBOCO\",\"item\":\"https:\\\/\\\/c-profil.se\\\/produkt-kategori\\\/kabelkanaler-iboco\\\/\"},{\"@type\":\"ListItem\",\"position\":4,\"name\":\"Kabelkanallock IBOCO | COV\"}]},{\"@type\":\"WebSite\",\"@id\":\"https:\\\/\\\/c-profil.se\\\/#website\",\"url\":\"https:\\\/\\\/c-profil.se\\\/\",\"name\":\"C-Pro\",\"description\":\"Produkter f\u00f6r El och Automation\",\"publisher\":{\"@id\":\"https:\\\/\\\/c-profil.se\\\/#organization\"},\"potentialAction\":[{\"@type\":\"SearchAction\",\"target\":{\"@type\":\"EntryPoint\",\"urlTemplate\":\"https:\\\/\\\/c-profil.se\\\/?s={search_term_string}\"},\"query-input\":{\"@type\":\"PropertyValueSpecification\",\"valueRequired\":true,\"valueName\":\"search_term_string\"}}],\"inLanguage\":\"en\"},{\"@type\":\"Organization\",\"@id\":\"https:\\\/\\\/c-profil.se\\\/#organization\",\"name\":\"C-Pro\",\"alternateName\":\"C-PRO\",\"url\":\"https:\\\/\\\/c-profil.se\\\/\",\"logo\":{\"@type\":\"ImageObject\",\"inLanguage\":\"en\",\"@id\":\"https:\\\/\\\/c-profil.se\\\/#\\\/schema\\\/logo\\\/image\\\/\",\"url\":\"https:\\\/\\\/c-profil.se\\\/wp-content\\\/uploads\\\/2022\\\/03\\\/c-pro-logga-liggande-500x500-1.png\",\"contentUrl\":\"https:\\\/\\\/c-profil.se\\\/wp-content\\\/uploads\\\/2022\\\/03\\\/c-pro-logga-liggande-500x500-1.png\",\"width\":500,\"height\":500,\"caption\":\"C-Pro\"},\"image\":{\"@id\":\"https:\\\/\\\/c-profil.se\\\/#\\\/schema\\\/logo\\\/image\\\/\"},\"sameAs\":[\"https:\\\/\\\/www.facebook.com\\\/people\\\/C-Pro\\\/61561767306874\\\/\",\"https:\\\/\\\/www.linkedin.com\\\/company\\\/c-pro-ab\",\"https:\\\/\\\/www.instagram.com\\\/cpro.ab\\\/\"],\"description\":\"C-PRO AB \u00e4r en helt\u00e4ckande leverant\u00f6r av material f\u00f6r applikationer inom el och automation. \u00c4nda sedan starten 1987 har vi f\u00f6rsett den svenska tillverkande industrin med elmaterial. Trots v\u00e5r storlek och ledande position har vi aldrig \u00f6vergett v\u00e5r grundfilosofi, att vara en personlig leverant\u00f6r. Vi p\u00e5 C-PRO \u00e4r l\u00e4tta att komma i kontakt med, \u00e4rliga och brinner f\u00f6r att l\u00f6sa v\u00e5ra kunders problem.\",\"email\":\"info@c-profil.se\",\"telephone\":\"031575785\",\"legalName\":\"C-Profil F\u00f6rl\u00e4ggningsmaterial AB\",\"foundingDate\":\"1987-01-01\"}]}<\/script>\n<meta property=\"product:brand\" content=\"dragning av kablage\" \/>\n<meta property=\"product:price:currency\" content=\"SEK\" \/>\n<meta property=\"og:availability\" content=\"instock\" \/>\n<meta property=\"product:availability\" content=\"instock\" \/>\n<meta property=\"product:retailer_item_id\" content=\"COV\" \/>\n<meta property=\"product:condition\" content=\"new\" \/>\n<!-- \/ Yoast SEO Premium plugin. -->","yoast_head_json":{"title":"Cable Duct cover IBOCO \/ COV - C-Pro","description":"Cable duct covers \/ COV are loose covers for IBOCO PVC cable ducts. The covers are RoHS and UL approved, CSA certified and meet UL 94V0.","robots":{"index":"index","follow":"follow","max-snippet":"max-snippet:-1","max-image-preview":"max-image-preview:large","max-video-preview":"max-video-preview:-1"},"canonical":"https:\/\/c-profil.se\/english\/product\/cable-duct-cover-iboco-cov\/","og_locale":"en_US","og_type":"article","og_title":"Kabelkanallock IBOCO | COV - C-Pro","og_description":"Kabelkanallock \/ COV \u00e4r l\u00f6sa lock f\u00f6r IBOCO kabelkanaler i PVC. Locken \u00e4r RoHS och UL-godk\u00e4nda, CSA-certifierad och uppfyller UL 94V0 f\u00f6r flamskydd. Locket h\u00e5lls stadigt p\u00e5 kabelkanalen och \u00e4r i Styv PVC-plast (sj\u00e4lvslocknande). Observera att IBOCO's kabelkanal alltid levereras med lock. Men vi erbjuder ocks\u00e5 m\u00f6jligheten att k\u00f6pa l\u00f6sa lock separat f\u00f6r att passa dina behov. V\u00e4nta inte k\u00f6p dina l\u00f6sa lock hos C-Pro!    Vi utf\u00f6r kapningar och anpassningar efter era \u00f6nskem\u00e5l","og_url":"https:\/\/c-profil.se\/english\/product\/cable-duct-cover-iboco-cov\/","og_site_name":"C-Pro","article_publisher":"https:\/\/www.facebook.com\/people\/C-Pro\/61561767306874\/","article_modified_time":"2026-03-19T14:05:00+00:00","og_image":[{"width":1000,"height":1000,"url":"https:\/\/c-profil.se\/wp-content\/uploads\/2015\/10\/Kabelkanallock-IBOCO-COV.jpg","type":"image\/jpeg"}],"twitter_card":"summary_large_image","twitter_misc":{"Price":"","Availability":"In stock"},"schema":{"@context":"https:\/\/schema.org","@graph":[{"@type":"WebPage","@id":"https:\/\/c-profil.se\/produkt\/kabelkanallock-iboco-cov\/","url":"https:\/\/c-profil.se\/produkt\/kabelkanallock-iboco-cov\/","name":"Cable Duct cover IBOCO \/ COV - C-Pro","isPartOf":{"@id":"https:\/\/c-profil.se\/#website"},"primaryImageOfPage":{"@id":"https:\/\/c-profil.se\/produkt\/kabelkanallock-iboco-cov\/#primaryimage"},"image":{"@id":"https:\/\/c-profil.se\/produkt\/kabelkanallock-iboco-cov\/#primaryimage"},"thumbnailUrl":"https:\/\/c-profil.se\/wp-content\/uploads\/2015\/10\/Kabelkanallock-IBOCO-COV.jpg","datePublished":"2015-10-21T08:27:00+00:00","dateModified":"2026-03-19T14:05:00+00:00","description":"Cable duct covers \/ COV are loose covers for IBOCO PVC cable ducts. The covers are RoHS and UL approved, CSA certified and meet UL 94V0.","breadcrumb":{"@id":"https:\/\/c-profil.se\/produkt\/kabelkanallock-iboco-cov\/#breadcrumb"},"inLanguage":"en","potentialAction":[{"@type":"ReadAction","target":["https:\/\/c-profil.se\/produkt\/kabelkanallock-iboco-cov\/"]}]},{"@type":"ImageObject","inLanguage":"en","@id":"https:\/\/c-profil.se\/produkt\/kabelkanallock-iboco-cov\/#primaryimage","url":"https:\/\/c-profil.se\/wp-content\/uploads\/2015\/10\/Kabelkanallock-IBOCO-COV.jpg","contentUrl":"https:\/\/c-profil.se\/wp-content\/uploads\/2015\/10\/Kabelkanallock-IBOCO-COV.jpg","width":1000,"height":1000,"caption":"Kabelkanallock IBOCO COV"},{"@type":"BreadcrumbList","@id":"https:\/\/c-profil.se\/produkt\/kabelkanallock-iboco-cov\/#breadcrumb","itemListElement":[{"@type":"ListItem","position":1,"name":"Hem","item":"https:\/\/c-profil.se\/"},{"@type":"ListItem","position":2,"name":"Produkter","item":"https:\/\/c-profil.se\/produkter\/"},{"@type":"ListItem","position":3,"name":"Kabelkanaler IBOCO","item":"https:\/\/c-profil.se\/produkt-kategori\/kabelkanaler-iboco\/"},{"@type":"ListItem","position":4,"name":"Kabelkanallock IBOCO | COV"}]},{"@type":"WebSite","@id":"https:\/\/c-profil.se\/#website","url":"https:\/\/c-profil.se\/","name":"C-Pro","description":"Products for Electricity and Automation","publisher":{"@id":"https:\/\/c-profil.se\/#organization"},"potentialAction":[{"@type":"SearchAction","target":{"@type":"EntryPoint","urlTemplate":"https:\/\/c-profil.se\/?s={search_term_string}"},"query-input":{"@type":"PropertyValueSpecification","valueRequired":true,"valueName":"search_term_string"}}],"inLanguage":"en"},{"@type":"Organization","@id":"https:\/\/c-profil.se\/#organization","name":"C-Pro","alternateName":"C-PRO","url":"https:\/\/c-profil.se\/","logo":{"@type":"ImageObject","inLanguage":"en","@id":"https:\/\/c-profil.se\/#\/schema\/logo\/image\/","url":"https:\/\/c-profil.se\/wp-content\/uploads\/2022\/03\/c-pro-logga-liggande-500x500-1.png","contentUrl":"https:\/\/c-profil.se\/wp-content\/uploads\/2022\/03\/c-pro-logga-liggande-500x500-1.png","width":500,"height":500,"caption":"C-Pro"},"image":{"@id":"https:\/\/c-profil.se\/#\/schema\/logo\/image\/"},"sameAs":["https:\/\/www.facebook.com\/people\/C-Pro\/61561767306874\/","https:\/\/www.linkedin.com\/company\/c-pro-ab","https:\/\/www.instagram.com\/cpro.ab\/"],"description":"C-PRO AB is a comprehensive supplier of materials for applications in electricity and automation. Ever since the start in 1987, we have supplied the Swedish manufacturing industry with electrical materials. Despite our size and leading position, we have never abandoned our basic philosophy, to be a personal supplier. We at C-PRO are easy to get in touch with, honest and passionate about solving our customers&#039; problems.","email":"info@c-profil.se","telephone":"031575785","legalName":"C-Profil F\u00f6rl\u00e4ggningsmaterial AB","foundingDate":"1987-01-01"}]},"product_brand":"dragning av kablage","product_price_currency":"SEK","og_availability":"instock","product_availability":"instock","product_retailer_item_id":"COV","product_condition":"new"},"_links":{"self":[{"href":"https:\/\/c-profil.se\/english\/wp-json\/wp\/v2\/product\/23879","targetHints":{"allow":["GET"]}}],"collection":[{"href":"https:\/\/c-profil.se\/english\/wp-json\/wp\/v2\/product"}],"about":[{"href":"https:\/\/c-profil.se\/english\/wp-json\/wp\/v2\/types\/product"}],"version-history":[{"count":9,"href":"https:\/\/c-profil.se\/english\/wp-json\/wp\/v2\/product\/23879\/revisions"}],"predecessor-version":[{"id":74332,"href":"https:\/\/c-profil.se\/english\/wp-json\/wp\/v2\/product\/23879\/revisions\/74332"}],"wp:featuredmedia":[{"embeddable":true,"href":"https:\/\/c-profil.se\/english\/wp-json\/wp\/v2\/media\/51309"}],"wp:attachment":[{"href":"https:\/\/c-profil.se\/english\/wp-json\/wp\/v2\/media?parent=23879"}],"wp:term":[{"taxonomy":"product_brand","embeddable":true,"href":"https:\/\/c-profil.se\/english\/wp-json\/wp\/v2\/product_brand?post=23879"},{"taxonomy":"product_cat","embeddable":true,"href":"https:\/\/c-profil.se\/english\/wp-json\/wp\/v2\/product_cat?post=23879"},{"taxonomy":"product_tag","embeddable":true,"href":"https:\/\/c-profil.se\/english\/wp-json\/wp\/v2\/product_tag?post=23879"}],"curies":[{"name":"wp","href":"https:\/\/api.w.org\/{rel}","templated":true}]}}