{"id":23870,"date":"2015-10-21T09:25:00","date_gmt":"2015-10-21T08:25:00","guid":{"rendered":"https:\/\/c-profil.se\/produkt\/sloman-marksystem\/"},"modified":"2026-03-19T15:05:02","modified_gmt":"2026-03-19T14:05:02","slug":"sloman-marking-system","status":"publish","type":"product","link":"https:\/\/c-profil.se\/english\/produkt\/sloman-marksystem\/","title":{"rendered":"Labeling system | Sl\u00f6man"},"content":{"rendered":"<p><strong>Sl\u00f6man is a patented marking system for clear and durable marking of cable ducts and electrical components.<\/strong><br \/>\nThe system is quick to install and is available in designs adapted for IBOCO, UNEX and Licatec \u2013 including a halogen-free option.<\/p>","protected":false},"excerpt":{"rendered":"<p class=\"ai-optimize-36 ai-optimize-introduction\">Marking System \/ Sl\u00f6man \u2013 Patented and Simple Marking for Cable Ducts and Components<\/p>\n<p class=\"ai-optimize-37\">Sl\u00f6man is our self-developed and patented marking system for clear and durable marking of cable ducts and electrical components. With easy installation and high user-friendliness, Sl\u00f6man is a popular choice among installers and electricians across the industry.<\/p>\n<p class=\"ai-optimize-38\"><strong>Advantages of the Sl\u00f6man Marking System:<\/strong><\/p>\n<ul>\n<li class=\"ai-optimize-39\"><strong>Quick and easy installation<\/strong> \u2013 Save time when marking cable ducts, electrical cabinets, and components.<\/li>\n<li class=\"ai-optimize-39\"><strong>Compatible with several brands \u2013<\/strong> The original Sl\u00f6man fits perfectly with our cable ducts from IBOCO, and our halogen-free Sl\u00f6man is adapted for UNEX and Licatec.<\/li>\n<li class=\"ai-optimize-39\"><strong>Halogen-free option<\/strong> \u2013 Choose an environmentally friendly and safe design where required.<\/li>\n<li class=\"ai-optimize-39\"><strong>Patented quality<\/strong> \u2013 Developed by us to meet high demands on clarity, durability, and compatibility.<\/li>\n<\/ul>\n<p class=\"ai-optimize-43\">With <strong data-start=\"1112\" data-end=\"1133\">the Sl\u00f6man marking system,<\/strong> you get a professional, flexible, and efficient solution for marking \u2013 whether it concerns industry, electrical installation, or automation.<\/p>\n<p class=\"ai-optimize-44\"><strong data-start=\"1273\" data-end=\"1329\">Do you have questions about our marking systems or cable ducts?<\/strong> <a href=\"mailto:info@c-profil.se\">Feel free to contact us<\/a> \u2013 we will help you find the right solution.<\/p>\n<p>&nbsp;<\/p>","protected":false},"featured_media":51297,"template":"","meta":{"_acf_changed":false},"product_brand":[],"product_cat":[602,189],"product_tag":[970,975,1002],"class_list":{"0":"post-23870","1":"product","2":"type-product","3":"status-publish","4":"has-post-thumbnail","6":"product_cat-kabelkanaler-halogenfria","7":"product_cat-kabelkanaler-iboco","8":"product_tag-dragning-av-kablage","9":"product_tag-fastsattning","10":"product_tag-kabelkanaler","12":"first","13":"instock","14":"shipping-taxable","15":"product-type-simple"},"acf":[],"yoast_head":"<!-- This site is optimized with the Yoast SEO Premium plugin v27.4 (Yoast SEO v27.4) - https:\/\/yoast.com\/product\/yoast-seo-premium-wordpress\/ -->\n<title>M\u00e4rksystem \/ Sl\u00f6man - C-Pro<\/title>\n<meta name=\"description\" content=\"Vi presenterar M\u00e4rksystem \/ Sl\u00f6man som \u00e4r v\u00e5rt egna patenterade system f\u00f6r m\u00e4rkning av kabelkanaler och komponenter. Snabb och enkel montering. L\u00e4s Mer!\" \/>\n<meta name=\"robots\" content=\"index, follow, max-snippet:-1, max-image-preview:large, max-video-preview:-1\" \/>\n<link rel=\"canonical\" href=\"https:\/\/c-profil.se\/english\/product\/sloman-marking-system\/\" \/>\n<meta property=\"og:locale\" content=\"en_US\" \/>\n<meta property=\"og:type\" content=\"article\" \/>\n<meta property=\"og:title\" content=\"M\u00e4rksystem | Sl\u00f6man - C-Pro\" \/>\n<meta property=\"og:description\" content=\"M\u00e4rksystem \/ Sl\u00f6man \u2013 Patenterad och enkel m\u00e4rkning f\u00f6r kabelkanaler och komponenter. Sl\u00f6man \u00e4r v\u00e5rt egenutvecklade och patenterade m\u00e4rksystem f\u00f6r tydlig och h\u00e5llbar m\u00e4rkning av kabelkanaler och elkomponenter. Med enkel montering och h\u00f6g anv\u00e4ndarv\u00e4nlighet \u00e4r Sl\u00f6man ett popul\u00e4rt val bland installat\u00f6rer och eltekniker i hela branschen. F\u00f6rdelar med Sl\u00f6man m\u00e4rksystem:    Snabb och smidig installation \u2013 Spara tid vid m\u00e4rkning av kabelkanaler, elsk\u00e5p och komponenter.  Kompatibel med flera fabrikat \u2013 Originalet Sl\u00f6man passar perfekt med v\u00e5ra kabelkanaler fr\u00e5n IBOCO, och v\u00e5rt halogenfria Sl\u00f6man \u00e4r anpassat f\u00f6r UNEX och Licatec.  Halogenfritt alternativ \u2013 V\u00e4lj ett milj\u00f6v\u00e4nligt och s\u00e4kert utf\u00f6rande d\u00e4r det kr\u00e4vs.  Patenterad kvalitet \u2013 Utvecklad av oss f\u00f6r att m\u00f6ta h\u00f6ga krav p\u00e5 tydlighet, h\u00e5llbarhet och kompatibilitet.  Med Sl\u00f6man m\u00e4rksystem f\u00e5r du en professionell, flexibel och effektiv l\u00f6sning f\u00f6r m\u00e4rkning \u2013 oavsett om det g\u00e4ller industri, elinstallation eller automation. Har du fr\u00e5gor om v\u00e5ra m\u00e4rksystem eller kabelkanaler? Kontakta oss g\u00e4rna \u2013 vi hj\u00e4lper dig att hitta r\u00e4tt l\u00f6sning. &nbsp;\" \/>\n<meta property=\"og:url\" content=\"https:\/\/c-profil.se\/english\/product\/sloman-marking-system\/\" \/>\n<meta property=\"og:site_name\" content=\"C-Pro\" \/>\n<meta property=\"article:publisher\" content=\"https:\/\/www.facebook.com\/people\/C-Pro\/61561767306874\/\" \/>\n<meta property=\"article:modified_time\" content=\"2026-03-19T14:05:02+00:00\" \/>\n<meta property=\"og:image\" content=\"https:\/\/c-profil.se\/wp-content\/uploads\/2024\/11\/Marksystem-Sloman.jpg\" \/>\n\t<meta property=\"og:image:width\" content=\"1000\" \/>\n\t<meta property=\"og:image:height\" content=\"1000\" \/>\n\t<meta property=\"og:image:type\" content=\"image\/jpeg\" \/>\n<meta name=\"twitter:card\" content=\"summary_large_image\" \/>\n<meta name=\"twitter:label1\" content=\"Price\" \/>\n\t<meta name=\"twitter:data1\" content=\"\" \/>\n\t<meta name=\"twitter:label2\" content=\"Availability\" \/>\n\t<meta name=\"twitter:data2\" content=\"In stock\" \/>\n<script type=\"application\/ld+json\" class=\"yoast-schema-graph\">{\"@context\":\"https:\\\/\\\/schema.org\",\"@graph\":[{\"@type\":\"WebPage\",\"@id\":\"https:\\\/\\\/c-profil.se\\\/produkt\\\/sloman-marksystem\\\/\",\"url\":\"https:\\\/\\\/c-profil.se\\\/produkt\\\/sloman-marksystem\\\/\",\"name\":\"M\u00e4rksystem \\\/ Sl\u00f6man - C-Pro\",\"isPartOf\":{\"@id\":\"https:\\\/\\\/c-profil.se\\\/#website\"},\"primaryImageOfPage\":{\"@id\":\"https:\\\/\\\/c-profil.se\\\/produkt\\\/sloman-marksystem\\\/#primaryimage\"},\"image\":{\"@id\":\"https:\\\/\\\/c-profil.se\\\/produkt\\\/sloman-marksystem\\\/#primaryimage\"},\"thumbnailUrl\":\"https:\\\/\\\/c-profil.se\\\/wp-content\\\/uploads\\\/2024\\\/11\\\/Marksystem-Sloman.jpg\",\"datePublished\":\"2015-10-21T08:25:00+00:00\",\"dateModified\":\"2026-03-19T14:05:02+00:00\",\"description\":\"Vi presenterar M\u00e4rksystem \\\/ Sl\u00f6man som \u00e4r v\u00e5rt egna patenterade system f\u00f6r m\u00e4rkning av kabelkanaler och komponenter. Snabb och enkel montering. L\u00e4s Mer!\",\"breadcrumb\":{\"@id\":\"https:\\\/\\\/c-profil.se\\\/produkt\\\/sloman-marksystem\\\/#breadcrumb\"},\"inLanguage\":\"en\",\"potentialAction\":[{\"@type\":\"ReadAction\",\"target\":[\"https:\\\/\\\/c-profil.se\\\/produkt\\\/sloman-marksystem\\\/\"]}]},{\"@type\":\"ImageObject\",\"inLanguage\":\"en\",\"@id\":\"https:\\\/\\\/c-profil.se\\\/produkt\\\/sloman-marksystem\\\/#primaryimage\",\"url\":\"https:\\\/\\\/c-profil.se\\\/wp-content\\\/uploads\\\/2024\\\/11\\\/Marksystem-Sloman.jpg\",\"contentUrl\":\"https:\\\/\\\/c-profil.se\\\/wp-content\\\/uploads\\\/2024\\\/11\\\/Marksystem-Sloman.jpg\",\"width\":1000,\"height\":1000,\"caption\":\"M\u00e4rksystem Sl\u00f6man f\u00f6r slitsade kabelkanaler\"},{\"@type\":\"BreadcrumbList\",\"@id\":\"https:\\\/\\\/c-profil.se\\\/produkt\\\/sloman-marksystem\\\/#breadcrumb\",\"itemListElement\":[{\"@type\":\"ListItem\",\"position\":1,\"name\":\"Hem\",\"item\":\"https:\\\/\\\/c-profil.se\\\/\"},{\"@type\":\"ListItem\",\"position\":2,\"name\":\"Produkter\",\"item\":\"https:\\\/\\\/c-profil.se\\\/produkter\\\/\"},{\"@type\":\"ListItem\",\"position\":3,\"name\":\"Kabelkanaler IBOCO\",\"item\":\"https:\\\/\\\/c-profil.se\\\/produkt-kategori\\\/kabelkanaler-iboco\\\/\"},{\"@type\":\"ListItem\",\"position\":4,\"name\":\"M\u00e4rksystem | Sl\u00f6man\"}]},{\"@type\":\"WebSite\",\"@id\":\"https:\\\/\\\/c-profil.se\\\/#website\",\"url\":\"https:\\\/\\\/c-profil.se\\\/\",\"name\":\"C-Pro\",\"description\":\"Produkter f\u00f6r El och Automation\",\"publisher\":{\"@id\":\"https:\\\/\\\/c-profil.se\\\/#organization\"},\"potentialAction\":[{\"@type\":\"SearchAction\",\"target\":{\"@type\":\"EntryPoint\",\"urlTemplate\":\"https:\\\/\\\/c-profil.se\\\/?s={search_term_string}\"},\"query-input\":{\"@type\":\"PropertyValueSpecification\",\"valueRequired\":true,\"valueName\":\"search_term_string\"}}],\"inLanguage\":\"en\"},{\"@type\":\"Organization\",\"@id\":\"https:\\\/\\\/c-profil.se\\\/#organization\",\"name\":\"C-Pro\",\"alternateName\":\"C-PRO\",\"url\":\"https:\\\/\\\/c-profil.se\\\/\",\"logo\":{\"@type\":\"ImageObject\",\"inLanguage\":\"en\",\"@id\":\"https:\\\/\\\/c-profil.se\\\/#\\\/schema\\\/logo\\\/image\\\/\",\"url\":\"https:\\\/\\\/c-profil.se\\\/wp-content\\\/uploads\\\/2022\\\/03\\\/c-pro-logga-liggande-500x500-1.png\",\"contentUrl\":\"https:\\\/\\\/c-profil.se\\\/wp-content\\\/uploads\\\/2022\\\/03\\\/c-pro-logga-liggande-500x500-1.png\",\"width\":500,\"height\":500,\"caption\":\"C-Pro\"},\"image\":{\"@id\":\"https:\\\/\\\/c-profil.se\\\/#\\\/schema\\\/logo\\\/image\\\/\"},\"sameAs\":[\"https:\\\/\\\/www.facebook.com\\\/people\\\/C-Pro\\\/61561767306874\\\/\",\"https:\\\/\\\/www.linkedin.com\\\/company\\\/c-pro-ab\",\"https:\\\/\\\/www.instagram.com\\\/cpro.ab\\\/\"],\"description\":\"C-PRO AB \u00e4r en helt\u00e4ckande leverant\u00f6r av material f\u00f6r applikationer inom el och automation. \u00c4nda sedan starten 1987 har vi f\u00f6rsett den svenska tillverkande industrin med elmaterial. Trots v\u00e5r storlek och ledande position har vi aldrig \u00f6vergett v\u00e5r grundfilosofi, att vara en personlig leverant\u00f6r. Vi p\u00e5 C-PRO \u00e4r l\u00e4tta att komma i kontakt med, \u00e4rliga och brinner f\u00f6r att l\u00f6sa v\u00e5ra kunders problem.\",\"email\":\"info@c-profil.se\",\"telephone\":\"031575785\",\"legalName\":\"C-Profil F\u00f6rl\u00e4ggningsmaterial AB\",\"foundingDate\":\"1987-01-01\"}]}<\/script>\n<meta property=\"product:brand\" content=\"dragning av kablage\" \/>\n<meta property=\"product:price:currency\" content=\"SEK\" \/>\n<meta property=\"og:availability\" content=\"instock\" \/>\n<meta property=\"product:availability\" content=\"instock\" \/>\n<meta property=\"product:retailer_item_id\" content=\"Sl\u00f6man\" \/>\n<meta property=\"product:condition\" content=\"new\" \/>\n<!-- \/ Yoast SEO Premium plugin. -->","yoast_head_json":{"title":"Marking System \/ Sl\u00f6man","description":"We present Marking System \/ Sl\u00f6man, which is our own patented system for marking cable ducts and components. Quick and easy installation. Read more!","robots":{"index":"index","follow":"follow","max-snippet":"max-snippet:-1","max-image-preview":"max-image-preview:large","max-video-preview":"max-video-preview:-1"},"canonical":"https:\/\/c-profil.se\/english\/product\/sloman-marking-system\/","og_locale":"en_US","og_type":"article","og_title":"M\u00e4rksystem | Sl\u00f6man - C-Pro","og_description":"M\u00e4rksystem \/ Sl\u00f6man \u2013 Patenterad och enkel m\u00e4rkning f\u00f6r kabelkanaler och komponenter. Sl\u00f6man \u00e4r v\u00e5rt egenutvecklade och patenterade m\u00e4rksystem f\u00f6r tydlig och h\u00e5llbar m\u00e4rkning av kabelkanaler och elkomponenter. Med enkel montering och h\u00f6g anv\u00e4ndarv\u00e4nlighet \u00e4r Sl\u00f6man ett popul\u00e4rt val bland installat\u00f6rer och eltekniker i hela branschen. F\u00f6rdelar med Sl\u00f6man m\u00e4rksystem:    Snabb och smidig installation \u2013 Spara tid vid m\u00e4rkning av kabelkanaler, elsk\u00e5p och komponenter.  Kompatibel med flera fabrikat \u2013 Originalet Sl\u00f6man passar perfekt med v\u00e5ra kabelkanaler fr\u00e5n IBOCO, och v\u00e5rt halogenfria Sl\u00f6man \u00e4r anpassat f\u00f6r UNEX och Licatec.  Halogenfritt alternativ \u2013 V\u00e4lj ett milj\u00f6v\u00e4nligt och s\u00e4kert utf\u00f6rande d\u00e4r det kr\u00e4vs.  Patenterad kvalitet \u2013 Utvecklad av oss f\u00f6r att m\u00f6ta h\u00f6ga krav p\u00e5 tydlighet, h\u00e5llbarhet och kompatibilitet.  Med Sl\u00f6man m\u00e4rksystem f\u00e5r du en professionell, flexibel och effektiv l\u00f6sning f\u00f6r m\u00e4rkning \u2013 oavsett om det g\u00e4ller industri, elinstallation eller automation. Har du fr\u00e5gor om v\u00e5ra m\u00e4rksystem eller kabelkanaler? Kontakta oss g\u00e4rna \u2013 vi hj\u00e4lper dig att hitta r\u00e4tt l\u00f6sning. &nbsp;","og_url":"https:\/\/c-profil.se\/english\/product\/sloman-marking-system\/","og_site_name":"C-Pro","article_publisher":"https:\/\/www.facebook.com\/people\/C-Pro\/61561767306874\/","article_modified_time":"2026-03-19T14:05:02+00:00","og_image":[{"width":1000,"height":1000,"url":"https:\/\/c-profil.se\/wp-content\/uploads\/2024\/11\/Marksystem-Sloman.jpg","type":"image\/jpeg"}],"twitter_card":"summary_large_image","twitter_misc":{"Price":"","Availability":"In stock"},"schema":{"@context":"https:\/\/schema.org","@graph":[{"@type":"WebPage","@id":"https:\/\/c-profil.se\/produkt\/sloman-marksystem\/","url":"https:\/\/c-profil.se\/produkt\/sloman-marksystem\/","name":"Marking System \/ Sl\u00f6man","isPartOf":{"@id":"https:\/\/c-profil.se\/#website"},"primaryImageOfPage":{"@id":"https:\/\/c-profil.se\/produkt\/sloman-marksystem\/#primaryimage"},"image":{"@id":"https:\/\/c-profil.se\/produkt\/sloman-marksystem\/#primaryimage"},"thumbnailUrl":"https:\/\/c-profil.se\/wp-content\/uploads\/2024\/11\/Marksystem-Sloman.jpg","datePublished":"2015-10-21T08:25:00+00:00","dateModified":"2026-03-19T14:05:02+00:00","description":"We present Marking System \/ Sl\u00f6man, which is our own patented system for marking cable ducts and components. Quick and easy installation. Read more!","breadcrumb":{"@id":"https:\/\/c-profil.se\/produkt\/sloman-marksystem\/#breadcrumb"},"inLanguage":"en","potentialAction":[{"@type":"ReadAction","target":["https:\/\/c-profil.se\/produkt\/sloman-marksystem\/"]}]},{"@type":"ImageObject","inLanguage":"en","@id":"https:\/\/c-profil.se\/produkt\/sloman-marksystem\/#primaryimage","url":"https:\/\/c-profil.se\/wp-content\/uploads\/2024\/11\/Marksystem-Sloman.jpg","contentUrl":"https:\/\/c-profil.se\/wp-content\/uploads\/2024\/11\/Marksystem-Sloman.jpg","width":1000,"height":1000,"caption":"M\u00e4rksystem Sl\u00f6man f\u00f6r slitsade kabelkanaler"},{"@type":"BreadcrumbList","@id":"https:\/\/c-profil.se\/produkt\/sloman-marksystem\/#breadcrumb","itemListElement":[{"@type":"ListItem","position":1,"name":"Hem","item":"https:\/\/c-profil.se\/"},{"@type":"ListItem","position":2,"name":"Produkter","item":"https:\/\/c-profil.se\/produkter\/"},{"@type":"ListItem","position":3,"name":"Kabelkanaler IBOCO","item":"https:\/\/c-profil.se\/produkt-kategori\/kabelkanaler-iboco\/"},{"@type":"ListItem","position":4,"name":"M\u00e4rksystem | Sl\u00f6man"}]},{"@type":"WebSite","@id":"https:\/\/c-profil.se\/#website","url":"https:\/\/c-profil.se\/","name":"C-Pro","description":"Products for Electricity and Automation","publisher":{"@id":"https:\/\/c-profil.se\/#organization"},"potentialAction":[{"@type":"SearchAction","target":{"@type":"EntryPoint","urlTemplate":"https:\/\/c-profil.se\/?s={search_term_string}"},"query-input":{"@type":"PropertyValueSpecification","valueRequired":true,"valueName":"search_term_string"}}],"inLanguage":"en"},{"@type":"Organization","@id":"https:\/\/c-profil.se\/#organization","name":"C-Pro","alternateName":"C-PRO","url":"https:\/\/c-profil.se\/","logo":{"@type":"ImageObject","inLanguage":"en","@id":"https:\/\/c-profil.se\/#\/schema\/logo\/image\/","url":"https:\/\/c-profil.se\/wp-content\/uploads\/2022\/03\/c-pro-logga-liggande-500x500-1.png","contentUrl":"https:\/\/c-profil.se\/wp-content\/uploads\/2022\/03\/c-pro-logga-liggande-500x500-1.png","width":500,"height":500,"caption":"C-Pro"},"image":{"@id":"https:\/\/c-profil.se\/#\/schema\/logo\/image\/"},"sameAs":["https:\/\/www.facebook.com\/people\/C-Pro\/61561767306874\/","https:\/\/www.linkedin.com\/company\/c-pro-ab","https:\/\/www.instagram.com\/cpro.ab\/"],"description":"C-PRO AB is a comprehensive supplier of materials for applications in electricity and automation. Ever since the start in 1987, we have supplied the Swedish manufacturing industry with electrical materials. Despite our size and leading position, we have never abandoned our basic philosophy, to be a personal supplier. We at C-PRO are easy to get in touch with, honest and passionate about solving our customers&#039; problems.","email":"info@c-profil.se","telephone":"031575785","legalName":"C-Profil F\u00f6rl\u00e4ggningsmaterial AB","foundingDate":"1987-01-01"}]},"product_brand":"dragning av kablage","product_price_currency":"SEK","og_availability":"instock","product_availability":"instock","product_retailer_item_id":"Sl\u00f6man","product_condition":"new"},"_links":{"self":[{"href":"https:\/\/c-profil.se\/english\/wp-json\/wp\/v2\/product\/23870","targetHints":{"allow":["GET"]}}],"collection":[{"href":"https:\/\/c-profil.se\/english\/wp-json\/wp\/v2\/product"}],"about":[{"href":"https:\/\/c-profil.se\/english\/wp-json\/wp\/v2\/types\/product"}],"version-history":[{"count":8,"href":"https:\/\/c-profil.se\/english\/wp-json\/wp\/v2\/product\/23870\/revisions"}],"predecessor-version":[{"id":74326,"href":"https:\/\/c-profil.se\/english\/wp-json\/wp\/v2\/product\/23870\/revisions\/74326"}],"wp:featuredmedia":[{"embeddable":true,"href":"https:\/\/c-profil.se\/english\/wp-json\/wp\/v2\/media\/51297"}],"wp:attachment":[{"href":"https:\/\/c-profil.se\/english\/wp-json\/wp\/v2\/media?parent=23870"}],"wp:term":[{"taxonomy":"product_brand","embeddable":true,"href":"https:\/\/c-profil.se\/english\/wp-json\/wp\/v2\/product_brand?post=23870"},{"taxonomy":"product_cat","embeddable":true,"href":"https:\/\/c-profil.se\/english\/wp-json\/wp\/v2\/product_cat?post=23870"},{"taxonomy":"product_tag","embeddable":true,"href":"https:\/\/c-profil.se\/english\/wp-json\/wp\/v2\/product_tag?post=23870"}],"curies":[{"name":"wp","href":"https:\/\/api.w.org\/{rel}","templated":true}]}}