{"id":23854,"date":"2015-10-21T09:10:00","date_gmt":"2015-10-21T08:10:00","guid":{"rendered":"https:\/\/c-profil.se\/produkt\/kabelkanal-t1\/"},"modified":"2026-03-19T15:05:06","modified_gmt":"2026-03-19T14:05:06","slug":"cable-duct-slotted-iboco-t1","status":"publish","type":"product","link":"https:\/\/c-profil.se\/english\/produkt\/kabelkanal-slitsad-iboco-t1\/","title":{"rendered":"Cable duct IBOCO | T1"},"content":{"rendered":"<p><strong>IBOCO T1 is a wide-slotted cable duct for thick cables and wires<\/strong>, designed for robust and long-term cable management in control cabinets and switchboards.<br \/>\nThe extra strong bottom and side walls provide high stability even in demanding industrial environments.<\/p>","protected":false},"excerpt":{"rendered":"<p class=\"ai-optimize-37\"><strong>Cable channel \/ T1<\/strong> \u2013 Wide-slotted cable duct for thick cables.<\/p>\n<p class=\"ai-optimize-37\">IBOCO T1 wide slotted cable duct is a powerful and practical solution for handling cables and wires with larger dimensions. The cable duct comes complete with a cover and is designed to provide robust and reliable cable management in, for example, control cabinets, electrical cabinets and control cabinets.<\/p>\n<p class=\"ai-optimize-38\"><strong>Advantages of IBOCO T1 wide-slotted cable duct:<\/strong><\/p>\n<ul>\n<li class=\"ai-optimize-39\"><strong>For thick cables and wires<\/strong> \u2013 The wide slot design makes it easy to organize and route larger cables neatly and securely.<\/li>\n<li class=\"ai-optimize-40\"><strong>Strong construction<\/strong> \u2013 Extra thick bottom and sides ensure durability and long life, even in demanding environments.<\/li>\n<li class=\"ai-optimize-41\"><strong>Professional cable management<\/strong> \u2013 A smart alternative for a more structured and easy-to-maintain installation.<\/li>\n<li class=\"ai-optimize-42\"><strong>Suitable for multiple applications<\/strong> \u2013 Used advantageously in control cabinets, enclosures, electrical cabinets and control cabinets where order and accessibility are important.<\/li>\n<\/ul>\n<p class=\"ai-optimize-43\">We also offer <strong>cutting and adapting cable ducts to your specific needs<\/strong> \u2013 quickly and accurately. Don&#039;t hesitate to contact us for advice or a quote!<\/p>","protected":false},"featured_media":51306,"template":"","meta":{"_acf_changed":false},"product_brand":[739],"product_cat":[189],"product_tag":[970,946,1002],"class_list":{"0":"post-23854","1":"product","2":"type-product","3":"status-publish","4":"has-post-thumbnail","6":"product_brand-iboco","7":"product_cat-kabelkanaler-iboco","8":"product_tag-dragning-av-kablage","9":"product_tag-kabelhantering-i-apparatskap","10":"product_tag-kabelkanaler","12":"first","13":"instock","14":"shipping-taxable","15":"product-type-simple"},"acf":[],"yoast_head":"<!-- This site is optimized with the Yoast SEO Premium plugin v27.5 (Yoast SEO v27.5) - https:\/\/yoast.com\/product\/yoast-seo-premium-wordpress\/ -->\n<title>Kabelkanal IBOCO | T1 - C-Pro<\/title>\n<meta name=\"description\" content=\"Kabelkanal \/ T1 \u00e4r en bred slitsad kabelkana\u00f6 och levereras med lock. Idealisk f\u00f6r ledningar i grova dimensioner. L\u00e4s Mer!\" \/>\n<meta name=\"robots\" content=\"index, follow, max-snippet:-1, max-image-preview:large, max-video-preview:-1\" \/>\n<link rel=\"canonical\" href=\"https:\/\/c-profil.se\/english\/product\/cable-duct-slotted-iboco-t1\/\" \/>\n<meta property=\"og:locale\" content=\"en_US\" \/>\n<meta property=\"og:type\" content=\"article\" \/>\n<meta property=\"og:title\" content=\"Kabelkanal IBOCO | T1 - C-Pro\" \/>\n<meta property=\"og:description\" content=\"Kabelkanal \/ T1 \u2013 Bredslitsad kabelkanal f\u00f6r grova kablar. IBOCO T1 bredslitsad kabelkanal \u00e4r en kraftfull och praktisk l\u00f6sning f\u00f6r hantering av kablar och ledningar med st\u00f6rre dimensioner. Kabelkanalen levereras komplett med lock och \u00e4r utformad f\u00f6r att ge en robust och p\u00e5litlig kabelhantering i exempelvis apparatsk\u00e5p, elsk\u00e5p och styrsk\u00e5p. F\u00f6rdelar med IBOCO T1 bredslitsad kabelkanal:    F\u00f6r grova kablar och ledningar \u2013 Den breda slitsdesignen g\u00f6r det enkelt att organisera och dra st\u00f6rre kablar p\u00e5 ett snyggt och s\u00e4kert s\u00e4tt.  Stark konstruktion \u2013 Extra tjock botten och sidor s\u00e4kerst\u00e4ller h\u00e5llbarhet och l\u00e5ng livsl\u00e4ngd, \u00e4ven i kr\u00e4vande milj\u00f6er.  Professionell kabelhantering \u2013 Ett smart alternativ f\u00f6r en mer strukturerad och l\u00e4ttservad installation.  Passar flera applikationer \u2013 Anv\u00e4nds med f\u00f6rdel i apparatsk\u00e5p, kapslingar, elsk\u00e5p och styrsk\u00e5p d\u00e4r ordning och tillg\u00e4nglighet \u00e4r viktigt.  Vi erbjuder \u00e4ven kapning och anpassning av kabelkanaler efter dina specifika behov \u2013 snabbt och exakt. Tveka inte att kontakta oss f\u00f6r r\u00e5dgivning eller offert!\" \/>\n<meta property=\"og:url\" content=\"https:\/\/c-profil.se\/english\/product\/cable-duct-slotted-iboco-t1\/\" \/>\n<meta property=\"og:site_name\" content=\"C-Pro\" \/>\n<meta property=\"article:publisher\" content=\"https:\/\/www.facebook.com\/people\/C-Pro\/61561767306874\/\" \/>\n<meta property=\"article:modified_time\" content=\"2026-03-19T14:05:06+00:00\" \/>\n<meta property=\"og:image\" content=\"https:\/\/c-profil.se\/wp-content\/uploads\/2015\/10\/Kabelkanal-Slitsad-IBOCO-T1.jpg\" \/>\n\t<meta property=\"og:image:width\" content=\"1000\" \/>\n\t<meta property=\"og:image:height\" content=\"1000\" \/>\n\t<meta property=\"og:image:type\" content=\"image\/jpeg\" \/>\n<meta name=\"twitter:card\" content=\"summary_large_image\" \/>\n<meta name=\"twitter:label1\" content=\"Price\" \/>\n\t<meta name=\"twitter:data1\" content=\"\" \/>\n\t<meta name=\"twitter:label2\" content=\"Availability\" \/>\n\t<meta name=\"twitter:data2\" content=\"In stock\" \/>\n<script type=\"application\/ld+json\" class=\"yoast-schema-graph\">{\"@context\":\"https:\\\/\\\/schema.org\",\"@graph\":[{\"@type\":\"WebPage\",\"@id\":\"https:\\\/\\\/c-profil.se\\\/produkt\\\/kabelkanal-slitsad-iboco-t1\\\/\",\"url\":\"https:\\\/\\\/c-profil.se\\\/produkt\\\/kabelkanal-slitsad-iboco-t1\\\/\",\"name\":\"Kabelkanal IBOCO | T1 - C-Pro\",\"isPartOf\":{\"@id\":\"https:\\\/\\\/c-profil.se\\\/#website\"},\"primaryImageOfPage\":{\"@id\":\"https:\\\/\\\/c-profil.se\\\/produkt\\\/kabelkanal-slitsad-iboco-t1\\\/#primaryimage\"},\"image\":{\"@id\":\"https:\\\/\\\/c-profil.se\\\/produkt\\\/kabelkanal-slitsad-iboco-t1\\\/#primaryimage\"},\"thumbnailUrl\":\"https:\\\/\\\/c-profil.se\\\/wp-content\\\/uploads\\\/2015\\\/10\\\/Kabelkanal-Slitsad-IBOCO-T1.jpg\",\"datePublished\":\"2015-10-21T08:10:00+00:00\",\"dateModified\":\"2026-03-19T14:05:06+00:00\",\"description\":\"Kabelkanal \\\/ T1 \u00e4r en bred slitsad kabelkana\u00f6 och levereras med lock. Idealisk f\u00f6r ledningar i grova dimensioner. L\u00e4s Mer!\",\"breadcrumb\":{\"@id\":\"https:\\\/\\\/c-profil.se\\\/produkt\\\/kabelkanal-slitsad-iboco-t1\\\/#breadcrumb\"},\"inLanguage\":\"en\",\"potentialAction\":[{\"@type\":\"ReadAction\",\"target\":[\"https:\\\/\\\/c-profil.se\\\/produkt\\\/kabelkanal-slitsad-iboco-t1\\\/\"]}]},{\"@type\":\"ImageObject\",\"inLanguage\":\"en\",\"@id\":\"https:\\\/\\\/c-profil.se\\\/produkt\\\/kabelkanal-slitsad-iboco-t1\\\/#primaryimage\",\"url\":\"https:\\\/\\\/c-profil.se\\\/wp-content\\\/uploads\\\/2015\\\/10\\\/Kabelkanal-Slitsad-IBOCO-T1.jpg\",\"contentUrl\":\"https:\\\/\\\/c-profil.se\\\/wp-content\\\/uploads\\\/2015\\\/10\\\/Kabelkanal-Slitsad-IBOCO-T1.jpg\",\"width\":1000,\"height\":1000,\"caption\":\"Kabelkanal Slitsad IBOCO T1\"},{\"@type\":\"BreadcrumbList\",\"@id\":\"https:\\\/\\\/c-profil.se\\\/produkt\\\/kabelkanal-slitsad-iboco-t1\\\/#breadcrumb\",\"itemListElement\":[{\"@type\":\"ListItem\",\"position\":1,\"name\":\"Hem\",\"item\":\"https:\\\/\\\/c-profil.se\\\/\"},{\"@type\":\"ListItem\",\"position\":2,\"name\":\"Produkter\",\"item\":\"https:\\\/\\\/c-profil.se\\\/produkter\\\/\"},{\"@type\":\"ListItem\",\"position\":3,\"name\":\"Kabelkanaler IBOCO\",\"item\":\"https:\\\/\\\/c-profil.se\\\/produkt-kategori\\\/kabelkanaler-iboco\\\/\"},{\"@type\":\"ListItem\",\"position\":4,\"name\":\"Kabelkanal IBOCO | T1\"}]},{\"@type\":\"WebSite\",\"@id\":\"https:\\\/\\\/c-profil.se\\\/#website\",\"url\":\"https:\\\/\\\/c-profil.se\\\/\",\"name\":\"C-Pro\",\"description\":\"Produkter f\u00f6r El och Automation\",\"publisher\":{\"@id\":\"https:\\\/\\\/c-profil.se\\\/#organization\"},\"potentialAction\":[{\"@type\":\"SearchAction\",\"target\":{\"@type\":\"EntryPoint\",\"urlTemplate\":\"https:\\\/\\\/c-profil.se\\\/?s={search_term_string}\"},\"query-input\":{\"@type\":\"PropertyValueSpecification\",\"valueRequired\":true,\"valueName\":\"search_term_string\"}}],\"inLanguage\":\"en\"},{\"@type\":\"Organization\",\"@id\":\"https:\\\/\\\/c-profil.se\\\/#organization\",\"name\":\"C-Pro\",\"alternateName\":\"C-PRO\",\"url\":\"https:\\\/\\\/c-profil.se\\\/\",\"logo\":{\"@type\":\"ImageObject\",\"inLanguage\":\"en\",\"@id\":\"https:\\\/\\\/c-profil.se\\\/#\\\/schema\\\/logo\\\/image\\\/\",\"url\":\"https:\\\/\\\/c-profil.se\\\/wp-content\\\/uploads\\\/2022\\\/03\\\/c-pro-logga-liggande-500x500-1.png\",\"contentUrl\":\"https:\\\/\\\/c-profil.se\\\/wp-content\\\/uploads\\\/2022\\\/03\\\/c-pro-logga-liggande-500x500-1.png\",\"width\":500,\"height\":500,\"caption\":\"C-Pro\"},\"image\":{\"@id\":\"https:\\\/\\\/c-profil.se\\\/#\\\/schema\\\/logo\\\/image\\\/\"},\"sameAs\":[\"https:\\\/\\\/www.facebook.com\\\/people\\\/C-Pro\\\/61561767306874\\\/\",\"https:\\\/\\\/www.linkedin.com\\\/company\\\/c-pro-ab\",\"https:\\\/\\\/www.instagram.com\\\/cpro.ab\\\/\"],\"description\":\"C-PRO AB \u00e4r en helt\u00e4ckande leverant\u00f6r av material f\u00f6r applikationer inom el och automation. \u00c4nda sedan starten 1987 har vi f\u00f6rsett den svenska tillverkande industrin med elmaterial. Trots v\u00e5r storlek och ledande position har vi aldrig \u00f6vergett v\u00e5r grundfilosofi, att vara en personlig leverant\u00f6r. Vi p\u00e5 C-PRO \u00e4r l\u00e4tta att komma i kontakt med, \u00e4rliga och brinner f\u00f6r att l\u00f6sa v\u00e5ra kunders problem.\",\"email\":\"info@c-profil.se\",\"telephone\":\"031575785\",\"legalName\":\"C-Profil F\u00f6rl\u00e4ggningsmaterial AB\",\"foundingDate\":\"1987-01-01\"}]}<\/script>\n<meta property=\"product:brand\" content=\"dragning av kablage\" \/>\n<meta property=\"product:price:currency\" content=\"SEK\" \/>\n<meta property=\"og:availability\" content=\"instock\" \/>\n<meta property=\"product:availability\" content=\"instock\" \/>\n<meta property=\"product:retailer_item_id\" content=\"T1\" \/>\n<meta property=\"product:condition\" content=\"new\" \/>\n<!-- \/ Yoast SEO Premium plugin. -->","yoast_head_json":{"title":"Cable duct IBOCO | T1 - C-Pro","description":"Cable duct \/ T1 is a wide slotted cable duct and comes with a lid. Ideal for cables in large dimensions. Read More!","robots":{"index":"index","follow":"follow","max-snippet":"max-snippet:-1","max-image-preview":"max-image-preview:large","max-video-preview":"max-video-preview:-1"},"canonical":"https:\/\/c-profil.se\/english\/product\/cable-duct-slotted-iboco-t1\/","og_locale":"en_US","og_type":"article","og_title":"Kabelkanal IBOCO | T1 - C-Pro","og_description":"Kabelkanal \/ T1 \u2013 Bredslitsad kabelkanal f\u00f6r grova kablar. IBOCO T1 bredslitsad kabelkanal \u00e4r en kraftfull och praktisk l\u00f6sning f\u00f6r hantering av kablar och ledningar med st\u00f6rre dimensioner. Kabelkanalen levereras komplett med lock och \u00e4r utformad f\u00f6r att ge en robust och p\u00e5litlig kabelhantering i exempelvis apparatsk\u00e5p, elsk\u00e5p och styrsk\u00e5p. F\u00f6rdelar med IBOCO T1 bredslitsad kabelkanal:    F\u00f6r grova kablar och ledningar \u2013 Den breda slitsdesignen g\u00f6r det enkelt att organisera och dra st\u00f6rre kablar p\u00e5 ett snyggt och s\u00e4kert s\u00e4tt.  Stark konstruktion \u2013 Extra tjock botten och sidor s\u00e4kerst\u00e4ller h\u00e5llbarhet och l\u00e5ng livsl\u00e4ngd, \u00e4ven i kr\u00e4vande milj\u00f6er.  Professionell kabelhantering \u2013 Ett smart alternativ f\u00f6r en mer strukturerad och l\u00e4ttservad installation.  Passar flera applikationer \u2013 Anv\u00e4nds med f\u00f6rdel i apparatsk\u00e5p, kapslingar, elsk\u00e5p och styrsk\u00e5p d\u00e4r ordning och tillg\u00e4nglighet \u00e4r viktigt.  Vi erbjuder \u00e4ven kapning och anpassning av kabelkanaler efter dina specifika behov \u2013 snabbt och exakt. Tveka inte att kontakta oss f\u00f6r r\u00e5dgivning eller offert!","og_url":"https:\/\/c-profil.se\/english\/product\/cable-duct-slotted-iboco-t1\/","og_site_name":"C-Pro","article_publisher":"https:\/\/www.facebook.com\/people\/C-Pro\/61561767306874\/","article_modified_time":"2026-03-19T14:05:06+00:00","og_image":[{"width":1000,"height":1000,"url":"https:\/\/c-profil.se\/wp-content\/uploads\/2015\/10\/Kabelkanal-Slitsad-IBOCO-T1.jpg","type":"image\/jpeg"}],"twitter_card":"summary_large_image","twitter_misc":{"Price":"","Availability":"In stock"},"schema":{"@context":"https:\/\/schema.org","@graph":[{"@type":"WebPage","@id":"https:\/\/c-profil.se\/produkt\/kabelkanal-slitsad-iboco-t1\/","url":"https:\/\/c-profil.se\/produkt\/kabelkanal-slitsad-iboco-t1\/","name":"Cable duct IBOCO | T1 - C-Pro","isPartOf":{"@id":"https:\/\/c-profil.se\/#website"},"primaryImageOfPage":{"@id":"https:\/\/c-profil.se\/produkt\/kabelkanal-slitsad-iboco-t1\/#primaryimage"},"image":{"@id":"https:\/\/c-profil.se\/produkt\/kabelkanal-slitsad-iboco-t1\/#primaryimage"},"thumbnailUrl":"https:\/\/c-profil.se\/wp-content\/uploads\/2015\/10\/Kabelkanal-Slitsad-IBOCO-T1.jpg","datePublished":"2015-10-21T08:10:00+00:00","dateModified":"2026-03-19T14:05:06+00:00","description":"Cable duct \/ T1 is a wide slotted cable duct and comes with a lid. Ideal for cables in large dimensions. Read More!","breadcrumb":{"@id":"https:\/\/c-profil.se\/produkt\/kabelkanal-slitsad-iboco-t1\/#breadcrumb"},"inLanguage":"en","potentialAction":[{"@type":"ReadAction","target":["https:\/\/c-profil.se\/produkt\/kabelkanal-slitsad-iboco-t1\/"]}]},{"@type":"ImageObject","inLanguage":"en","@id":"https:\/\/c-profil.se\/produkt\/kabelkanal-slitsad-iboco-t1\/#primaryimage","url":"https:\/\/c-profil.se\/wp-content\/uploads\/2015\/10\/Kabelkanal-Slitsad-IBOCO-T1.jpg","contentUrl":"https:\/\/c-profil.se\/wp-content\/uploads\/2015\/10\/Kabelkanal-Slitsad-IBOCO-T1.jpg","width":1000,"height":1000,"caption":"Kabelkanal Slitsad IBOCO T1"},{"@type":"BreadcrumbList","@id":"https:\/\/c-profil.se\/produkt\/kabelkanal-slitsad-iboco-t1\/#breadcrumb","itemListElement":[{"@type":"ListItem","position":1,"name":"Hem","item":"https:\/\/c-profil.se\/"},{"@type":"ListItem","position":2,"name":"Produkter","item":"https:\/\/c-profil.se\/produkter\/"},{"@type":"ListItem","position":3,"name":"Kabelkanaler IBOCO","item":"https:\/\/c-profil.se\/produkt-kategori\/kabelkanaler-iboco\/"},{"@type":"ListItem","position":4,"name":"Kabelkanal IBOCO | T1"}]},{"@type":"WebSite","@id":"https:\/\/c-profil.se\/#website","url":"https:\/\/c-profil.se\/","name":"C-Pro","description":"Products for Electricity and Automation","publisher":{"@id":"https:\/\/c-profil.se\/#organization"},"potentialAction":[{"@type":"SearchAction","target":{"@type":"EntryPoint","urlTemplate":"https:\/\/c-profil.se\/?s={search_term_string}"},"query-input":{"@type":"PropertyValueSpecification","valueRequired":true,"valueName":"search_term_string"}}],"inLanguage":"en"},{"@type":"Organization","@id":"https:\/\/c-profil.se\/#organization","name":"C-Pro","alternateName":"C-PRO","url":"https:\/\/c-profil.se\/","logo":{"@type":"ImageObject","inLanguage":"en","@id":"https:\/\/c-profil.se\/#\/schema\/logo\/image\/","url":"https:\/\/c-profil.se\/wp-content\/uploads\/2022\/03\/c-pro-logga-liggande-500x500-1.png","contentUrl":"https:\/\/c-profil.se\/wp-content\/uploads\/2022\/03\/c-pro-logga-liggande-500x500-1.png","width":500,"height":500,"caption":"C-Pro"},"image":{"@id":"https:\/\/c-profil.se\/#\/schema\/logo\/image\/"},"sameAs":["https:\/\/www.facebook.com\/people\/C-Pro\/61561767306874\/","https:\/\/www.linkedin.com\/company\/c-pro-ab","https:\/\/www.instagram.com\/cpro.ab\/"],"description":"C-PRO AB is a comprehensive supplier of materials for applications in electricity and automation. Ever since the start in 1987, we have supplied the Swedish manufacturing industry with electrical materials. Despite our size and leading position, we have never abandoned our basic philosophy, to be a personal supplier. We at C-PRO are easy to get in touch with, honest and passionate about solving our customers&#039; problems.","email":"info@c-profil.se","telephone":"031575785","legalName":"C-Profil F\u00f6rl\u00e4ggningsmaterial AB","foundingDate":"1987-01-01"}]},"product_brand":"dragning av kablage","product_price_currency":"SEK","og_availability":"instock","product_availability":"instock","product_retailer_item_id":"T1","product_condition":"new"},"_links":{"self":[{"href":"https:\/\/c-profil.se\/english\/wp-json\/wp\/v2\/product\/23854","targetHints":{"allow":["GET"]}}],"collection":[{"href":"https:\/\/c-profil.se\/english\/wp-json\/wp\/v2\/product"}],"about":[{"href":"https:\/\/c-profil.se\/english\/wp-json\/wp\/v2\/types\/product"}],"version-history":[{"count":10,"href":"https:\/\/c-profil.se\/english\/wp-json\/wp\/v2\/product\/23854\/revisions"}],"predecessor-version":[{"id":74338,"href":"https:\/\/c-profil.se\/english\/wp-json\/wp\/v2\/product\/23854\/revisions\/74338"}],"wp:featuredmedia":[{"embeddable":true,"href":"https:\/\/c-profil.se\/english\/wp-json\/wp\/v2\/media\/51306"}],"wp:attachment":[{"href":"https:\/\/c-profil.se\/english\/wp-json\/wp\/v2\/media?parent=23854"}],"wp:term":[{"taxonomy":"product_brand","embeddable":true,"href":"https:\/\/c-profil.se\/english\/wp-json\/wp\/v2\/product_brand?post=23854"},{"taxonomy":"product_cat","embeddable":true,"href":"https:\/\/c-profil.se\/english\/wp-json\/wp\/v2\/product_cat?post=23854"},{"taxonomy":"product_tag","embeddable":true,"href":"https:\/\/c-profil.se\/english\/wp-json\/wp\/v2\/product_tag?post=23854"}],"curies":[{"name":"wp","href":"https:\/\/api.w.org\/{rel}","templated":true}]}}